000
CDUS45 KRIW 170729
CLIWRL


CLIMATE REPORT
NATIONAL WEATHER SERVICE RIVERTON WY
128 AM MDT THU APR 17 2014


...................................

...THE WORLAND WY CLIMATE SUMMARY FOR APRIL 16 2014...

CLIMATE NORMAL PERIOD 1981 TO 2010
CLIMATE RECORD PERIOD 1947 TO 2014


WEATHER ITEM   OBSERVED TIME   RECORD YEAR NORMAL DEPARTURE LAST
                VALUE   (LST)  VALUE       VALUE  FROM      YEAR
                                                  NORMAL
..................................................................
TEMPERATURE (F)
 YESTERDAY
  MAXIMUM         51    259 PM  85    1994  60     -9       33
  MINIMUM         34   1046 PM  16    1982  31      3       24
  AVERAGE         43                        46     -3       29

PRECIPITATION (IN)
  YESTERDAY        0.00          0.26 1975   0.03  -0.03     0.05
  MONTH TO DATE    0.27                      0.34  -0.07     0.33
  SINCE MAR 1      0.67                      0.80  -0.13     0.53
  SINCE JAN 1      1.05                      1.22  -0.17     0.92

DEGREE DAYS
 HEATING
  YESTERDAY       22                        19      3       36
  MONTH TO DATE  361                       342     19      396
  SINCE MAR 1   1301                      1227     74     1269
  SINCE JUL 1   7681                      7228    453     6851

 COOLING
  YESTERDAY        0                         0      0        0
  MONTH TO DATE    0                         0      0        0
  SINCE MAR 1      0                         0      0        0
  SINCE JAN 1      0                         0      0        0
..................................................................


WIND (MPH)
  HIGHEST WIND SPEED    16   HIGHEST WIND DIRECTION     N (350)
  HIGHEST GUST SPEED    23   HIGHEST GUST DIRECTION    NW (320)
  AVERAGE WIND SPEED     7.6


SKY COVER
  POSSIBLE SUNSHINE  MM
  AVERAGE SKY COVER 0.4


WEATHER CONDITIONS
 THE FOLLOWING WEATHER WAS RECORDED YESTERDAY.
  NO SIGNIFICANT WEATHER WAS OBSERVED.


RELATIVE HUMIDITY (PERCENT)
 HIGHEST    82           300 AM
 LOWEST     30           100 PM
 AVERAGE    56

..........................................................


THE WORLAND WY CLIMATE NORMALS FOR TODAY
                         NORMAL    RECORD    YEAR
 MAXIMUM TEMPERATURE (F)   60        84      1987
 MINIMUM TEMPERATURE (F)   31        18      2008
                                             1982


SUNRISE AND SUNSET
APRIL 17 2014.........SUNRISE   625 AM MDT   SUNSET   758 PM MDT
APRIL 18 2014.........SUNRISE   624 AM MDT   SUNSET   759 PM MDT


-  INDICATES NEGATIVE NUMBERS.
R  INDICATES RECORD WAS SET OR TIED.
MM INDICATES DATA IS MISSING.
T  INDICATES TRACE AMOUNT.




$$
