000
CDUS45 KRIW 010738
CLIWRL


CLIMATE REPORT
NATIONAL WEATHER SERVICE RIVERTON WY
1238 AM MST SUN MAR 1 2015


...................................

...THE WORLAND WY CLIMATE SUMMARY FOR FEBRUARY 28 2015...

CLIMATE NORMAL PERIOD 1981 TO 2010
CLIMATE RECORD PERIOD 1947 TO 2015


WEATHER ITEM   OBSERVED TIME   RECORD YEAR NORMAL DEPARTURE LAST
                VALUE   (LST)  VALUE       VALUE  FROM      YEAR
                                                  NORMAL
..................................................................
TEMPERATURE (F)
 YESTERDAY
  MAXIMUM         27    325 PM  67    1972  44    -17       28
  MINIMUM         14    613 AM -20    1996  16     -2        4
  AVERAGE         21                        30     -9       16

PRECIPITATION (IN)
  YESTERDAY        0.00          0.17 1965   0.01  -0.01      T
  MONTH TO DATE    0.54                      0.19   0.35     0.13
  SINCE DEC 1      1.47                      0.65   0.82     0.50
  SINCE JAN 1      0.77                      0.42   0.35     0.38

DEGREE DAYS
 HEATING
  YESTERDAY       44                        35      9       49
  MONTH TO DATE  994                      1154   -160     1471
  SINCE DEC 1   3993                      4109   -116     4524
  SINCE JUL 1   5909                      6001    -92     6380

 COOLING
  YESTERDAY        0                         0      0        0
  MONTH TO DATE    0                         0      0        0
  SINCE DEC 1      0                         0      0        0
  SINCE JAN 1      0                         0      0        0
..................................................................


WIND (MPH)
  HIGHEST WIND SPEED    12   HIGHEST WIND DIRECTION     N (350)
  HIGHEST GUST SPEED    15   HIGHEST GUST DIRECTION     N (20)
  AVERAGE WIND SPEED     4.2


SKY COVER
  POSSIBLE SUNSHINE  MM
  AVERAGE SKY COVER 0.9


WEATHER CONDITIONS
 THE FOLLOWING WEATHER WAS RECORDED YESTERDAY.
  NO SIGNIFICANT WEATHER WAS OBSERVED.


RELATIVE HUMIDITY (PERCENT)
 HIGHEST    84           100 AM
 LOWEST     50           300 PM
 AVERAGE    67

..........................................................


THE WORLAND WY CLIMATE NORMALS FOR TODAY
                         NORMAL    RECORD    YEAR
 MAXIMUM TEMPERATURE (F)   44        72      1992
 MINIMUM TEMPERATURE (F)   16       -13      2014


SUNRISE AND SUNSET
MARCH  1 2015.........SUNRISE   649 AM MST   SUNSET   600 PM MST
MARCH  2 2015.........SUNRISE   647 AM MST   SUNSET   601 PM MST


-  INDICATES NEGATIVE NUMBERS.
R  INDICATES RECORD WAS SET OR TIED.
MM INDICATES DATA IS MISSING.
T  INDICATES TRACE AMOUNT.




$$
