000
CDUS45 KRIW 190728
CLIWRL


CLIMATE REPORT
NATIONAL WEATHER SERVICE RIVERTON WY
127 AM MDT FRI SEP 19 2014


...................................

...THE WORLAND WY CLIMATE SUMMARY FOR SEPTEMBER 18 2014...

CLIMATE NORMAL PERIOD 1981 TO 2010
CLIMATE RECORD PERIOD 1947 TO 2014


WEATHER ITEM   OBSERVED TIME   RECORD YEAR NORMAL DEPARTURE LAST
                VALUE   (LST)  VALUE       VALUE  FROM      YEAR
                                                  NORMAL
..................................................................
TEMPERATURE (F)
 YESTERDAY
  MAXIMUM         86    146 PM  93    1998  73     13       73
  MINIMUM         49    431 AM  21    1965  42      7       48
  AVERAGE         68                        57     11       61

PRECIPITATION (IN)
  YESTERDAY        T             2.06 1967   0.04  -0.04     0.10
  MONTH TO DATE    0.68                      0.46   0.22     0.91
  SINCE SEP 1      0.68                      0.46   0.22     0.91
  SINCE JAN 1      6.27                      5.91   0.36     4.12

DEGREE DAYS
 HEATING
  YESTERDAY        0                         8     -8        4
  MONTH TO DATE  132                        90     42       21
  SINCE SEP 1    132                        90     42       21
  SINCE JUL 1    166                       126     40       21

 COOLING
  YESTERDAY        3                         1      2        0
  MONTH TO DATE   13                        28    -15       90
  SINCE SEP 1     13                        28    -15       90
  SINCE JAN 1    522                       534    -12      851
..................................................................


WIND (MPH)
  HIGHEST WIND SPEED    21   HIGHEST WIND DIRECTION     N (350)
  HIGHEST GUST SPEED    24   HIGHEST GUST DIRECTION     N (350)
  AVERAGE WIND SPEED     5.5


SKY COVER
  POSSIBLE SUNSHINE  MM
  AVERAGE SKY COVER 0.1


WEATHER CONDITIONS
 THE FOLLOWING WEATHER WAS RECORDED YESTERDAY.
  THUNDERSTORM
  HAZE


RELATIVE HUMIDITY (PERCENT)
 HIGHEST    77           100 AM
 LOWEST     24          1200 PM
 AVERAGE    51

..........................................................


THE WORLAND WY CLIMATE NORMALS FOR TODAY
                         NORMAL    RECORD    YEAR
 MAXIMUM TEMPERATURE (F)   73        93      2010
                                             1981
 MINIMUM TEMPERATURE (F)   41        26      1965


SUNRISE AND SUNSET
SEPTEMBER 19 2014.....SUNRISE   656 AM MDT   SUNSET   715 PM MDT
SEPTEMBER 20 2014.....SUNRISE   657 AM MDT   SUNSET   713 PM MDT


-  INDICATES NEGATIVE NUMBERS.
R  INDICATES RECORD WAS SET OR TIED.
MM INDICATES DATA IS MISSING.
T  INDICATES TRACE AMOUNT.




$$
