187
CDUS45 KRIW 300741
CLIWRL


CLIMATE REPORT
NATIONAL WEATHER SERVICE RIVERTON WY
129 AM MDT SUN APR 30 2017


...................................

...THE WORLAND WY CLIMATE SUMMARY FOR APRIL 29 2017...

CLIMATE NORMAL PERIOD 1981 TO 2010
CLIMATE RECORD PERIOD 1947 TO 2017


WEATHER ITEM   OBSERVED TIME   RECORD YEAR NORMAL DEPARTURE LAST
                VALUE   (LST)  VALUE       VALUE  FROM      YEAR
                                                  NORMAL
..................................................................
TEMPERATURE (F)
 YESTERDAY
  MAXIMUM         51    347 PM  88    1992  64    -13       49
  MINIMUM         28    231 AM  24    1990  35     -7       38
  AVERAGE         40                        50    -10       44

PRECIPITATION (IN)
  YESTERDAY        0.00          0.82 1967   0.05  -0.05     0.00
  MONTH TO DATE    2.50                      0.82   1.68     1.31
  SINCE MAR 1      3.48                      1.28   2.20     2.28
  SINCE JAN 1      3.88                      1.70   2.18     2.31

DEGREE DAYS
 HEATING
  YESTERDAY       25                        15     10       21
  MONTH TO DATE  550                       566    -16      480
  SINCE MAR 1   1220                      1451   -231     1273
  SINCE JUL 1   7095                      7452   -357     6658

 COOLING
  YESTERDAY        0                         0      0        0
  MONTH TO DATE    0                         0      0        0
  SINCE MAR 1      0                         0      0        0
  SINCE JAN 1      0                         0      0        0
..................................................................


WIND (MPH)
  HIGHEST WIND SPEED    14   HIGHEST WIND DIRECTION     S (170)
  HIGHEST GUST SPEED    18   HIGHEST GUST DIRECTION     S (200)
  AVERAGE WIND SPEED     7.7


SKY COVER
  POSSIBLE SUNSHINE  MM
  AVERAGE SKY COVER 0.2


WEATHER CONDITIONS
 THE FOLLOWING WEATHER WAS RECORDED YESTERDAY.
  NO SIGNIFICANT WEATHER WAS OBSERVED.


RELATIVE HUMIDITY (PERCENT)
 HIGHEST   100          1200 AM
 LOWEST     36           400 PM
 AVERAGE    68

..........................................................


THE WORLAND WY CLIMATE NORMALS FOR TODAY
                         NORMAL    RECORD    YEAR
 MAXIMUM TEMPERATURE (F)   65        88      1992
 MINIMUM TEMPERATURE (F)   36        20      1967


SUNRISE AND SUNSET
APRIL 30 2017.........SUNRISE   604 AM MDT   SUNSET   814 PM MDT
MAY  1 2017...........SUNRISE   603 AM MDT   SUNSET   815 PM MDT


-  INDICATES NEGATIVE NUMBERS.
R  INDICATES RECORD WAS SET OR TIED.
MM INDICATES DATA IS MISSING.
T  INDICATES TRACE AMOUNT.




$$
