000
CDUS45 KRIW 240817
CLIWRL


CLIMATE REPORT
NATIONAL WEATHER SERVICE RIVERTON WY
116 AM MST TUE JAN 24 2017


...................................

...THE WORLAND WY CLIMATE SUMMARY FOR JANUARY 23 2017...

CLIMATE NORMAL PERIOD 1981 TO 2010
CLIMATE RECORD PERIOD 1947 TO 2017


WEATHER ITEM   OBSERVED TIME   RECORD YEAR NORMAL DEPARTURE LAST
                VALUE   (LST)  VALUE       VALUE  FROM      YEAR
                                                  NORMAL
..................................................................
TEMPERATURE (F)
 YESTERDAY
  MAXIMUM         31   1210 AM  58    1981  31      0       34
  MINIMUM         13    743 AM -28    1963   4      9       11
  AVERAGE         22                        18      4       23

PRECIPITATION (IN)
  YESTERDAY        0.04          0.17 2010   0.00   0.04     0.00
  MONTH TO DATE    0.08                      0.17  -0.09     0.03
  SINCE DEC 1      0.27                      0.40  -0.13     0.31
  SINCE JAN 1      0.08                      0.17  -0.09     0.03

DEGREE DAYS
 HEATING
  YESTERDAY       43                        47     -4       42
  MONTH TO DATE 1157                      1112     45     1125
  SINCE DEC 1   2814                      2583    231     2587
  SINCE JUL 1   4353                      4475   -122     4171

 COOLING
  YESTERDAY        0                         0      0        0
  MONTH TO DATE    0                         0      0        0
  SINCE DEC 1      0                         0      0        0
  SINCE JAN 1      0                         0      0        0
..................................................................


WIND (MPH)
  HIGHEST WIND SPEED    14   HIGHEST WIND DIRECTION    NW (320)
  HIGHEST GUST SPEED    17   HIGHEST GUST DIRECTION    NW (320)
  AVERAGE WIND SPEED     5.0


SKY COVER
  POSSIBLE SUNSHINE  MM
  AVERAGE SKY COVER 0.6


WEATHER CONDITIONS
 THE FOLLOWING WEATHER WAS RECORDED YESTERDAY.
  LIGHT SNOW
  FOG


RELATIVE HUMIDITY (PERCENT)
 HIGHEST    92           100 AM
 LOWEST     81          1200 PM
 AVERAGE    87

..........................................................


THE WORLAND WY CLIMATE NORMALS FOR TODAY
                         NORMAL    RECORD    YEAR
 MAXIMUM TEMPERATURE (F)   31        59      2005
 MINIMUM TEMPERATURE (F)    4       -17      2008


SUNRISE AND SUNSET
JANUARY 24 2017.......SUNRISE   737 AM MST   SUNSET   512 PM MST
JANUARY 25 2017.......SUNRISE   736 AM MST   SUNSET   513 PM MST


-  INDICATES NEGATIVE NUMBERS.
R  INDICATES RECORD WAS SET OR TIED.
MM INDICATES DATA IS MISSING.
T  INDICATES TRACE AMOUNT.




$$
