000
CDUS45 KRIW 230746
CLIWRL


CLIMATE REPORT
NATIONAL WEATHER SERVICE RIVERTON WY
1246 AM MST SUN NOV 23 2014


...................................

...THE WORLAND WY CLIMATE SUMMARY FOR NOVEMBER 22 2014...

CLIMATE NORMAL PERIOD 1981 TO 2010
CLIMATE RECORD PERIOD 1947 TO 2014


WEATHER ITEM   OBSERVED TIME   RECORD YEAR NORMAL DEPARTURE LAST
                VALUE   (LST)  VALUE       VALUE  FROM      YEAR
                                                  NORMAL
..................................................................
TEMPERATURE (F)
 YESTERDAY
  MAXIMUM         46    258 PM  66    2006  40      6       16
  MINIMUM         10   1217 AM -16    2013  14     -4      -16
  AVERAGE         28                        27      1        0

PRECIPITATION (IN)
  YESTERDAY        T             0.09 1996   0.01  -0.01      T
  MONTH TO DATE    0.37                      0.27   0.10     0.12
  SINCE SEP 1      1.77                      1.81  -0.04     4.53
  SINCE JAN 1      7.36                      7.26   0.10     7.74

DEGREE DAYS
 HEATING
  YESTERDAY       37                        38     -1       65
  MONTH TO DATE  948                       704    244      693
  SINCE SEP 1   1560                      1530     30     1526
  SINCE JUL 1   1594                      1566     28     1526

 COOLING
  YESTERDAY        0                         0      0        0
  MONTH TO DATE    0                         0      0        0
  SINCE SEP 1     34                        29      5       91
  SINCE JAN 1    543                       535      8      852
..................................................................


WIND (MPH)
  HIGHEST WIND SPEED    28   HIGHEST WIND DIRECTION    NW (320)
  HIGHEST GUST SPEED    36   HIGHEST GUST DIRECTION    NW (320)
  AVERAGE WIND SPEED     6.7


SKY COVER
  POSSIBLE SUNSHINE  MM
  AVERAGE SKY COVER 0.1


WEATHER CONDITIONS
 THE FOLLOWING WEATHER WAS RECORDED YESTERDAY.
  LIGHT RAIN


RELATIVE HUMIDITY (PERCENT)
 HIGHEST    96           100 AM
 LOWEST     49           300 PM
 AVERAGE    73

..........................................................


THE WORLAND WY CLIMATE NORMALS FOR TODAY
                         NORMAL    RECORD    YEAR
 MAXIMUM TEMPERATURE (F)   39        63      1988
 MINIMUM TEMPERATURE (F)   13       -26      1985


SUNRISE AND SUNSET
NOVEMBER 23 2014......SUNRISE   717 AM MST   SUNSET   439 PM MST
NOVEMBER 24 2014......SUNRISE   718 AM MST   SUNSET   438 PM MST


-  INDICATES NEGATIVE NUMBERS.
R  INDICATES RECORD WAS SET OR TIED.
MM INDICATES DATA IS MISSING.
T  INDICATES TRACE AMOUNT.




$$
