000
CDUS45 KRIW 240045
CLIWRL


CLIMATE REPORT
NATIONAL WEATHER SERVICE RIVERTON WY
544 PM MST THU FEB 23 2017


...................................

...THE WORLAND WY CLIMATE SUMMARY FOR FEBRUARY 23 2017...
VALID TODAY AS OF 0500 PM LOCAL TIME.

CLIMATE NORMAL PERIOD 1981 TO 2010
CLIMATE RECORD PERIOD 1947 TO 2017


WEATHER ITEM   OBSERVED TIME   RECORD YEAR NORMAL DEPARTURE LAST
                VALUE   (LST)  VALUE       VALUE  FROM      YEAR
                                                  NORMAL
..................................................................
TEMPERATURE (F)
 TODAY
  MAXIMUM         31        MM  59    2000  41    -10       44
  MINIMUM         27        MM -21    2003  14     13       17
  AVERAGE         29                        27      2       31

PRECIPITATION (IN)
  TODAY            0.01          0.36 1964   0.01   0.00     0.00
  MONTH TO DATE    0.12                      0.15  -0.03      T
  SINCE DEC 1      0.51                      0.61  -0.10     0.31
  SINCE JAN 1      0.32                      0.38  -0.06     0.03

DEGREE DAYS
 HEATING
  TODAY           36                        38     -2       34
  MONTH TO DATE  900                       973    -73      740
  SINCE DEC 1   4134                      3929    205     3635
  SINCE JUL 1   5673                      5821   -148     5219

 COOLING
  TODAY            0                         0      0        0
  MONTH TO DATE    0                         0      0        0
  SINCE DEC 1      0                         0      0        0
  SINCE JAN 1      0                         0      0        0
..................................................................


WIND (MPH)
  HIGHEST WIND SPEED    16   HIGHEST WIND DIRECTION    NW (320)
  HIGHEST GUST SPEED    MM   HIGHEST GUST DIRECTION    MM
  AVERAGE WIND SPEED     8.4


SKY COVER
  POSSIBLE SUNSHINE  MM
  AVERAGE SKY COVER 1.0


WEATHER CONDITIONS
 THE FOLLOWING WEATHER WAS RECORDED TODAY.
  SNOW
  LIGHT SNOW
  FOG


RELATIVE HUMIDITY (PERCENT)
 HIGHEST    92          1200 AM
 LOWEST     78           900 AM
 AVERAGE    85

..........................................................


THE WORLAND WY CLIMATE NORMALS FOR TOMORROW
                         NORMAL    RECORD    YEAR
 MAXIMUM TEMPERATURE (F)   42        68      1981
 MINIMUM TEMPERATURE (F)   14       -30      2003


SUNRISE AND SUNSET
FEBRUARY 23 2017......SUNRISE   658 AM MST   SUNSET   553 PM MST
FEBRUARY 24 2017......SUNRISE   656 AM MST   SUNSET   554 PM MST


-  INDICATES NEGATIVE NUMBERS.
R  INDICATES RECORD WAS SET OR TIED.
MM INDICATES DATA IS MISSING.
T  INDICATES TRACE AMOUNT.




$$
