000
CDUS45 KRIW 050739
CLIWRL


CLIMATE REPORT
NATIONAL WEATHER SERVICE RIVERTON WY
1237 AM MST FRI FEB 5 2016


...................................

...THE WORLAND WY CLIMATE SUMMARY FOR FEBRUARY 4 2016...

CLIMATE NORMAL PERIOD 1981 TO 2010
CLIMATE RECORD PERIOD 1947 TO 2016


WEATHER ITEM   OBSERVED TIME   RECORD YEAR NORMAL DEPARTURE LAST
                VALUE   (LST)  VALUE       VALUE  FROM      YEAR
                                                  NORMAL
..................................................................
TEMPERATURE (F)
 YESTERDAY
  MAXIMUM         30    345 PM  62    2005  33     -3       28
  MINIMUM          1    632 AM -34    1985   6     -5       13
  AVERAGE         16                        20     -4       21

PRECIPITATION (IN)
  YESTERDAY        0.00          0.19 1963   0.01  -0.01      T
  MONTH TO DATE    T                         0.03  -0.03     0.08
  SINCE DEC 1      0.31                      0.49  -0.18     1.01
  SINCE JAN 1      0.03                      0.26  -0.23     0.31

DEGREE DAYS
 HEATING
  YESTERDAY       49                        45      4       44
  MONTH TO DATE  182                       182      0      171
  SINCE DEC 1   3077                      3138    -61     3170
  SINCE JUL 1   4661                      5030   -369     5086

 COOLING
  YESTERDAY        0                         0      0        0
  MONTH TO DATE    0                         0      0        0
  SINCE DEC 1      0                         0      0        0
  SINCE JAN 1      0                         0      0        0
..................................................................


WIND (MPH)
  HIGHEST WIND SPEED    10   HIGHEST WIND DIRECTION     S (170)
  HIGHEST GUST SPEED    11   HIGHEST GUST DIRECTION     S (170)
  AVERAGE WIND SPEED     3.7


SKY COVER
  POSSIBLE SUNSHINE  MM
  AVERAGE SKY COVER 0.4


WEATHER CONDITIONS
 THE FOLLOWING WEATHER WAS RECORDED YESTERDAY.
  NO SIGNIFICANT WEATHER WAS OBSERVED.


RELATIVE HUMIDITY (PERCENT)
 HIGHEST    88          1100 PM
 LOWEST     50           300 PM
 AVERAGE    69

..........................................................


THE WORLAND WY CLIMATE NORMALS FOR TODAY
                         NORMAL    RECORD    YEAR
 MAXIMUM TEMPERATURE (F)   34        57      1963
 MINIMUM TEMPERATURE (F)    7       -33      1982


SUNRISE AND SUNSET
FEBRUARY  5 2016......SUNRISE   725 AM MST   SUNSET   527 PM MST
FEBRUARY  6 2016......SUNRISE   724 AM MST   SUNSET   529 PM MST


-  INDICATES NEGATIVE NUMBERS.
R  INDICATES RECORD WAS SET OR TIED.
MM INDICATES DATA IS MISSING.
T  INDICATES TRACE AMOUNT.




$$
