000
CDUS45 KRIW 310911
CLIWRL


CLIMATE REPORT
NATIONAL WEATHER SERVICE RIVERTON WY
310 AM MDT FRI JUL 31 2015


...................................

...THE WORLAND WY CLIMATE SUMMARY FOR JULY 30 2015...

CLIMATE NORMAL PERIOD 1981 TO 2010
CLIMATE RECORD PERIOD 1947 TO 2015


WEATHER ITEM   OBSERVED TIME   RECORD YEAR NORMAL DEPARTURE LAST
                VALUE   (LST)  VALUE       VALUE  FROM      YEAR
                                                  NORMAL
..................................................................
TEMPERATURE (F)
 YESTERDAY
  MAXIMUM         90    401 PM 102    1988  90      0       84
  MINIMUM         48    512 AM  41    2009  56     -8       54
  AVERAGE         69                        73     -4       69

PRECIPITATION (IN)
  YESTERDAY        0.00          0.13 1985   0.03  -0.03     0.00
  MONTH TO DATE    0.44                      0.69  -0.25     0.25
  SINCE JUN 1      1.50                      1.84  -0.34     1.87
  SINCE JAN 1      5.68                      5.00   0.68     4.08

DEGREE DAYS
 HEATING
  YESTERDAY        0                         0      0        0
  MONTH TO DATE    7                        10     -3        1
  SINCE JUN 1     11                       103    -92       91
  SINCE JUL 1      7                        10     -3        1

 COOLING
  YESTERDAY        4                         8     -4        4
  MONTH TO DATE  190                       220    -30      273
  SINCE JUN 1    369                       304     65      302
  SINCE JAN 1    371                       316     55      332
..................................................................


WIND (MPH)
  HIGHEST WIND SPEED    10   HIGHEST WIND DIRECTION     S (170)
  HIGHEST GUST SPEED    14   HIGHEST GUST DIRECTION    NE (50)
  AVERAGE WIND SPEED     4.7


SKY COVER
  POSSIBLE SUNSHINE  MM
  AVERAGE SKY COVER 0.0


WEATHER CONDITIONS
 THE FOLLOWING WEATHER WAS RECORDED YESTERDAY.
  NO SIGNIFICANT WEATHER WAS OBSERVED.


RELATIVE HUMIDITY (PERCENT)
 HIGHEST    46           500 AM
 LOWEST     10           400 PM
 AVERAGE    28

..........................................................


THE WORLAND WY CLIMATE NORMALS FOR TODAY
                         NORMAL    RECORD    YEAR
 MAXIMUM TEMPERATURE (F)   90       103      1989
 MINIMUM TEMPERATURE (F)   56        45      1968


SUNRISE AND SUNSET
JULY 31 2015..........SUNRISE   559 AM MDT   SUNSET   837 PM MDT
AUGUST  1 2015........SUNRISE   600 AM MDT   SUNSET   836 PM MDT


-  INDICATES NEGATIVE NUMBERS.
R  INDICATES RECORD WAS SET OR TIED.
MM INDICATES DATA IS MISSING.
T  INDICATES TRACE AMOUNT.




$$
