000
CDAK47 PAYA 300909
CLIYAK

CLIMATE REPORT
NATIONAL WEATHER SERVICE YAKUTAT, AK
109 AM AKDT SAT AUG 30 2014

...................................
...THE YAKUTAT AP CLIMATE SUMMARY FOR AUGUST 29 2014...

CLIMATE NORMAL PERIOD  1981 TO  2010
CLIMATE RECORD PERIOD  1948 TO  2014

WEATHER ITEM   OBSERVED TIME    RECORD YEAR NORMAL DEPARTURE LAST
               VALUE    (LST)   VALUE       VALUE  FROM      YEAR
                                                   NORMAL
...................................................................
TEMPERATURE
YESTERDAY
 MAXIMUM            61  0241 PM    72  1949     59       2     68
 MINIMUM            46  0527 AM    33  1992     44       2     47
 AVERAGE            54                          52       2     58

PRECIPITATION
(INCHES)
 YESTERDAY        0.00           3.94  1965   0.54   -0.54      T
 MONTH TO DATE   21.99                       13.00    8.99   8.40
 SINCE JUN 1     38.51                       27.27   11.24  18.29
 SINCE JAN 1     77.62                       80.23   -2.61  76.48

SNOWFALL
(INCHES)
 YESTERDAY         0.0            0.0  2014    0.0     0.0    0.0
 MONTH TO DATE     0.0                         0.0     0.0    0.0
 SINCE JUN 1       0.0                         0.0     0.0    0.0
 SINCE JUL 1       0.0                         0.0     0.0    0.0
 SNOW DEPTH (IN)     0                                          0

DEGREE DAYS
 HEATING
  YESTERDAY         11                          13      -2      7
  MONTH TO DATE    287                         319     -32    253
  SINCE JUN 1     1046                        1077     -31    892
  SINCE JUL 1      600                         651     -51    550

 COOLING
  YESTERDAY          0                           0       0      0
  MONTH TO DATE      0                           0       0      0
  SINCE JUN 1        0                           0       0      0
  SINCE JAN 1        0                           0       0      0
...................................................................

WIND (MPH)
 HIGHEST WIND SPEED     9     HIGHEST WIND DIRECTION    360
 HIGHEST GUST SPEED    10     HIGHEST GUST DIRECTION     10
 AVERAGE WIND SPEED   2.2

SKY COVER
  POSSIBLE SUNSHINE    MM          AVERAGE SKY COVER     MM

WEATHER CONDITIONS
 THE FOLLOWING WEATHER WAS RECORDED YESTERDAY.
  NO SIGNIFICANT WEATHER WAS OBSERVED.

RELATIVE HUMIDITY
 HIGHEST RH     MM PERCENT       MM
 LOWEST  RH     MM PERCENT       MM
 AVERAGE RH     MM PERCENT       MM
...................................................................

THE YAKUTAT CLIMATE NORMALS FOR TODAY
                           NORMAL    RECORD   YEAR
 MAXIMUM TEMPERATURE (F)     59        71     1963
 MINIMUM TEMPERATURE (F)     44        32     1992

SUNRISE AND SUNSET
 AUG 30 2014..........SUNRISE  6:11 AM      SUNSET  8:27 PM
 AUG 31 2014..........SUNRISE  6:14 AM      SUNSET  8:24 PM

-  INDICATES NEGATIVE NUMBERS.
R  INDICATES RECORD HAS BEEN SET OR TIED.
MM INDICATES DATA IS MISSING.
T  INDICATES TRACE OF PRECIPITATION.

&&
-------------------------------------------------------------------

AMOUNT OF DAYLIGHT TODAY  (HOUR:MIN)........14 HOURS 16 MINUTES
GAIN/LOSS SINCE YESTERDAY (HOUR:MIN:SEC)....-0:05:14

$$
*** AUG 14
