000
CDAK47 PAYA 250908
CLIYAK

CLIMATE REPORT
NATIONAL WEATHER SERVICE YAKUTAT, AK
108 AM AKDT WED MAY 25 2016

...................................
...THE YAKUTAT AP CLIMATE SUMMARY FOR MAY 24 2016...

CLIMATE NORMAL PERIOD  1981 TO  2010
CLIMATE RECORD PERIOD  1948 TO  2016

WEATHER ITEM   OBSERVED TIME    RECORD YEAR NORMAL DEPARTURE LAST
               VALUE    (LST)   VALUE       VALUE  FROM      YEAR
                                                   NORMAL
...................................................................
TEMPERATURE
YESTERDAY
 MAXIMUM            53  1106 AM    70  1948     54      -1     53
 MINIMUM            41  0130 AM    28  1966     39       2     46
 AVERAGE            47                          47       0     50

PRECIPITATION
(INCHES)
 YESTERDAY           T           2.02  1950   0.26   -0.26   0.00
 MONTH TO DATE    6.73                        6.42    0.31   1.51
 SINCE MAR 1     26.26                       26.65   -0.39  26.10
 SINCE JAN 1     51.55                       51.17    0.38  50.47

SNOWFALL
(INCHES)
 YESTERDAY         0.0              T  1966    0.0     0.0    0.0
 MONTH TO DATE     0.0                         0.4    -0.4    0.0
 SINCE MAR 1       0.7                        37.8   -37.1   34.3
 SINCE JUL 1      49.9                       140.0   -90.1   47.1
 SNOW DEPTH (IN)     0                                          0

DEGREE DAYS
 HEATING
  YESTERDAY         18                          18       0     15
  MONTH TO DATE    404                         505    -101    432
  SINCE MAR 1     1869                        2343    -474   2128
  SINCE JUL 1     7207                        8472   -1265   7560

 COOLING
  YESTERDAY          0                           0       0      0
  MONTH TO DATE      0                           0       0      0
  SINCE MAR 1        0                           0       0      0
  SINCE JAN 1        0                           0       0      0
...................................................................

WIND (MPH)
 HIGHEST WIND SPEED    10     HIGHEST WIND DIRECTION    240
 HIGHEST GUST SPEED    13     HIGHEST GUST DIRECTION    250
 AVERAGE WIND SPEED   3.0

SKY COVER
  POSSIBLE SUNSHINE    MM          AVERAGE SKY COVER     MM

WEATHER CONDITIONS
 THE FOLLOWING WEATHER WAS RECORDED YESTERDAY.
  FOG
RAIN


RELATIVE HUMIDITY
 HIGHEST RH     MM PERCENT       MM
 LOWEST  RH     MM PERCENT       MM
 AVERAGE RH     MM PERCENT       MM
...................................................................

THE YAKUTAT CLIMATE NORMALS FOR TODAY
                           NORMAL    RECORD   YEAR
 MAXIMUM TEMPERATURE (F)     54        74     1947
 MINIMUM TEMPERATURE (F)     40        25     1966

SUNRISE AND SUNSET
 MAY 25 2016..........SUNRISE  4:23 AM      SUNSET 10:11 PM
 MAY 26 2016..........SUNRISE  4:21 AM      SUNSET 10:13 PM

-  INDICATES NEGATIVE NUMBERS.
R  INDICATES RECORD HAS BEEN SET OR TIED.
MM INDICATES DATA IS MISSING.
T  INDICATES TRACE OF PRECIPITATION.

&&
-------------------------------------------------------------------

AMOUNT OF DAYLIGHT TODAY  (HOUR:MIN)........17 HOURS 48 MINUTES
GAIN/LOSS SINCE YESTERDAY (HOUR:MIN:SEC)....+0:03:47

$$
*** MAY 16
