000
CDAK47 PAYA 050904
CLIYAK

CLIMATE REPORT
NATIONAL WEATHER SERVICE YAKUTAT, AK
105 AM AKDT SUN JUL 5 2015

...................................
...THE YAKUTAT AP CLIMATE SUMMARY FOR JULY 4 2015...

CLIMATE NORMAL PERIOD  1981 TO  2010
CLIMATE RECORD PERIOD  1948 TO  2015

WEATHER ITEM   OBSERVED TIME    RECORD YEAR NORMAL DEPARTURE LAST
               VALUE    (LST)   VALUE       VALUE  FROM      YEAR
                                                   NORMAL
...................................................................
TEMPERATURE
YESTERDAY
 MAXIMUM            64  0426 PM    79  1951     59       5     60
 MINIMUM            51  1159 PM    37  1984     47       4     53
 AVERAGE            58                          53       5     57

PRECIPITATION
(INCHES)
 YESTERDAY        0.00           1.19  1961   0.20   -0.20   0.03
 MONTH TO DATE    0.69                        0.80   -0.11   0.04
 SINCE JUN 1      9.34                        7.19    2.15  10.14
 SINCE JAN 1     59.92                       60.15   -0.23  49.25

SNOWFALL
(INCHES)
 YESTERDAY         0.0            0.0  2015    0.0     0.0    0.0
 MONTH TO DATE     0.0                         0.0     0.0    0.0
 SINCE JUN 1       0.0                         0.0     0.0    0.0
 SINCE JUL 1       0.0                         0.0     0.0    0.0
 SNOW DEPTH (IN)     0                                          0

DEGREE DAYS
 HEATING
  YESTERDAY          7                          12      -5      8
  MONTH TO DATE     35                          48     -13     29
  SINCE JUN 1      369                         474    -105    475
  SINCE JUL 1       35                          48     -13     29

 COOLING
  YESTERDAY          0                           0       0      0
  MONTH TO DATE      0                           0       0      0
  SINCE JUN 1        0                           0       0      0
  SINCE JAN 1        0                           0       0      0
...................................................................

WIND (MPH)
 HIGHEST WIND SPEED    10     HIGHEST WIND DIRECTION    220
 HIGHEST GUST SPEED    14     HIGHEST GUST DIRECTION    220
 AVERAGE WIND SPEED   2.6

SKY COVER
  POSSIBLE SUNSHINE    MM          AVERAGE SKY COVER     MM

WEATHER CONDITIONS
 THE FOLLOWING WEATHER WAS RECORDED YESTERDAY.
  NO SIGNIFICANT WEATHER WAS OBSERVED.

RELATIVE HUMIDITY
 HIGHEST RH     MM PERCENT       MM
 LOWEST  RH     MM PERCENT       MM
 AVERAGE RH     MM PERCENT       MM
...................................................................

THE YAKUTAT CLIMATE NORMALS FOR TODAY
                           NORMAL    RECORD   YEAR
 MAXIMUM TEMPERATURE (F)     59        81     1972
 MINIMUM TEMPERATURE (F)     47        36     1954

SUNRISE AND SUNSET
 JUL 5 2015..........SUNRISE  4:11 AM      SUNSET 10:36 PM
 JUL 6 2015..........SUNRISE  4:12 AM      SUNSET 10:35 PM

-  INDICATES NEGATIVE NUMBERS.
R  INDICATES RECORD HAS BEEN SET OR TIED.
MM INDICATES DATA IS MISSING.
T  INDICATES TRACE OF PRECIPITATION.

&&
-------------------------------------------------------------------

AMOUNT OF DAYLIGHT TODAY  (HOUR:MIN)........18 HOURS 25 MINUTES
GAIN/LOSS SINCE YESTERDAY (HOUR:MIN:SEC)....-0:02:15

$$
*** JUL 15
