000
CDAK47 PAYA 270915
CLIYAK

CLIMATE REPORT
NATIONAL WEATHER SERVICE YAKUTAT, AK
115 AM AKDT WED MAY 27 2015

...................................
...THE YAKUTAT AP CLIMATE SUMMARY FOR MAY 26 2015...

CLIMATE NORMAL PERIOD  1981 TO  2010
CLIMATE RECORD PERIOD  1948 TO  2015

WEATHER ITEM   OBSERVED TIME    RECORD YEAR NORMAL DEPARTURE LAST
               VALUE    (LST)   VALUE       VALUE  FROM      YEAR
                                                   NORMAL
...................................................................
TEMPERATURE
YESTERDAY
 MAXIMUM            52  0310 PM    71  1990     54      -2     54
 MINIMUM            47  1207 AM    30  2001     40       7     41
 AVERAGE            50                          47       3     48

PRECIPITATION
(INCHES)
 YESTERDAY        0.01           1.60  1962   0.26   -0.25   0.00
 MONTH TO DATE    1.52                        6.95   -5.43   2.68
 SINCE MAR 1     26.11                       27.18   -1.07  10.60
 SINCE JAN 1     50.48                       51.70   -1.22  37.66

SNOWFALL
(INCHES)
 YESTERDAY         0.0            0.0  2015    0.0     0.0    0.0
 MONTH TO DATE     0.0                         0.4    -0.4    0.0
 SINCE MAR 1      34.3                        37.8    -3.5   13.6
 SINCE JUL 1      47.1                       140.0   -92.9  109.0
 SNOW DEPTH (IN)     0                                          0

DEGREE DAYS
 HEATING
  YESTERDAY         15                          18      -3     17
  MONTH TO DATE    459                         541     -82    460
  SINCE MAR 1     2155                        2379    -224   2366
  SINCE JUL 1     7587                        8508    -921   8179

 COOLING
  YESTERDAY          0                           0       0      0
  MONTH TO DATE      0                           0       0      0
  SINCE MAR 1        0                           0       0      0
  SINCE JAN 1        0                           0       0      0
...................................................................

WIND (MPH)
 HIGHEST WIND SPEED    10     HIGHEST WIND DIRECTION    250
 HIGHEST GUST SPEED    14     HIGHEST GUST DIRECTION    250
 AVERAGE WIND SPEED   5.4

SKY COVER
  POSSIBLE SUNSHINE    MM          AVERAGE SKY COVER     MM

WEATHER CONDITIONS
 THE FOLLOWING WEATHER WAS RECORDED YESTERDAY.
  FOG
RAIN


RELATIVE HUMIDITY
 HIGHEST RH     MM PERCENT       MM
 LOWEST  RH     MM PERCENT       MM
 AVERAGE RH     MM PERCENT       MM
...................................................................

THE YAKUTAT CLIMATE NORMALS FOR TODAY
                           NORMAL    RECORD   YEAR
 MAXIMUM TEMPERATURE (F)     54        73     2010
 MINIMUM TEMPERATURE (F)     40        30     2000

SUNRISE AND SUNSET
 MAY 27 2015..........SUNRISE  4:21 AM      SUNSET 10:13 PM
 MAY 28 2015..........SUNRISE  4:19 AM      SUNSET 10:15 PM

-  INDICATES NEGATIVE NUMBERS.
R  INDICATES RECORD HAS BEEN SET OR TIED.
MM INDICATES DATA IS MISSING.
T  INDICATES TRACE OF PRECIPITATION.

&&
-------------------------------------------------------------------

AMOUNT OF DAYLIGHT TODAY  (HOUR:MIN)........17 HOURS 52 MINUTES
GAIN/LOSS SINCE YESTERDAY (HOUR:MIN:SEC)....+0:03:40

$$
*** MAY 15
