000
CDAK47 PAJK 221247
CLIYAK
CLIMATE REPORT
NATIONAL WEATHER SERVICE JUNEAU, AK
343 AM AKST WED NOV 22 2017


...................................

...THE YAKUTAT CLIMATE SUMMARY FOR NOVEMBER 21 2017...

CLIMATE NORMAL PERIOD 1981 TO 2010
CLIMATE RECORD PERIOD 1917 TO 2017


WEATHER ITEM   OBSERVED RECORD YEAR NORMAL DEPARTURE LAST
                VALUE   VALUE       VALUE  FROM      YEAR
                                           NORMAL
...........................................................
TEMPERATURE (F)
 YESTERDAY
  MAXIMUM         36     50    1979  37     -1       40
                               1949
  MINIMUM         18      1    1966  25     -7       14
  AVERAGE         27                 31     -4       27

PRECIPITATION (IN)
  YESTERDAY        0.02   4.33 1947   0.48  -0.46     0.00
  MONTH TO DATE    0.53              10.14  -9.61     9.24
  SINCE JAN 1    109.54             134.53 -24.99   107.49

SNOWFALL (IN)
  YESTERDAY        0.3   10.7  1970   0.7   -0.4      0.0
  MONTH TO DATE   15.3               11.3    4.0      1.9
  SINCE JUL 1     15.4               13.8    1.6      1.9
  SNOW DEPTH       7

DEGREE DAYS
 HEATING
  YESTERDAY       38                 34      4       38
  MONTH TO DATE  724                671     53      560
...........................................................


WIND (MPH)
  HIGHEST WIND SPEED    13   HIGHEST WIND DIRECTION     E (90)
  HIGHEST GUST SPEED    19   HIGHEST GUST DIRECTION     E (80)
  AVERAGE WIND SPEED     3.1


SKY COVER
  AVERAGE SKY COVER 0.9


WEATHER CONDITIONS
 THE FOLLOWING WEATHER WAS RECORDED YESTERDAY.
  LIGHT SNOW
  FOG


..........................................................


THE YAKUTAT CLIMATE NORMALS FOR TODAY
                         NORMAL    RECORD    YEAR
 MAXIMUM TEMPERATURE (F)   37        53      1949
 MINIMUM TEMPERATURE (F)   25         3      2006


SUNRISE AND SUNSET
NOVEMBER 22 2017......SUNRISE   831 AM AKST  SUNSET   338 PM AKST
NOVEMBER 23 2017......SUNRISE   834 AM AKST  SUNSET   336 PM AKST


-  INDICATES NEGATIVE NUMBERS.
R  INDICATES RECORD WAS SET OR TIED.
MM INDICATES DATA IS MISSING.
T  INDICATES TRACE AMOUNT.




$$
--------------------------------------------------------------

AMOUNT OF DAYLIGHT TODAY (HOUR:MIN)......... 7 HOURS 06 MINUTES
GAIN/LOSS SINCE YESTERDAY (HOUR:MIN:SEC).... -0:04:02

$$
