000
CDAK47 PAYA 280001
CLIYAK

CLIMATE REPORT
NATIONAL WEATHER SERVICE YAKUTAT, AK
301 PM AKST THU NOV 27 2014

...................................
...THE YAKUTAT AP CLIMATE SUMMARY FOR NOVEMBER 27 2014...
VALID TODAY AS OF 2:00 PM LOCAL TIME

CLIMATE NORMAL PERIOD  1981 TO  2010
CLIMATE RECORD PERIOD  1948 TO  2014

WEATHER ITEM   OBSERVED TIME    RECORD YEAR NORMAL DEPARTURE LAST
               VALUE    (LST)   VALUE       VALUE  FROM      YEAR
                                                   NORMAL
...................................................................
TEMPERATURE
TODAY
 MAXIMUM            35  1257 PM    50  2002     36      -1     37
 MINIMUM            20  0540 AM   -10  1948     25      -5     32
 AVERAGE            28                          31      -3     35

PRECIPITATION
(INCHES)
 TODAY            0.00           4.73  1956   0.48   -0.48   0.74
 MONTH TO DATE    9.08                       13.01   -3.93   7.26
 SINCE SEP 1     43.82                       56.10   -12.28  49.66
 SINCE JAN 1    122.62                      137.40  -14.78 127.29

SNOWFALL
(INCHES)
 TODAY             0.0            9.6  1962    0.7    -0.7    0.0
 MONTH TO DATE       T                        15.8   -15.8    5.9
 SINCE SEP 1       0.0                        18.3   -18.3    5.9
 SINCE JUL 1         T                        18.3   -18.3    5.9
 SNOW DEPTH (IN)     0                                          T

DEGREE DAYS
 HEATING
  TODAY             37                          34       3     30
  MONTH TO DATE    804                         875     -71    901
  SINCE SEP 1     1932                        2116    -184   1938
  SINCE JUL 1     2559                        2794    -235   2502

 COOLING
  TODAY              0                           0       0      0
  MONTH TO DATE      0                           0       0      0
  SINCE SEP 1        0                           0       0      0
  SINCE JAN 1        0                           0       0      0
...................................................................

WIND (MPH)
 HIGHEST WIND SPEED    10     HIGHEST WIND DIRECTION     80
 HIGHEST GUST SPEED    13     HIGHEST GUST DIRECTION     70
 AVERAGE WIND SPEED    MM

SKY COVER
  POSSIBLE SUNSHINE  MM            AVERAGE SKY COVER MM

WEATHER CONDITIONS
 THE FOLLOWING WEATHER WAS RECORDED TODAY.
NO SIGNIFICANT WEATHER WAS OBSERVED.

RELATIVE HUMIDITY
 HIGHEST RH     MM PERCENT       MM
 LOWEST  RH     MM PERCENT       MM
 AVERAGE RH     MM PERCENT       MM
...................................................................

THE YAKUTAT CLIMATE NORMALS FOR TOMORROW
                        NORMAL    RECORD   YEAR
 MAXIMUM TEMPERATURE      36        47     1987
 MINIMUM TEMPERATURE      25        -5     1948

SUNRISE AND SUNSET
 NOV 27 2014..........SUNRISE  8:43 AM      SUNSET  3:31 PM
 NOV 28 2014..........SUNRISE  8:45 AM      SUNSET  3:29 PM

-  INDICATES NEGATIVE NUMBERS.
R  INDICATES RECORD HAS BEEN SET OR TIED.
MM INDICATES DATA IS MISSING.
T  INDICATES TRACE OF PRECIPITATION.

&&
-------------------------------------------------------------------

AMOUNT OF DAYLIGHT TODAY  (HOUR:MIN)........6 HOURS 48 MINUTES
GAIN/LOSS SINCE YESTERDAY (HOUR:MIN:SEC)....-0:03:37

$$
DC NOV 14
