000
CDAK47 PAYA 300004
CLIYAK

CLIMATE REPORT
NATIONAL WEATHER SERVICE YAKUTAT, AK
404 PM AKDT SAT AUG 29 2015

...................................
...THE YAKUTAT AP CLIMATE SUMMARY FOR AUGUST 29 2015...
VALID TODAY AS OF 2:00 PM LOCAL TIME

CLIMATE NORMAL PERIOD  1981 TO  2010
CLIMATE RECORD PERIOD  1948 TO  2015

WEATHER ITEM   OBSERVED TIME    RECORD YEAR NORMAL DEPARTURE LAST
               VALUE    (LST)   VALUE       VALUE  FROM      YEAR
                                                   NORMAL
...................................................................
TEMPERATURE
TODAY
 MAXIMUM            60  1114 AM    75  1930     59       1     61
 MINIMUM            47  0608 AM    33  1992     44       3     46
 AVERAGE            54                          52       2     54

PRECIPITATION
(INCHES)
 TODAY            0.02           3.94  1965   0.54   -0.52   0.00
 MONTH TO DATE   12.51                       13.00   -0.49  21.99
 SINCE JUN 1     32.97                       27.27    5.70  38.51
 SINCE JAN 1     83.55                       80.23    3.32  77.62

SNOWFALL
(INCHES)
 TODAY             0.0            0.0  2015    0.0     0.0    0.0
 MONTH TO DATE     0.0                         0.0     0.0    0.0
 SINCE JUN 1       0.0                         0.0     0.0    0.0
 SINCE JUL 1       0.0                         0.0     0.0    0.0
 SNOW DEPTH (IN)     0                                          0

DEGREE DAYS
 HEATING
  TODAY             11                          13      -2     11
  MONTH TO DATE    271                         319     -48    287
  SINCE JUN 1      873                        1077    -204   1046
  SINCE JUL 1      539                         651    -112    600

 COOLING
  TODAY              0                           0       0      0
  MONTH TO DATE      0                           0       0      0
  SINCE JUN 1        0                           0       0      0
  SINCE JAN 1        0                           0       0      0
...................................................................

WIND (MPH)
 HIGHEST WIND SPEED    10     HIGHEST WIND DIRECTION    240
 HIGHEST GUST SPEED    16     HIGHEST GUST DIRECTION     90
 AVERAGE WIND SPEED    MM

SKY COVER
  POSSIBLE SUNSHINE  MM            AVERAGE SKY COVER MM

WEATHER CONDITIONS
 THE FOLLOWING WEATHER WAS RECORDED TODAY.
RAIN


RELATIVE HUMIDITY
 HIGHEST RH     MM PERCENT       MM
 LOWEST  RH     MM PERCENT       MM
 AVERAGE RH     MM PERCENT       MM
...................................................................

THE YAKUTAT CLIMATE NORMALS FOR TOMORROW
                        NORMAL    RECORD   YEAR
 MAXIMUM TEMPERATURE      59        71     1963
 MINIMUM TEMPERATURE      44        32     1992

SUNRISE AND SUNSET
 AUG 29 2015..........SUNRISE  6:08 AM      SUNSET  8:30 PM
 AUG 30 2015..........SUNRISE  6:11 AM      SUNSET  8:27 PM

-  INDICATES NEGATIVE NUMBERS.
R  INDICATES RECORD HAS BEEN SET OR TIED.
MM INDICATES DATA IS MISSING.
T  INDICATES TRACE OF PRECIPITATION.

&&
-------------------------------------------------------------------

AMOUNT OF DAYLIGHT TODAY  (HOUR:MIN)........14 HOURS 22 MINUTES
GAIN/LOSS SINCE YESTERDAY (HOUR:MIN:SEC)....-0:05:13

$$
DC AUG 15
