000
CDUS46 KPDT 240930
CLIYKM

CLIMATE REPORT
NATIONAL WEATHER SERVICE PENDLETON OR
230 AM PDT SUN MAY 24 2015


...................................

...THE YAKIMA WA CLIMATE SUMMARY FOR MAY 23 2015...

CLIMATE NORMAL PERIOD 1981 TO 2010
CLIMATE RECORD PERIOD 1946 TO 2015


WEATHER ITEM   OBSERVED TIME   RECORD YEAR NORMAL DEPARTURE LAST
                VALUE   (LST)  VALUE       VALUE  FROM      YEAR
                                                  NORMAL
..................................................................
TEMPERATURE (F)
 YESTERDAY
  MAXIMUM         87    320 PM  98    2001  74     13       78
  MINIMUM         61    358 AM  26    1964  44     17       52
  AVERAGE         74                        59     15       65

PRECIPITATION (IN)
  YESTERDAY        T             0.29 1989   0.02  -0.02      T
  MONTH TO DATE    1.80                      0.41   1.39     0.12
  SINCE OCT 1      6.32                      6.62  -0.30     3.74
  SINCE JAN 1      4.22                      3.50   0.72     2.91

SNOWFALL (IN)
  YESTERDAY        0.0           0.0  2002   0.0    0.0      0.0
                                      2001
                                      2000
  MONTH TO DATE    0.0                       0.0    0.0      0.0
  SINCE JAN 1      1.6                       8.6   -7.0     19.9
  SINCE JUL 1      1.6                      21.6  -20.0     19.9
  SNOW DEPTH       0

DEGREE DAYS
 HEATING
  YESTERDAY        0                         7     -7        0
  MONTH TO DATE   86                       215   -129      112
  SINCE MAR 1    925                      1370   -445     1127
  SINCE JUL 1   4507                      5897  -1390     5529

 COOLING
  YESTERDAY        9                         1      8        0
  MONTH TO DATE   40                        12     28       19
  SINCE MAR 1     40                        13     27       19
  SINCE JAN 1     40                        13     27       19
..................................................................


WIND (MPH)
  HIGHEST WIND SPEED    23   HIGHEST WIND DIRECTION    NW (310)
  HIGHEST GUST SPEED    34   HIGHEST GUST DIRECTION     N (360)
  AVERAGE WIND SPEED     8.1


SKY COVER
  POSSIBLE SUNSHINE  MM
  AVERAGE SKY COVER 0.4


WEATHER CONDITIONS
 THE FOLLOWING WEATHER WAS RECORDED YESTERDAY.
  THUNDERSTORM
  LIGHT RAIN


RELATIVE HUMIDITY (PERCENT)
 HIGHEST    72           400 AM
 LOWEST     32           300 PM
 AVERAGE    52

..........................................................


THE YAKIMA WA CLIMATE NORMALS FOR TODAY
                         NORMAL    RECORD    YEAR
 MAXIMUM TEMPERATURE (F)   75        94      1999
 MINIMUM TEMPERATURE (F)   44        30      1989


SUNRISE AND SUNSET
MAY 24 2015...........SUNRISE   519 AM PDT   SUNSET   840 PM PDT
MAY 25 2015...........SUNRISE   518 AM PDT   SUNSET   841 PM PDT


-  INDICATES NEGATIVE NUMBERS.
R  INDICATES RECORD WAS SET OR TIED.
MM INDICATES DATA IS MISSING.
T  INDICATES TRACE AMOUNT.

$$
