000
CDUS46 KPDT 270041 RRA
CLIYKM

CLIMATE REPORT
NATIONAL WEATHER SERVICE PENDLETON OR
526 PM PDT THU MAY 26 2016


...................................

...THE YAKIMA WA CLIMATE SUMMARY FOR MAY 26 2016...
VALID TODAY AS OF 0500 PM LOCAL TIME.

CLIMATE NORMAL PERIOD 1981 TO 2010
CLIMATE RECORD PERIOD 1946 TO 2016


WEATHER ITEM   OBSERVED TIME   RECORD YEAR NORMAL DEPARTURE LAST
                VALUE   (LST)  VALUE       VALUE  FROM      YEAR
                                                  NORMAL
..................................................................
TEMPERATURE (F)
 TODAY
  MAXIMUM         76    300 PM  98    1958  75      1       80
  MINIMUM         43    438 AM  31    1973  45     -2       52
  AVERAGE         60                        60      0       66

PRECIPITATION (IN)
  TODAY            0.00          0.51 1948   0.02  -0.02      T
  MONTH TO DATE    0.64                      0.47   0.17     1.80
  SINCE OCT 1     10.10                      6.68   3.42     6.32
  SINCE JAN 1      5.45                      3.56   1.89     4.22

SNOWFALL (IN)
  TODAY            0.0           0.0  2002   0.0    0.0      0.0
                                      2001
                                      2000
  MONTH TO DATE    0.0                       0.0    0.0      0.0
  SINCE JAN 1     12.5                       8.6    3.9      1.6
  SINCE JUL 1     31.4                      21.6    9.8      1.6
  SNOW DEPTH       0

DEGREE DAYS
 HEATING
  TODAY            5                         6     -1        0
  MONTH TO DATE   68                       233   -165       86
  SINCE MAR 1    823                      1388   -565      925
  SINCE JUL 1   4573                      5915  -1342     4507

 COOLING
  TODAY            0                         1     -1        1
  MONTH TO DATE   33                        15     18       52
  SINCE MAR 1     39                        16     23       52
  SINCE JAN 1     39                        16     23       52
..................................................................


WIND (MPH)
  HIGHEST WIND SPEED    21   HIGHEST WIND DIRECTION    NW (310)
  HIGHEST GUST SPEED    32   HIGHEST GUST DIRECTION    SW (230)
  AVERAGE WIND SPEED     7.4


SKY COVER
  POSSIBLE SUNSHINE  MM
  AVERAGE SKY COVER 0.0


WEATHER CONDITIONS
THE FOLLOWING WEATHER WAS RECORDED TODAY.
  NO SIGNIFICANT WEATHER WAS OBSERVED.


RELATIVE HUMIDITY (PERCENT)
 HIGHEST    71           500 AM
 LOWEST     23           200 PM
 AVERAGE    47

..........................................................


THE YAKIMA WA CLIMATE NORMALS FOR TOMORROW
                         NORMAL    RECORD    YEAR
 MAXIMUM TEMPERATURE (F)   75        91      1983
                                             1947
 MINIMUM TEMPERATURE (F)   45        32      1973


SUNRISE AND SUNSET
MAY 26 2016...........SUNRISE   516 AM PDT   SUNSET   843 PM PDT
MAY 27 2016...........SUNRISE   516 AM PDT   SUNSET   844 PM PDT


-  INDICATES NEGATIVE NUMBERS.
R  INDICATES RECORD WAS SET OR TIED.
MM INDICATES DATA IS MISSING.
T  INDICATES TRACE AMOUNT.




$$
