000
CDUS46 KPDT 020854
CLIYKM

CLIMATE REPORT
NATIONAL WEATHER SERVICE PENDLETON OR
154 AM PDT SUN AUG 2 2015


...................................

...THE YAKIMA WA CLIMATE SUMMARY FOR AUGUST 1 2015...

CLIMATE NORMAL PERIOD 1981 TO 2010
CLIMATE RECORD PERIOD 1946 TO 2015


WEATHER ITEM   OBSERVED TIME   RECORD YEAR NORMAL DEPARTURE LAST
                VALUE   (LST)  VALUE       VALUE  FROM      YEAR
                                                  NORMAL
..................................................................
TEMPERATURE (F)
 YESTERDAY
  MAXIMUM        105R   456 PM 105    1971  90     15       99
  MINIMUM         55    500 AM  40    1987  54      1       67
  AVERAGE         80                        72      8       83

PRECIPITATION (IN)
  YESTERDAY        0.00          0.17 1964   0.01  -0.01     0.00
  MONTH TO DATE    0.00                      0.01  -0.01     0.00
  SINCE OCT 1      6.39                      7.64  -1.25     3.89
  SINCE JAN 1      4.29                      4.52  -0.23     3.06

SNOWFALL (IN)
  YESTERDAY        0.0           0.0  2002   0.0    0.0      0.0
                                      2001
                                      1999
  MONTH TO DATE    0.0                       0.0    0.0      0.0
  SINCE JAN 1      1.6                       8.6   -7.0     19.9
  SINCE JUL 1      0.0                       0.0    0.0      0.0
  SNOW DEPTH       0

DEGREE DAYS
 HEATING
  YESTERDAY        0                         0      0        0
  MONTH TO DATE    0                         0      0        0
  SINCE JUN 1      3                       119   -116       35
  SINCE JUL 1      0                        21    -21        5

 COOLING
  YESTERDAY       15                         7      8       18
  MONTH TO DATE   15                         7      8       18
  SINCE JUN 1    704                       267    437      528
  SINCE JAN 1    796                       287    509      551
..................................................................


WIND (MPH)
  HIGHEST WIND SPEED    13   HIGHEST WIND DIRECTION    NW (300)
  HIGHEST GUST SPEED    17   HIGHEST GUST DIRECTION    NW (320)
  AVERAGE WIND SPEED     6.3


SKY COVER
  POSSIBLE SUNSHINE  MM
  AVERAGE SKY COVER 0.0


WEATHER CONDITIONS
 THE FOLLOWING WEATHER WAS RECORDED YESTERDAY.
  NO SIGNIFICANT WEATHER WAS OBSERVED.


RELATIVE HUMIDITY (PERCENT)
 HIGHEST    55           300 AM
 LOWEST      7           100 PM
 AVERAGE    31

..........................................................


THE YAKIMA WA CLIMATE NORMALS FOR TODAY
                         NORMAL    RECORD    YEAR
 MAXIMUM TEMPERATURE (F)   90       100      2009
                                             1961
 MINIMUM TEMPERATURE (F)   54        39      1956


SUNRISE AND SUNSET
AUGUST  2 2015........SUNRISE   544 AM PDT   SUNSET   832 PM PDT
AUGUST  3 2015........SUNRISE   545 AM PDT   SUNSET   831 PM PDT


-  INDICATES NEGATIVE NUMBERS.
R  INDICATES RECORD WAS SET OR TIED.
MM INDICATES DATA IS MISSING.
T  INDICATES TRACE AMOUNT.

$$
