000
CDUS46 KPDT 290857
CLIYKM

CLIMATE REPORT
NATIONAL WEATHER SERVICE PENDLETON OR
157 AM PDT THU JUN 29 2017

...................................

...THE YAKIMA WA CLIMATE SUMMARY FOR JUNE 28 2017...

CLIMATE NORMAL PERIOD 1981 TO 2010
CLIMATE RECORD PERIOD 1946 TO 2017


WEATHER ITEM   OBSERVED TIME   RECORD YEAR NORMAL DEPARTURE LAST
                VALUE   (LST)  VALUE       VALUE  FROM      YEAR
                                                  NORMAL
..................................................................
TEMPERATURE (F)
 YESTERDAY
  MAXIMUM         88    321 PM 108    2015  83      5       98
  MINIMUM         64   1135 PM  33    1975  50     14       69
  AVERAGE         76                        67      9       84

PRECIPITATION (IN)
  YESTERDAY        0.00          0.35 2002   0.01  -0.01     0.00
  MONTH TO DATE    0.19                      0.59  -0.40     0.22
  SINCE OCT 1     11.49                      7.38   4.11    10.32
  SINCE JAN 1      7.57                      4.26   3.31     5.67

SNOWFALL (IN)
  YESTERDAY        0.0           0.0  2002   0.0    0.0      0.0
                                      2001
                                      2000
  MONTH TO DATE    0.0                       0.0    0.0      0.0
  SINCE JAN 1     29.1                       8.6   20.5     12.5
  SINCE JUL 1     36.5                      21.6   14.9     31.4
  SNOW DEPTH       0

DEGREE DAYS
 HEATING
  YESTERDAY        0                         2     -2        0
  MONTH TO DATE   51                        94    -43       68
  SINCE JUN 1     51                        94    -43       68
  SINCE JUL 1   5671                      6038   -367     4656

 COOLING
  YESTERDAY       11                         4      7       19
  MONTH TO DATE  130                        55     75      146
  SINCE JUN 1    130                        55     75      146
  SINCE JAN 1    187                        75    112      185
..................................................................


WIND (MPH)
  HIGHEST WIND SPEED    24   HIGHEST WIND DIRECTION    NW (320)
  HIGHEST GUST SPEED    30   HIGHEST GUST DIRECTION    NW (310)
  AVERAGE WIND SPEED    14.1


SKY COVER
  POSSIBLE SUNSHINE  MM
  AVERAGE SKY COVER 0.0


WEATHER CONDITIONS
 THE FOLLOWING WEATHER WAS RECORDED YESTERDAY.
  HAZE


RELATIVE HUMIDITY (PERCENT)
 HIGHEST    48           500 AM
 LOWEST     17           400 PM
 AVERAGE    33

..........................................................


THE YAKIMA WA CLIMATE NORMALS FOR TODAY
                         NORMAL    RECORD    YEAR
 MAXIMUM TEMPERATURE (F)   83       103      1948
 MINIMUM TEMPERATURE (F)   51        40      1996
                                             1971


SUNRISE AND SUNSET
JUNE 29 2017..........SUNRISE   512 AM PDT   SUNSET   859 PM PDT
JUNE 30 2017..........SUNRISE   513 AM PDT   SUNSET   859 PM PDT


-  INDICATES NEGATIVE NUMBERS.
R  INDICATES RECORD WAS SET OR TIED.
MM INDICATES DATA IS MISSING.
T  INDICATES TRACE AMOUNT.

$$
