000
CDUS46 KPDT 170841
CLIYKM

CLIMATE REPORT
NATIONAL WEATHER SERVICE PENDLETON OR
1240 AM PST WED DEC 17 2014


...................................

...THE YAKIMA WA CLIMATE SUMMARY FOR DECEMBER 16 2014...

CLIMATE NORMAL PERIOD 1981 TO 2010
CLIMATE RECORD PERIOD 1946 TO 2014


WEATHER ITEM   OBSERVED TIME   RECORD YEAR NORMAL DEPARTURE LAST
                VALUE   (LST)  VALUE       VALUE  FROM      YEAR
                                                  NORMAL
..................................................................
TEMPERATURE (F)
 YESTERDAY
  MAXIMUM         41    302 PM  62    1999  35      6       53
  MINIMUM         36    750 AM -15    1964  21     15       21
  AVERAGE         39                        28     11       37

PRECIPITATION (IN)
  YESTERDAY        0.08          0.58 2012   0.05   0.03     0.00
  MONTH TO DATE    0.55                      0.77  -0.22     0.32
  SINCE OCT 1      1.73                      2.36  -0.63     0.83
  SINCE JAN 1      6.15                      7.49  -1.34     5.49

SNOWFALL (IN)
  YESTERDAY       MM             6.2  2012   0.3   MM        0.0
  MONTH TO DATE    0.0                       4.7   -4.7       T
  SINCE JAN 1     19.9                      16.9    3.0      1.1
  SINCE JUL 1      T                         8.3   -8.3       T
  SNOW DEPTH       0

DEGREE DAYS
 HEATING
  YESTERDAY       26                        37    -11       28
  MONTH TO DATE  468                       569   -101      639
  SINCE DEC 1    468                       569   -101      639
  SINCE JUL 1   1652                      2102   -450     2055

 COOLING
  YESTERDAY        0                         0      0        0
  MONTH TO DATE    0                         0      0        0
  SINCE DEC 1      0                         0      0        0
  SINCE JAN 1    871                       472    399      970
..................................................................


WIND (MPH)
  HIGHEST WIND SPEED    10   HIGHEST WIND DIRECTION     W (250)
  HIGHEST GUST SPEED    13   HIGHEST GUST DIRECTION    SW (240)
  AVERAGE WIND SPEED     5.0


SKY COVER
  POSSIBLE SUNSHINE  MM
  AVERAGE SKY COVER 1.0


WEATHER CONDITIONS
 THE FOLLOWING WEATHER WAS RECORDED YESTERDAY.
  LIGHT RAIN


RELATIVE HUMIDITY (PERCENT)
 HIGHEST    92           700 AM
 LOWEST     70          1200 AM
 AVERAGE    81

..........................................................


THE YAKIMA WA CLIMATE NORMALS FOR TODAY
                         NORMAL    RECORD    YEAR
 MAXIMUM TEMPERATURE (F)   35        56      1990
 MINIMUM TEMPERATURE (F)   21       -17      1964


SUNRISE AND SUNSET
DECEMBER 17 2014......SUNRISE   741 AM PST   SUNSET   416 PM PST
DECEMBER 18 2014......SUNRISE   742 AM PST   SUNSET   416 PM PST


-  INDICATES NEGATIVE NUMBERS.
R  INDICATES RECORD WAS SET OR TIED.
MM INDICATES DATA IS MISSING.
T  INDICATES TRACE AMOUNT.




$$
