000
CDUS46 KPDT 050841
CLIYKM

CLIMATE REPORT
NATIONAL WEATHER SERVICE PENDLETON OR
1241 AM PST THU MAR 5 2015


...................................

...THE YAKIMA WA CLIMATE SUMMARY FOR MARCH 4 2015...

CLIMATE NORMAL PERIOD 1981 TO 2010
CLIMATE RECORD PERIOD 1946 TO 2015


WEATHER ITEM   OBSERVED TIME   RECORD YEAR NORMAL DEPARTURE LAST
                VALUE   (LST)  VALUE       VALUE  FROM      YEAR
                                                  NORMAL
..................................................................
TEMPERATURE (F)
 YESTERDAY
  MAXIMUM         55    430 PM  67    1986  52      3       64
  MINIMUM         21    659 AM  -1    1960  28     -7       24
  AVERAGE         38                        40     -2       44

PRECIPITATION (IN)
  YESTERDAY        0.00          0.31 1957   0.03  -0.03     0.00
  MONTH TO DATE    T                         0.11  -0.11     0.14
  SINCE OCT 1      3.79                      5.15  -1.36     2.70
  SINCE JAN 1      1.69                      2.03  -0.34     1.87

SNOWFALL (IN)
  YESTERDAY        0.0           2.3  1957   0.0    0.0      0.0
  MONTH TO DATE    0.0                       0.2   -0.2      1.7
  SINCE JAN 1      1.6                       8.1   -6.5     19.9
  SINCE JUL 1      1.6                      21.1  -19.5     19.9
  SNOW DEPTH       0

DEGREE DAYS
 HEATING
  YESTERDAY       27                        25      2       21
  MONTH TO DATE  103                       101      2      128
  SINCE MAR 1    103                       101      2      128
  SINCE JUL 1   3685                      4628   -943     4530

 COOLING
  YESTERDAY        0                         0      0        0
  MONTH TO DATE    0                         0      0        0
  SINCE MAR 1      0                         0      0        0
  SINCE JAN 1      0                         0      0        0
..................................................................


WIND (MPH)
  HIGHEST WIND SPEED    10   HIGHEST WIND DIRECTION     W (280)
  HIGHEST GUST SPEED    11   HIGHEST GUST DIRECTION    SE (120)
  AVERAGE WIND SPEED     4.0


SKY COVER
  POSSIBLE SUNSHINE  MM
  AVERAGE SKY COVER 0.0


WEATHER CONDITIONS
THE FOLLOWING WEATHER WAS RECORDED YESTERDAY.
  NO SIGNIFICANT WEATHER WAS OBSERVED.


RELATIVE HUMIDITY (PERCENT)
 HIGHEST    81           200 AM
 LOWEST     27           400 PM
 AVERAGE    54

..........................................................


THE YAKIMA WA CLIMATE NORMALS FOR TODAY
                         NORMAL    RECORD    YEAR
 MAXIMUM TEMPERATURE (F)   53        66      2014
 MINIMUM TEMPERATURE (F)   28         7      1955


SUNRISE AND SUNSET
MARCH  5 2015.........SUNRISE   634 AM PST   SUNSET   554 PM PST
MARCH  6 2015.........SUNRISE   632 AM PST   SUNSET   555 PM PST


-  INDICATES NEGATIVE NUMBERS.
R  INDICATES RECORD WAS SET OR TIED.
MM INDICATES DATA IS MISSING.
T  INDICATES TRACE AMOUNT.

$$
