000
CDUS46 KPDT 260842
CLIYKM

CLIMATE REPORT
NATIONAL WEATHER SERVICE PENDLETON OR

129 AM PDT TUE JUL 26 2016


...................................

...THE YAKIMA WA CLIMATE SUMMARY FOR JULY 25 2016...

CLIMATE NORMAL PERIOD 1981 TO 2010
CLIMATE RECORD PERIOD 1946 TO 2016


WEATHER ITEM   OBSERVED TIME   RECORD YEAR NORMAL DEPARTURE LAST
                VALUE   (LST)  VALUE       VALUE  FROM      YEAR
                                                  NORMAL
..................................................................
TEMPERATURE (F)
 YESTERDAY
  MAXIMUM        102R   350 PM 102    2013  90     12       79
  MINIMUM         61    358 AM  42    1949  55      6       55
  AVERAGE         82                        72     10       67

PRECIPITATION (IN)
  YESTERDAY        0.00          0.29 2011   0.01  -0.01     0.00
  MONTH TO DATE    0.22                      0.19   0.03     0.06
  SINCE OCT 1     10.54                      7.60   2.94     6.39
  SINCE JAN 1      5.89                      4.48   1.41     4.29

SNOWFALL (IN)
  YESTERDAY        0.0           0.0  2002   0.0    0.0      0.0
                                      2001
                                      2000
  MONTH TO DATE    0.0                       0.0    0.0      0.0
  SINCE JAN 1     12.5                       8.6    3.9      1.6
  SINCE JUL 1      0.0                       0.0    0.0      0.0
  SNOW DEPTH       0

DEGREE DAYS
 HEATING
  YESTERDAY        0                         0      0        0
  MONTH TO DATE    0                        19    -19        0
  SINCE JUN 1     68                       117    -49        3
  SINCE JUL 1      0                        19    -19        0

 COOLING
  YESTERDAY       17                         7     10        2
  MONTH TO DATE  163                       148     15      334
  SINCE JUN 1    348                       213    135      641
  SINCE JAN 1    387                       233    154      733
..................................................................


WIND (MPH)
  HIGHEST WIND SPEED    16   HIGHEST WIND DIRECTION    NW (320)
  HIGHEST GUST SPEED    21   HIGHEST GUST DIRECTION     W (290)
  AVERAGE WIND SPEED     6.9


SKY COVER
  POSSIBLE SUNSHINE  MM
  AVERAGE SKY COVER 0.1


WEATHER CONDITIONS
 THE FOLLOWING WEATHER WAS RECORDED YESTERDAY.
  NO SIGNIFICANT WEATHER WAS OBSERVED.


RELATIVE HUMIDITY (PERCENT)
 HIGHEST    72           400 AM
 LOWEST     16           300 PM
 AVERAGE    44

..........................................................


THE YAKIMA WA CLIMATE NORMALS FOR TODAY
                         NORMAL    RECORD    YEAR
 MAXIMUM TEMPERATURE (F)   90       103      1998
 MINIMUM TEMPERATURE (F)   55        42      1953


SUNRISE AND SUNSET
JULY 26 2016..........SUNRISE   536 AM PDT   SUNSET   840 PM PDT
JULY 27 2016..........SUNRISE   538 AM PDT   SUNSET   839 PM PDT


-  INDICATES NEGATIVE NUMBERS.
R  INDICATES RECORD WAS SET OR TIED.
MM INDICATES DATA IS MISSING.
T  INDICATES TRACE AMOUNT.




$$
