000
CDUS41 KCLE 280530
CLIYNG


CLIMATE REPORT
NATIONAL WEATHER SERVICE CLEVELAND OH
1230 AM EST FRI NOV 28 2014


...................................

...THE YOUNGSTOWN OH CLIMATE SUMMARY FOR NOVEMBER 27 2014...

CLIMATE NORMAL PERIOD 1981 TO 2010
CLIMATE RECORD PERIOD 1897 TO 2014


WEATHER ITEM   OBSERVED TIME   RECORD YEAR NORMAL DEPARTURE LAST
                VALUE   (LST)  VALUE       VALUE  FROM      YEAR
                                                  NORMAL
..................................................................
TEMPERATURE (F)
 YESTERDAY
  MAXIMUM         34   1109 AM  72    1990  44    -10       31
  MINIMUM         28   1159 PM   8    1950  30     -2       21
  AVERAGE         31                        37     -6       26

PRECIPITATION (IN)
  YESTERDAY        0.21                      0.11   0.10     0.15
  MONTH TO DATE    2.33                      2.86  -0.53     3.07
  SINCE SEP 1      7.32                      9.38  -2.06     8.38
  SINCE JAN 1     36.88                     35.60   1.28    35.60

SNOWFALL (IN)
  YESTERDAY        2.1                       0.2    1.9      2.1
  MONTH TO DATE   10.7                       2.9    7.8     12.7
  SINCE SEP 1     10.7                       3.7    7.0     13.9
  SINCE JUL 1     10.7                       3.7    7.0     13.9
  SNOW DEPTH       0

DEGREE DAYS
 HEATING
  YESTERDAY       34                        28      6       39
  MONTH TO DATE  751                       622    129      703
  SINCE SEP 1   1280                      1205     75     1223
  SINCE JUL 1   1332                      1243     89     1261

 COOLING
  YESTERDAY        0                         0      0        0
  MONTH TO DATE    0                         0      0        0
  SINCE SEP 1     56                        58     -2       78
  SINCE JAN 1    533                       544    -11      630
..................................................................


WIND (MPH)
  HIGHEST WIND SPEED    17   HIGHEST WIND DIRECTION    NW (320)
  HIGHEST GUST SPEED    22   HIGHEST GUST DIRECTION     W (290)
  AVERAGE WIND SPEED     7.7


SKY COVER
  POSSIBLE SUNSHINE  MM
  AVERAGE SKY COVER 1.0


WEATHER CONDITIONS
 THE FOLLOWING WEATHER WAS RECORDED YESTERDAY.
  SNOW
  LIGHT SNOW
  FOG
  FOG W/VISIBILITY <= 1/4 MILE


RELATIVE HUMIDITY (PERCENT)
 HIGHEST   100           700 AM
 LOWEST     69           400 PM
 AVERAGE    85

..........................................................


THE YOUNGSTOWN OH CLIMATE NORMALS FOR TODAY
                         NORMAL    RECORD    YEAR
 MAXIMUM TEMPERATURE (F)   43        69      1990
 MINIMUM TEMPERATURE (F)   30         7      1955
                                             1950
                                             1930


SUNRISE AND SUNSET
NOVEMBER 28 2014......SUNRISE   726 AM EST   SUNSET   455 PM EST
NOVEMBER 29 2014......SUNRISE   727 AM EST   SUNSET   455 PM EST


-  INDICATES NEGATIVE NUMBERS.
R  INDICATES RECORD WAS SET OR TIED.
MM INDICATES DATA IS MISSING.
T  INDICATES TRACE AMOUNT.




$$
