000
CDUS41 KCLE 302111
CLIYNG


CLIMATE REPORT
NATIONAL WEATHER SERVICE CLEVELAND OH
510 PM EDT TUE AUG 30 2016


...................................

...THE YOUNGSTOWN OH CLIMATE SUMMARY FOR AUGUST 30 2016...
VALID TODAY AS OF 0500 PM LOCAL TIME.

CLIMATE NORMAL PERIOD 1981 TO 2010
CLIMATE RECORD PERIOD 1897 TO 2016


WEATHER ITEM   OBSERVED TIME   RECORD YEAR NORMAL DEPARTURE LAST
                VALUE   (LST)  VALUE       VALUE  FROM      YEAR
                                                  NORMAL
..................................................................
TEMPERATURE (F)
 TODAY
  MAXIMUM         84    359 PM  97    1953  78      6       83
  MINIMUM         54    449 AM  40    1986  56     -2       66
  AVERAGE         69                        67      2       75

PRECIPITATION (IN)
  TODAY            0.00                      0.11  -0.11     0.34
  MONTH TO DATE    3.71                      3.13   0.58     2.83
  SINCE JUN 1     11.88                     11.32   0.56    15.92
  SINCE JAN 1     26.98                     26.11   0.87    30.90

SNOWFALL (IN)
  TODAY            0.0                       0.0    0.0      0.0
  MONTH TO DATE    0.0                       0.0    0.0      0.0
  SINCE JUN 1      0.0                       0.0    0.0      0.0
  SINCE JUL 1      0.0                       0.0    0.0      0.0
  SNOW DEPTH       0

DEGREE DAYS
 HEATING
  TODAY            0                         1     -1        0
  MONTH TO DATE    0                        25    -25       22
  SINCE JUN 1     40                       107    -67       71
  SINCE JUL 1      6                        38    -32       29

 COOLING
  TODAY            4                         4      0       10
  MONTH TO DATE  282                       150    132      142
  SINCE JUN 1    683                       445    238      437
  SINCE JAN 1    738                       484    254      549
..................................................................


WIND (MPH)
  HIGHEST WIND SPEED     8   HIGHEST WIND DIRECTION     E (90)
  HIGHEST GUST SPEED     9   HIGHEST GUST DIRECTION     E (90)


SKY COVER
  POSSIBLE SUNSHINE  MM
  AVERAGE SKY COVER 0.4


WEATHER CONDITIONS
 THE FOLLOWING WEATHER WAS RECORDED TODAY.
  NO SIGNIFICANT WEATHER WAS OBSERVED.


RELATIVE HUMIDITY (PERCENT)
 HIGHEST    93           200 AM
 LOWEST     37           100 PM
 AVERAGE    65

..........................................................


THE YOUNGSTOWN OH CLIMATE NORMALS FOR TOMORROW
                         NORMAL    RECORD    YEAR
 MAXIMUM TEMPERATURE (F)   78        94      1932
 MINIMUM TEMPERATURE (F)   56        43      1976
                                             1897


SUNRISE AND SUNSET
AUGUST 30 2016........SUNRISE   648 AM EDT   SUNSET   758 PM EDT
AUGUST 31 2016........SUNRISE   649 AM EDT   SUNSET   756 PM EDT


-  INDICATES NEGATIVE NUMBERS.
R  INDICATES RECORD WAS SET OR TIED.
MM INDICATES DATA IS MISSING.
T  INDICATES TRACE AMOUNT.




$$
