000
CDUS41 KCLE 090539
CLIYNG


CLIMATE REPORT
NATIONAL WEATHER SERVICE CLEVELAND OH
1238 AM EST FRI DEC 9 2016


...................................

...THE YOUNGSTOWN OH CLIMATE SUMMARY FOR DECEMBER 8 2016...

CLIMATE NORMAL PERIOD 1981 TO 2010
CLIMATE RECORD PERIOD 1897 TO 2016


WEATHER ITEM   OBSERVED TIME   RECORD YEAR NORMAL DEPARTURE LAST
                VALUE   (LST)  VALUE       VALUE  FROM      YEAR
                                                  NORMAL
..................................................................
TEMPERATURE (F)
 YESTERDAY
  MAXIMUM         33    104 AM  65    1966  39     -6       45
  MINIMUM         23   1159 PM   1    2005  26     -3       29
  AVERAGE         28                        33     -5       37

PRECIPITATION (IN)
  YESTERDAY        0.01                      0.11  -0.10     0.00
  MONTH TO DATE    0.53                      0.81  -0.28     0.26
  SINCE DEC 1      0.53                      0.81  -0.28     0.26
  SINCE JAN 1     41.30                     36.73   4.57    40.45

SNOWFALL (IN)
  YESTERDAY        0.2                       0.5   -0.3      0.0
  MONTH TO DATE    0.9                       3.4   -2.5      0.7
  SINCE DEC 1      0.9                       3.4   -2.5      0.7
  SINCE JUL 1      5.3                       7.8   -2.5      1.1
  SNOW DEPTH       0

DEGREE DAYS
 HEATING
  YESTERDAY       37                        32      5       28
  MONTH TO DATE  244                       248     -4      221
  SINCE DEC 1    244                       248     -4      221
  SINCE JUL 1   1216                      1577   -361     1223

 COOLING
  YESTERDAY        0                         0      0        0
  MONTH TO DATE    0                         0      0        0
  SINCE DEC 1      0                         0      0        0
  SINCE JAN 1    879                       544    335      681
..................................................................


WIND (MPH)
  HIGHEST WIND SPEED    25   HIGHEST WIND DIRECTION     W (260)
  HIGHEST GUST SPEED    34   HIGHEST GUST DIRECTION    SW (240)
  AVERAGE WIND SPEED    14.5


SKY COVER
  POSSIBLE SUNSHINE  MM
  AVERAGE SKY COVER 1.0


WEATHER CONDITIONS
 THE FOLLOWING WEATHER WAS RECORDED YESTERDAY.
  LIGHT SNOW


RELATIVE HUMIDITY (PERCENT)
 HIGHEST    75           400 AM
 LOWEST     57           200 PM
 AVERAGE    66

..........................................................


THE YOUNGSTOWN OH CLIMATE NORMALS FOR TODAY
                         NORMAL    RECORD    YEAR
 MAXIMUM TEMPERATURE (F)   38        64      1952
 MINIMUM TEMPERATURE (F)   26        -2      1977


SUNRISE AND SUNSET
DECEMBER  9 2016......SUNRISE   737 AM EST   SUNSET   453 PM EST
DECEMBER 10 2016......SUNRISE   738 AM EST   SUNSET   454 PM EST


-  INDICATES NEGATIVE NUMBERS.
R  INDICATES RECORD WAS SET OR TIED.
MM INDICATES DATA IS MISSING.
T  INDICATES TRACE AMOUNT.




$$
