000
CDUS41 KPBZ 112226
CLIZZV


CLIMATE REPORT
NATIONAL WEATHER SERVICE PITTSBURGH PA
525 PM EST THU FEB 11 2016


...................................

...THE ZANESVILLE OH CLIMATE SUMMARY FOR FEBRUARY 11 2016...
VALID TODAY AS OF 0500 PM LOCAL TIME.

CLIMATE NORMAL PERIOD 1981 TO 2010
CLIMATE RECORD PERIOD 1946 TO 2016


WEATHER ITEM   OBSERVED TIME   RECORD YEAR NORMAL DEPARTURE LAST
                VALUE   (LST)  VALUE       VALUE  FROM      YEAR
                                                  NORMAL
..................................................................
TEMPERATURE (F)
 TODAY
  MAXIMUM         22    306 PM  72    1999  40    -18       38
  MINIMUM          9    757 AM  -9    2014  22    -13       16
  AVERAGE         16                        31    -15       27

PRECIPITATION (IN)
  TODAY            T            MM      MM   0.07  -0.07      T
  MONTH TO DATE    1.00                      0.85   0.15     0.61
  SINCE JUN 1     24.25                     25.91  -1.66    25.47
  SINCE JAN 1      1.92                      3.51  -1.59     3.06

DEGREE DAYS
 HEATING
  TODAY           49                        34     15       38
  MONTH TO DATE  327                       381    -54      394
  SINCE DEC 1   2007                      2507   -500     2501
  SINCE JUL 1   2849                      3648   -799     3808

 COOLING
  TODAY            0                         0      0        0
  MONTH TO DATE    0                         0      0        0
  SINCE DEC 1      0                         0      0        0
  SINCE JAN 1      0                         0      0        0
..................................................................


WIND (MPH)
  HIGHEST WIND SPEED    15   HIGHEST WIND DIRECTION    SW (240)
  HIGHEST GUST SPEED    21   HIGHEST GUST DIRECTION     W (250)
  AVERAGE WIND SPEED     8.5


SKY COVER
  POSSIBLE SUNSHINE  MM
  AVERAGE SKY COVER 0.8


WEATHER CONDITIONS
 THE FOLLOWING WEATHER WAS RECORDED TODAY.
  SNOW
  LIGHT SNOW


RELATIVE HUMIDITY (PERCENT)
 HIGHEST    80           800 AM
 LOWEST     45          1200 PM
 AVERAGE    63

..........................................................


THE ZANESVILLE OH CLIMATE NORMALS FOR TOMORROW
                         NORMAL    RECORD    YEAR
 MAXIMUM TEMPERATURE (F)   40        68      1984
 MINIMUM TEMPERATURE (F)   22        -8      2014


SUNRISE AND SUNSET
FEBRUARY 11 2016......SUNRISE   726 AM EST   SUNSET   558 PM EST
FEBRUARY 12 2016......SUNRISE   725 AM EST   SUNSET   559 PM EST


-  INDICATES NEGATIVE NUMBERS.
R  INDICATES RECORD WAS SET OR TIED.
MM INDICATES DATA IS MISSING.
T  INDICATES TRACE AMOUNT.




$$
