000
CDUS41 KPBZ 102135
CLIZZV


CLIMATE REPORT
NATIONAL WEATHER SERVICE PITTSBURGH PA
535 PM EDT THU JUL 10 2014


...................................

...THE ZANESVILLE OH CLIMATE SUMMARY FOR JULY 10 2014...
VALID TODAY AS OF 0500 PM LOCAL TIME.

CLIMATE NORMAL PERIOD 1981 TO 2010
CLIMATE RECORD PERIOD 1946 TO 2014


WEATHER ITEM   OBSERVED TIME   RECORD YEAR NORMAL DEPARTURE LAST
                VALUE   (LST)  VALUE       VALUE  FROM      YEAR
                                                  NORMAL
..................................................................
TEMPERATURE (F)
 TODAY
  MAXIMUM         83    238 PM  95    1946  84     -1       90
  MINIMUM         59    457 AM  42    1963  62     -3       66
  AVERAGE         71                        73     -2       78

PRECIPITATION (IN)
  TODAY            0.00         MM      MM   0.14  -0.14     0.64
  MONTH TO DATE    1.05                      1.37  -0.32     3.25
  SINCE JUN 1      7.79                      5.41   2.38     9.50
  SINCE JAN 1     22.12                     20.87   1.25    20.09

DEGREE DAYS
 HEATING
  TODAY            0                         0      0        0
  MONTH TO DATE    2                         0      2        0
  SINCE JUN 1     12                        32    -20       18
  SINCE JUL 1      2                         0      2        0

 COOLING
  TODAY            6                         8     -2       13
  MONTH TO DATE   58                        80    -22      107
  SINCE JUN 1    254                       238     16      263
  SINCE JAN 1    336                       292     44      371
..................................................................


WIND (MPH)
  HIGHEST WIND SPEED    12   HIGHEST WIND DIRECTION    NW (330)
  HIGHEST GUST SPEED    17   HIGHEST GUST DIRECTION     W (250)
  AVERAGE WIND SPEED     2.4


SKY COVER
  POSSIBLE SUNSHINE  MM
  AVERAGE SKY COVER 0.2


WEATHER CONDITIONS
 THE FOLLOWING WEATHER WAS RECORDED TODAY.
  FOG


RELATIVE HUMIDITY (PERCENT)
 HIGHEST    90          1200 AM
 LOWEST     42           300 PM
 AVERAGE    66

..........................................................


THE ZANESVILLE OH CLIMATE NORMALS FOR TOMORROW
                         NORMAL    RECORD    YEAR
 MAXIMUM TEMPERATURE (F)   84        94      1946
 MINIMUM TEMPERATURE (F)   62        47      1996


SUNRISE AND SUNSET
JULY 10 2014..........SUNRISE   608 AM EDT   SUNSET   858 PM EDT
JULY 11 2014..........SUNRISE   609 AM EDT   SUNSET   857 PM EDT


-  INDICATES NEGATIVE NUMBERS.
R  INDICATES RECORD WAS SET OR TIED.
MM INDICATES DATA IS MISSING.
T  INDICATES TRACE AMOUNT.




$$
