000
CDUS41 KPBZ 210812
CLIZZV


CLIMATE REPORT
NATIONAL WEATHER SERVICE PITTSBURGH PA
300 AM EST SAT JAN 21 2017


...................................

...THE ZANESVILLE OH CLIMATE SUMMARY FOR JANUARY 20 2017...

CLIMATE NORMAL PERIOD 1981 TO 2010
CLIMATE RECORD PERIOD 1946 TO 2017


WEATHER ITEM   OBSERVED TIME   RECORD YEAR NORMAL DEPARTURE LAST
                VALUE   (LST)  VALUE       VALUE  FROM      YEAR
                                                  NORMAL
..................................................................
TEMPERATURE (F)
 YESTERDAY
  MAXIMUM         62    251 PM  65    1951  37     25       21
  MINIMUM         38   1214 AM -17    1985  20     18        7
  AVERAGE         50                        29     21       14

PRECIPITATION (IN)
  YESTERDAY        0.53         MM      MM   0.08   0.45     0.02
  MONTH TO DATE    2.32                      1.77   0.55     0.86
  SINCE JUN 1     20.94                     24.17  -3.23    23.19
  SINCE JAN 1      2.32                      1.77   0.55     0.86

DEGREE DAYS
 HEATING
  YESTERDAY       15                        36    -21       51
  MONTH TO DATE  597                       720   -123      737
  SINCE DEC 1   1573                      1724   -151     1312
  SINCE JUL 1   2430                      2865   -435     2154

 COOLING
  YESTERDAY        0                         0      0        0
  MONTH TO DATE    0                         0      0        0
  SINCE DEC 1      0                         0      0        0
  SINCE JAN 1      0                         0      0        0
..................................................................


WIND (MPH)
  HIGHEST WIND SPEED    16   HIGHEST WIND DIRECTION    SW (220)
  HIGHEST GUST SPEED    23   HIGHEST GUST DIRECTION    SW (240)
  AVERAGE WIND SPEED     6.4


SKY COVER
  POSSIBLE SUNSHINE  MM
  AVERAGE SKY COVER 0.8


WEATHER CONDITIONS
 THE FOLLOWING WEATHER WAS RECORDED YESTERDAY.
  HEAVY RAIN
  RAIN
  LIGHT RAIN
  FOG
  FOG W/VISIBILITY <= 1/4 MILE


RELATIVE HUMIDITY (PERCENT)
 HIGHEST   100          1100 PM
 LOWEST     64           400 PM
 AVERAGE    82

..........................................................


THE ZANESVILLE OH CLIMATE NORMALS FOR TODAY
                         NORMAL    RECORD    YEAR
 MAXIMUM TEMPERATURE (F)   37        65      1959
 MINIMUM TEMPERATURE (F)   20       -22      1984


SUNRISE AND SUNSET
JANUARY 21 2017.......SUNRISE   744 AM EST   SUNSET   534 PM EST
JANUARY 22 2017.......SUNRISE   744 AM EST   SUNSET   535 PM EST


-  INDICATES NEGATIVE NUMBERS.
R  INDICATES RECORD WAS SET OR TIED.
MM INDICATES DATA IS MISSING.
T  INDICATES TRACE AMOUNT.




$$
