000
CDUS41 KPBZ 050707
CLIZZV


CLIMATE REPORT
NATIONAL WEATHER SERVICE PITTSBURGH PA
307 AM EDT SAT SEP 5 2015


...................................

...THE ZANESVILLE OH CLIMATE SUMMARY FOR SEPTEMBER 4 2015...

CLIMATE NORMAL PERIOD 1981 TO 2010
CLIMATE RECORD PERIOD 1946 TO 2015


WEATHER ITEM   OBSERVED TIME   RECORD YEAR NORMAL DEPARTURE LAST
                VALUE   (LST)  VALUE       VALUE  FROM      YEAR
                                                  NORMAL
..................................................................
TEMPERATURE (F)
 YESTERDAY
  MAXIMUM         84    454 PM  98    1953  80      4       86
  MINIMUM         66   1159 PM  40    1997  57      9       59
  AVERAGE         75                        69      6       73

PRECIPITATION (IN)
  YESTERDAY        0.99         MM      MM   0.10   0.89     0.00
  MONTH TO DATE    1.27                      0.40   0.87     0.44
  SINCE JUN 1     11.94                     11.46   0.48    14.29
  SINCE JAN 1     27.84                     26.92   0.92    28.62

DEGREE DAYS
 HEATING
  YESTERDAY        0                         1     -1        0
  MONTH TO DATE    0                         4     -4        0
  SINCE SEP 1      0                         4     -4        0
  SINCE JUL 1      8                        15     -7       21

 COOLING
  YESTERDAY       10                         5      5        8
  MONTH TO DATE   48                        20     28       35
  SINCE SEP 1     48                        20     28       35
  SINCE JAN 1    766                       697     69      676
..................................................................


WIND (MPH)
  HIGHEST WIND SPEED    17   HIGHEST WIND DIRECTION    NW (310)
  HIGHEST GUST SPEED    23   HIGHEST GUST DIRECTION    NW (300)
  AVERAGE WIND SPEED     3.8


SKY COVER
  POSSIBLE SUNSHINE  MM
  AVERAGE SKY COVER 0.3


WEATHER CONDITIONS
 THE FOLLOWING WEATHER WAS RECORDED YESTERDAY.
  HEAVY RAIN
  RAIN
  LIGHT RAIN
  FOG


RELATIVE HUMIDITY (PERCENT)
 HIGHEST    93          1200 AM
 LOWEST     55           400 PM
 AVERAGE    74

..........................................................


THE ZANESVILLE OH CLIMATE NORMALS FOR TODAY
                         NORMAL    RECORD    YEAR
 MAXIMUM TEMPERATURE (F)   80        96      1954
 MINIMUM TEMPERATURE (F)   57        42      2010
                                             1950


SUNRISE AND SUNSET
SEPTEMBER  5 2015.....SUNRISE   659 AM EDT   SUNSET   753 PM EDT
SEPTEMBER  6 2015.....SUNRISE   700 AM EDT   SUNSET   751 PM EDT


-  INDICATES NEGATIVE NUMBERS.
R  INDICATES RECORD WAS SET OR TIED.
MM INDICATES DATA IS MISSING.
T  INDICATES TRACE AMOUNT.




$$
