000
CDUS41 KPBZ 242218
CLIZZV


CLIMATE REPORT
NATIONAL WEATHER SERVICE PITTSBURGH PA
518 PM EST SAT JAN 24 2015


...................................

...THE ZANESVILLE OH CLIMATE SUMMARY FOR JANUARY 24 2015...
VALID TODAY AS OF 0500 PM LOCAL TIME.

CLIMATE NORMAL PERIOD 1981 TO 2010
CLIMATE RECORD PERIOD 1946 TO 2015


WEATHER ITEM   OBSERVED TIME   RECORD YEAR NORMAL DEPARTURE LAST
                VALUE   (LST)  VALUE       VALUE  FROM      YEAR
                                                  NORMAL
..................................................................
TEMPERATURE (F)
 TODAY
  MAXIMUM         33    359 PM  67    1967  37     -4       18
  MINIMUM         25    953 AM -17    1963  20      5       -4
  AVERAGE         29                        29      0        7

PRECIPITATION (IN)
  TODAY            T            MM      MM   0.09  -0.09     0.00
  MONTH TO DATE    1.80                      2.11  -0.31     1.25
  SINCE JUN 1     24.21                     24.51  -0.30    29.56
  SINCE JAN 1      1.80                      2.11  -0.31     1.25

DEGREE DAYS
 HEATING
  TODAY           36                        36      0       58
  MONTH TO DATE  904                       864     40      975
  SINCE DEC 1   1813                      1868    -55     1928
  SINCE JUL 1   3120                      3009    111     3104

 COOLING
  TODAY            0                         0      0        0
  MONTH TO DATE    0                         0      0        0
  SINCE DEC 1      0                         0      0        0
  SINCE JAN 1      0                         0      0        0
..................................................................


WIND (MPH)
  HIGHEST WIND SPEED    14   HIGHEST WIND DIRECTION    NW (310)
  HIGHEST GUST SPEED    17   HIGHEST GUST DIRECTION    NW (310)
  AVERAGE WIND SPEED     8.0


SKY COVER
  POSSIBLE SUNSHINE  MM
  AVERAGE SKY COVER 0.8


WEATHER CONDITIONS
 THE FOLLOWING WEATHER WAS RECORDED TODAY.
  LIGHT SNOW
  FOG
  HAZE


RELATIVE HUMIDITY (PERCENT)
 HIGHEST    92           300 AM
 LOWEST     69           300 PM
 AVERAGE    81

..........................................................


THE ZANESVILLE OH CLIMATE NORMALS FOR TOMORROW
                         NORMAL    RECORD    YEAR
 MAXIMUM TEMPERATURE (F)   37        74      1950
 MINIMUM TEMPERATURE (F)   20       -12      1961


SUNRISE AND SUNSET
JANUARY 24 2015.......SUNRISE   743 AM EST   SUNSET   537 PM EST
JANUARY 25 2015.......SUNRISE   742 AM EST   SUNSET   538 PM EST


-  INDICATES NEGATIVE NUMBERS.
R  INDICATES RECORD WAS SET OR TIED.
MM INDICATES DATA IS MISSING.
T  INDICATES TRACE AMOUNT.




$$
