000
CDUS41 KPBZ 252140
CLIZZV


CLIMATE REPORT
NATIONAL WEATHER SERVICE PITTSBURGH PA
540 PM EDT TUE APR 25 2017


...................................

...THE ZANESVILLE OH CLIMATE SUMMARY FOR APRIL 25 2017...
VALID TODAY AS OF 0500 PM LOCAL TIME.

CLIMATE NORMAL PERIOD 1981 TO 2010
CLIMATE RECORD PERIOD 1946 TO 2017


WEATHER ITEM   OBSERVED TIME   RECORD YEAR NORMAL DEPARTURE LAST
                VALUE   (LST)  VALUE       VALUE  FROM      YEAR
                                                  NORMAL
..................................................................
TEMPERATURE (F)
 TODAY
  MAXIMUM         71    353 PM  87    2009  67      4       83
                                      1948
  MINIMUM         53    616 AM  28    1995  43     10       44
  AVERAGE         62                        55      7       64

PRECIPITATION (IN)
  TODAY            T            MM      MM   0.11  -0.11     0.00
  MONTH TO DATE    1.83                      2.88  -1.05     3.11
  SINCE JUN 1     30.95                     33.11  -2.16    33.55
  SINCE JAN 1     12.33                     10.71   1.62    11.22

DEGREE DAYS
 HEATING
  TODAY            3                        11     -8        1
  MONTH TO DATE  225                       363   -138      319
  SINCE MAR 1    926                      1116   -190      782
  SINCE JUL 1   4278                      5307  -1029     4128

 COOLING
  TODAY            0                         0      0        0
  MONTH TO DATE   16                         0     16        3
  SINCE MAR 1     18                         1     17        8
  SINCE JAN 1     19                         1     18        8
..................................................................


WIND (MPH)
  HIGHEST WIND SPEED    15   HIGHEST WIND DIRECTION     E (100)
  HIGHEST GUST SPEED    22   HIGHEST GUST DIRECTION     E (100)
  AVERAGE WIND SPEED     7.3


SKY COVER
  POSSIBLE SUNSHINE  MM
  AVERAGE SKY COVER 0.7


WEATHER CONDITIONS
 THE FOLLOWING WEATHER WAS RECORDED TODAY.
  NO SIGNIFICANT WEATHER WAS OBSERVED.


RELATIVE HUMIDITY (PERCENT)
 HIGHEST    83           700 AM
 LOWEST     53           400 PM
 AVERAGE    68

..........................................................


THE ZANESVILLE OH CLIMATE NORMALS FOR TOMORROW
                         NORMAL    RECORD    YEAR
 MAXIMUM TEMPERATURE (F)   67        87      1990
 MINIMUM TEMPERATURE (F)   43        27      1972


SUNRISE AND SUNSET
APRIL 25 2017.........SUNRISE   635 AM EDT   SUNSET   816 PM EDT
APRIL 26 2017.........SUNRISE   634 AM EDT   SUNSET   817 PM EDT


-  INDICATES NEGATIVE NUMBERS.
R  INDICATES RECORD WAS SET OR TIED.
MM INDICATES DATA IS MISSING.
T  INDICATES TRACE AMOUNT.




$$
