000
CDUS41 KPBZ 310707
CLIZZV


CLIMATE REPORT
NATIONAL WEATHER SERVICE PITTSBURGH PA
306 AM EDT SUN AUG 31 2014


...................................

...THE ZANESVILLE OH CLIMATE SUMMARY FOR AUGUST 30 2014...

CLIMATE NORMAL PERIOD 1981 TO 2010
CLIMATE RECORD PERIOD 1946 TO 2014


WEATHER ITEM   OBSERVED TIME   RECORD YEAR NORMAL DEPARTURE LAST
                VALUE   (LST)  VALUE       VALUE  FROM      YEAR
                                                  NORMAL
..................................................................
TEMPERATURE (F)
 YESTERDAY
  MAXIMUM         90    210 PM  98    1953  81      9       87
  MINIMUM         64    133 AM  41    1986  59      5       63
  AVERAGE         77                        70      7       75

PRECIPITATION (IN)
  YESTERDAY        T            MM      MM   0.10  -0.10     0.01
  MONTH TO DATE    3.12                      3.12   0.00     4.27
  SINCE JUN 1     13.47                     10.95   2.52    16.95
  SINCE JAN 1     27.80                     26.41   1.39    27.54

DEGREE DAYS
 HEATING
  YESTERDAY        0                         1     -1        0
  MONTH TO DATE    9                         3      6        9
  SINCE JUN 1     31                        38     -7       27
  SINCE JUL 1     21                         6     15        9

 COOLING
  YESTERDAY       12                         6      6       10
  MONTH TO DATE  191                       213    -22      182
  SINCE JUN 1    550                       620    -70      613
  SINCE JAN 1    632                       674    -42      721
..................................................................


WIND (MPH)
  HIGHEST WIND SPEED    16   HIGHEST WIND DIRECTION     S (200)
  HIGHEST GUST SPEED    23   HIGHEST GUST DIRECTION    SW (210)
  AVERAGE WIND SPEED     5.0


SKY COVER
  POSSIBLE SUNSHINE  MM
  AVERAGE SKY COVER 0.3


WEATHER CONDITIONS
 THE FOLLOWING WEATHER WAS RECORDED YESTERDAY.
  NO SIGNIFICANT WEATHER WAS OBSERVED.


RELATIVE HUMIDITY (PERCENT)
 HIGHEST    87           500 AM
 LOWEST     43           300 PM
 AVERAGE    65

..........................................................


THE ZANESVILLE OH CLIMATE NORMALS FOR TODAY
                         NORMAL    RECORD    YEAR
 MAXIMUM TEMPERATURE (F)   81        98      1953
 MINIMUM TEMPERATURE (F)   58        42      1946


SUNRISE AND SUNSET
AUGUST 31 2014........SUNRISE   654 AM EDT   SUNSET   801 PM EDT
SEPTEMBER  1 2014.....SUNRISE   655 AM EDT   SUNSET   759 PM EDT


-  INDICATES NEGATIVE NUMBERS.
R  INDICATES RECORD WAS SET OR TIED.
MM INDICATES DATA IS MISSING.
T  INDICATES TRACE AMOUNT.




$$
