000
CDUS41 KPBZ 090808
CLIZZV


CLIMATE REPORT
NATIONAL WEATHER SERVICE PITTSBURGH PA
308 AM EST FRI DEC 9 2016


...................................

...THE ZANESVILLE OH CLIMATE SUMMARY FOR DECEMBER 8 2016...

CLIMATE NORMAL PERIOD 1981 TO 2010
CLIMATE RECORD PERIOD 1946 TO 2016


WEATHER ITEM   OBSERVED TIME   RECORD YEAR NORMAL DEPARTURE LAST
                VALUE   (LST)  VALUE       VALUE  FROM      YEAR
                                                  NORMAL
..................................................................
TEMPERATURE (F)
 YESTERDAY
  MAXIMUM         34    127 AM  70    1966  43     -9       51
  MINIMUM         23   1159 PM   5    1977  27     -4       28
  AVERAGE         29                        35     -6       40

PRECIPITATION (IN)
  YESTERDAY        T            MM      MM   0.09  -0.09     0.00
  MONTH TO DATE    0.74                      0.71   0.03     0.41
  SINCE JUN 1     15.10                     20.53  -5.43    19.41
  SINCE JAN 1     30.08                     35.99  -5.91    35.31

DEGREE DAYS
 HEATING
  YESTERDAY       36                        30      6       25
  MONTH TO DATE  229                       233     -4      204
  SINCE DEC 1    229                       233     -4      204
  SINCE JUL 1   1086                      1374   -288     1046

 COOLING
  YESTERDAY        0                         0      0        0
  MONTH TO DATE    0                         0      0        0
  SINCE DEC 1      0                         0      0        0
  SINCE JAN 1   1355                       768    587      874
..................................................................


WIND (MPH)
  HIGHEST WIND SPEED    21   HIGHEST WIND DIRECTION     W (270)
  HIGHEST GUST SPEED    29   HIGHEST GUST DIRECTION     W (260)
  AVERAGE WIND SPEED    10.9


SKY COVER
  POSSIBLE SUNSHINE  MM
  AVERAGE SKY COVER 1.0


WEATHER CONDITIONS
 THE FOLLOWING WEATHER WAS RECORDED YESTERDAY.
  LIGHT SNOW


RELATIVE HUMIDITY (PERCENT)
 HIGHEST    72           300 AM
 LOWEST     57           500 PM
 AVERAGE    65

..........................................................


THE ZANESVILLE OH CLIMATE NORMALS FOR TODAY
                         NORMAL    RECORD    YEAR
 MAXIMUM TEMPERATURE (F)   42        65      1952
 MINIMUM TEMPERATURE (F)   26        -3      1958


SUNRISE AND SUNSET
DECEMBER  9 2016......SUNRISE   738 AM EST   SUNSET   502 PM EST
DECEMBER 10 2016......SUNRISE   739 AM EST   SUNSET   502 PM EST


-  INDICATES NEGATIVE NUMBERS.
R  INDICATES RECORD WAS SET OR TIED.
MM INDICATES DATA IS MISSING.
T  INDICATES TRACE AMOUNT.




$$
