000
CDUS41 KPBZ 211220
CLIZZV


CLIMATE REPORT
NATIONAL WEATHER SERVICE PITTSBURGH PA
820 AM EDT FRI JUL 21 2017


...................................

...THE ZANESVILLE OH CLIMATE SUMMARY FOR JULY 21 2017...
VALID AS OF 0800 AM LOCAL TIME.

CLIMATE NORMAL PERIOD 1981 TO 2010
CLIMATE RECORD PERIOD 1895 TO 2017


WEATHER ITEM   OBSERVED TIME   RECORD YEAR NORMAL DEPARTURE LAST
                VALUE   (LST)  VALUE       VALUE  FROM      YEAR
                                                  NORMAL
..................................................................
TEMPERATURE (F)
 TODAY
  MAXIMUM         76    659 AM 105    1934
  MINIMUM         73    515 AM  45    1970  62     11       63
                                      1936

PRECIPITATION (IN)
  TODAY            0.01          2.03 1931   0.11  -0.10     0.00
  MONTH TO DATE    4.07                      2.70   1.37     1.59
  SINCE JUN 1      8.48                      6.74   1.74     4.03
  SINCE JAN 1     26.60                     22.20   4.40    19.01

DEGREE DAYS
 HEATING
  TODAY            0

 COOLING
  TODAY           10
..................................................................







THE ZANESVILLE OH CLIMATE NORMALS FOR TOMORROW
                         NORMAL    RECORD    YEAR
 MAXIMUM TEMPERATURE (F)   84       105      1934
 MINIMUM TEMPERATURE (F)   62        46      1936


SUNRISE AND SUNSET
JULY 21 2017..........SUNRISE   617 AM EDT   SUNSET   851 PM EDT
JULY 22 2017..........SUNRISE   617 AM EDT   SUNSET   850 PM EDT


-  INDICATES NEGATIVE NUMBERS.
R  INDICATES RECORD WAS SET OR TIED.
MM INDICATES DATA IS MISSING.
T  INDICATES TRACE AMOUNT.




$$
