000
CDUS41 KPBZ 262220
CLIZZV


CLIMATE REPORT
NATIONAL WEATHER SERVICE PITTSBURGH PA
520 PM EST THU FEB 26 2015


...................................

...THE ZANESVILLE OH CLIMATE SUMMARY FOR FEBRUARY 26 2015...
VALID TODAY AS OF 0500 PM LOCAL TIME.

CLIMATE NORMAL PERIOD 1981 TO 2010
CLIMATE RECORD PERIOD 1946 TO 2015


WEATHER ITEM   OBSERVED TIME   RECORD YEAR NORMAL DEPARTURE LAST
                VALUE   (LST)  VALUE       VALUE  FROM      YEAR
                                                  NORMAL
..................................................................
TEMPERATURE (F)
 TODAY
  MAXIMUM         24   1219 AM  75    2000  44    -20       24
  MINIMUM         14    859 AM  -7    1963  25    -11       15
  AVERAGE         19                        35    -16       20

PRECIPITATION (IN)
  TODAY            0.00         MM      MM   0.08  -0.08      T
  MONTH TO DATE    1.05                      2.01  -0.96     1.28
  SINCE JUN 1     25.91                     27.07  -1.16    30.89
  SINCE JAN 1      3.50                      4.67  -1.17     2.58

DEGREE DAYS
 HEATING
  TODAY           46                        30     16       45
  MONTH TO DATE 1134                       863    271     1004
  SINCE DEC 1   3241                      2989    252     3284
  SINCE JUL 1   4548                      4130    418     4460

 COOLING
  TODAY            0                         0      0        0
  MONTH TO DATE    0                         0      0        0
  SINCE DEC 1      0                         0      0        0
  SINCE JAN 1      0                         0      0        0
..................................................................


WIND (MPH)
  HIGHEST WIND SPEED    15   HIGHEST WIND DIRECTION    NW (320)
  HIGHEST GUST SPEED    18   HIGHEST GUST DIRECTION    NW (310)
  AVERAGE WIND SPEED     9.0


SKY COVER
  POSSIBLE SUNSHINE  MM
  AVERAGE SKY COVER 0.7


WEATHER CONDITIONS
 THE FOLLOWING WEATHER WAS RECORDED TODAY.
  NO SIGNIFICANT WEATHER WAS OBSERVED.


RELATIVE HUMIDITY (PERCENT)
 HIGHEST    64           900 AM
 LOWEST     53           700 AM
 AVERAGE    59

..........................................................


THE ZANESVILLE OH CLIMATE NORMALS FOR TOMORROW
                         NORMAL    RECORD    YEAR
 MAXIMUM TEMPERATURE (F)   45        70      1996
 MINIMUM TEMPERATURE (F)   25       -11      1963


SUNRISE AND SUNSET
FEBRUARY 26 2015......SUNRISE   706 AM EST   SUNSET   616 PM EST
FEBRUARY 27 2015......SUNRISE   704 AM EST   SUNSET   617 PM EST


-  INDICATES NEGATIVE NUMBERS.
R  INDICATES RECORD WAS SET OR TIED.
MM INDICATES DATA IS MISSING.
T  INDICATES TRACE AMOUNT.




$$
