000
CXUS53 KABR 011658 CCA
CLM8D3

CLIMATE REPORT
NATIONAL WEATHER SERVICE ABERDEEN SD
1007 AM CST MON DEC 1 2014

...................................

...THE SISSETON SD CLIMATE SUMMARY FOR THE MONTH OF NOVEMBER 2014...

CLIMATE NORMAL PERIOD 1981 TO 2010
CLIMATE RECORD PERIOD 1900 TO 2014

WEATHER         OBSERVED          NORMAL  DEPART  LAST YEAR`S
                 VALUE   DATE(S)  VALUE   FROM    VALUE  DATE(S)
                                          NORMAL
................................................................
TEMPERATURE (F)
RECORD
 HIGH              79   11/02/1965
 LOW              -18   11/30/1964
HIGHEST            58   11/07        MM      MM       60  11/13
                        11/02
LOWEST            -15   11/27        MM      MM       -3  11/23
AVG. MAXIMUM     31.1              40.2    -9.1     40.8
AVG. MINIMUM     13.4              21.5    -8.1     18.5
MEAN             22.2              30.8    -8.6     29.6
DAYS MAX >= 90      0               0.0     0.0        0
DAYS MAX <= 32     18               7.6    10.4        7
DAYS MIN <= 32     27              25.8     1.2       28
DAYS MIN <= 0       4               1.0     3.0        1

PRECIPITATION (INCHES)
RECORD
 MAXIMUM         4.77   1977
 MINIMUM         0.00   1999
TOTALS           0.95              0.58    0.37     0.07
DAYS >= .01         9                MM      MM        3
DAYS >= .10         2                MM      MM        0
DAYS >= .50         1                MM      MM        0
DAYS >= 1.00        0                MM      MM        0

SNOWFALL (INCHES)
RECORDS
 TOTAL           27.7   5

 SNOW DEPTH        13   11/30/2005
TOTALS            8.4                MM      MM      0.0
SINCE 7/1         8.4                MM      MM      1.0
SNOWDEPTH AVG.      3                MM      MM        0
DAYS >= TRACE      11                MM      MM        0
DAYS >= 1.0         1                MM      MM        0
GREATEST
 SNOW DEPTH         7   11/21                          0  MM
                        11/20
                        11/19

DEGREE_DAYS
HEATING TOTAL    1272              1024     248     1054
 SINCE 7/1       1980              1851     129     1832
COOLING TOTAL       0                 0       0        0
 SINCE 1/1        442               527     -85      625

FREEZE DATES
RECORD
 EARLIEST     MM
 LATEST       MM
EARLIEST                        MM
LATEST                          MM
.................................................................

WIND (MPH)
AVERAGE WIND SPEED              14.0
RESULTANT WIND SPEED/DIRECTION   7/329
HIGHEST WIND SPEED/DIRECTION    43/350    DATE  11/07
HIGHEST GUST SPEED/DIRECTION    51/350    DATE  11/07

SKY COVER
POSSIBLE SUNSHINE (PERCENT)   MM
AVERAGE SKY COVER           0.00
NUMBER OF DAYS FAIR           30
NUMBER OF DAYS PC              0
NUMBER OF DAYS CLOUDY          0

AVERAGE RH (PERCENT)     76


-  INDICATES NEGATIVE NUMBERS.
R  INDICATES RECORD WAS SET OR TIED.
MM INDICATES DATA IS MISSING.
T  INDICATES TRACE AMOUNT.

$$
