000
CXUS52 KTAE 032336
CLMAAF

CLIMATE REPORT
NATIONAL WEATHER SERVICE TALLAHASSEE FL
640 PM EST SAT JAN 3 2015

...................................

...THE APALACHICOLA CLIMATE SUMMARY FOR THE MONTH OF DECEMBER 2014...

CLIMATE NORMAL PERIOD 1981 TO 2010
CLIMATE RECORD PERIOD 1931 TO 2014

WEATHER         OBSERVED                   LAST YEAR`S
                 VALUE   DATE(S)           VALUE  DATE(S)

.........................................................
TEMPERATURE (F)
HIGHEST            78   12/16                  80  12/07
                        12/03
                        12/02
LOWEST             37   12/14                  36  12/25
                        12/11
AVG. MAXIMUM     69.6                        70.5
AVG. MINIMUM     51.1                        52.0
MEAN             60.4                        61.3
DAYS MAX >= 90      0                           0
DAYS MAX <= 32      0                           0
DAYS MIN <= 32      0                           0
DAYS MIN <= 0       0                           0

PRECIPITATION (INCHES)
TOTALS           3.64                        6.60
DAILY AVG.       0.12                        0.21
DAYS >= .01         9                           9
DAYS >= .10         4                           4
DAYS >= .50         2                           4
DAYS >= 1.00        2                           3
GREATEST
 24 HR. TOTAL    2.64   12/23 TO 12/24       2.12

DEGREE_DAYS
HEATING TOTAL     173                         168
 SINCE 7/1        415                         301
COOLING TOTAL      37                          58
 SINCE 1/1       2713                        2778
..........................................................

WIND (MPH)
AVERAGE WIND SPEED              6.6
HIGHEST WIND SPEED/DIRECTION    31/240    DATE  12/24
HIGHEST GUST SPEED/DIRECTION    39/250    DATE  12/24

SKY COVER
AVERAGE SKY COVER           0.40

AVERAGE RH (PERCENT)     71

WEATHER CONDITIONS. NUMBER OF DAYS WITH
THUNDERSTORM              0     MIXED PRECIP               0
HEAVY RAIN                4     RAIN                       5
LIGHT RAIN                9     FREEZING RAIN              0
LT FREEZING RAIN          0     HAIL                       0
HEAVY SNOW                0     SNOW                       0
LIGHT SNOW                0     SLEET                      0
FOG                      15     FOG W/VIS <= 1/4 MILE      4
HAZE                     12

-  INDICATES NEGATIVE NUMBERS.
R  INDICATES RECORD WAS SET OR TIED.
MM INDICATES DATA IS MISSING.
T  INDICATES TRACE AMOUNT.

$$
