000
CXUS52 KTAE 040744
CLMAAF

CLIMATE REPORT
NATIONAL WEATHER SERVICE TALLAHASSEE FL
347 AM EDT FRI SEP 4 2015

...................................

...THE APALACHICOLA CLIMATE SUMMARY FOR THE MONTH OF AUGUST 2015...

CLIMATE NORMAL PERIOD 1981 TO 2010
CLIMATE RECORD PERIOD 1931 TO 2015

WEATHER         OBSERVED                   LAST YEAR`S
                 VALUE   DATE(S)           VALUE  DATE(S)

.........................................................
TEMPERATURE (F)
HIGHEST            98   08/03                 102  08/24
LOWEST             64   08/27                  65  08/01
AVG. MAXIMUM     92.4                        91.5
AVG. MINIMUM     75.9                        74.8
MEAN             84.1                        83.2
DAYS MAX >= 90     26                          24
DAYS MAX <= 32      0                           0
DAYS MIN <= 32      0                           0
DAYS MIN <= 0       0                           0

PRECIPITATION (INCHES)
TOTALS           4.68                        3.95
DAILY AVG.       0.15                        0.13
DAYS >= .01        11                          10
DAYS >= .10         6                           6
DAYS >= .50         3                           4
DAYS >= 1.00        2                           1
GREATEST
 24 HR. TOTAL    1.67   08/16 TO 08/16       1.46
                        08/15 TO 08/16
                        08/16 TO 08/16

DEGREE_DAYS
HEATING TOTAL       0                           0
 SINCE 7/1          0                           0
COOLING TOTAL     563                         571
 SINCE 1/1       2678                        1980
..........................................................

WIND (MPH)
AVERAGE WIND SPEED              6.3
HIGHEST WIND SPEED/DIRECTION    28/230    DATE  08/08
HIGHEST GUST SPEED/DIRECTION    38/160    DATE  08/08

SKY COVER
AVERAGE SKY COVER           0.20

AVERAGE RH (PERCENT)     74

WEATHER CONDITIONS. NUMBER OF DAYS WITH
THUNDERSTORM              0     MIXED PRECIP               0
HEAVY RAIN                9     RAIN                       9
LIGHT RAIN               11     FREEZING RAIN              0
LT FREEZING RAIN          0     HAIL                       0
HEAVY SNOW                0     SNOW                       0
LIGHT SNOW                0     SLEET                      0
FOG                      10     FOG W/VIS <= 1/4 MILE      0
HAZE                      3

-  INDICATES NEGATIVE NUMBERS.
R  INDICATES RECORD WAS SET OR TIED.
MM INDICATES DATA IS MISSING.
T  INDICATES TRACE AMOUNT.

$$
