000
CXUS53 KABR 091051
CLMABR


CLIMATE REPORT
NATIONAL WEATHER SERVICE ABERDEEN SD
551 AM CDT FRI JUN 9 2017

...................................

...THE ABERDEEN SD CLIMATE SUMMARY FOR THE MONTH OF MAY 2017...

CLIMATE NORMAL PERIOD 1981 TO 2010
CLIMATE RECORD PERIOD 1893 TO 2017

WEATHER         OBSERVED          NORMAL  DEPART  LAST YEAR`S
                 VALUE   DATE(S)  VALUE   FROM    VALUE  DATE(S)
                                          NORMAL
................................................................
TEMPERATURE (F)
RECORD
 HIGH             110   05/30/1934
 LOW               13   05/03/2005
HIGHEST            87   05/07        70      17       93  05/06
LOWEST             25   05/02        MM      MM       26  05/14
AVG. MAXIMUM     71.6              68.7     2.9     74.0
AVG. MINIMUM     42.1              44.1    -2.0     44.2
MEAN             56.9              56.4     0.5     59.1
DAYS MAX >= 90      0               0.4    -0.4        2
DAYS MAX <= 32      0               0.0     0.0        0
DAYS MIN <= 32      2               2.5    -0.5        4
DAYS MIN <= 0       0               0.0     0.0        0

PRECIPITATION (INCHES)
RECORD
 MAXIMUM        12.39   1906
 MINIMUM         0.25   1900
TOTALS           0.65              3.11   -2.46     2.13
DAYS >= .01         8               9.9    -1.9       11
DAYS >= .10         2               5.6    -3.6        7
DAYS >= .50         0               2.0    -2.0        0
DAYS >= 1.00        0               0.6    -0.6        0

SNOWFALL (INCHES)
RECORDS
 TOTAL            2.0   1943
                        0
                        0
 SNOW DEPTH         2   05/12/1943
TOTALS            0.0                 T     0.0      0.0
SINCE 7/1        39.9              38.1     1.8     26.5
SNOWDEPTH AVG.      0                MM      MM        0
DAYS >= TRACE       0               0.0     0.0        0
DAYS >= 1.0         0               0.0     0.0        0
GREATEST
 SNOW DEPTH         0   MM                             0  MM

DEGREE_DAYS
HEATING TOTAL     258               287     -29      208
 SINCE 7/1       7500              8458    -958     6767
COOLING TOTAL      12                21      -9       32
 SINCE 1/1         12                23     -11       33

FREEZE DATES
RECORD
 EARLIEST     MM
 LATEST       MM
EARLIEST      05/02             MM
LATEST        05/04             MM
.................................................................

WIND (MPH)
AVERAGE WIND SPEED              11.4
RESULTANT WIND SPEED/DIRECTION   4/351
HIGHEST WIND SPEED/DIRECTION    38/340    DATE  05/28
HIGHEST GUST SPEED/DIRECTION    50/340    DATE  05/28

SKY COVER
POSSIBLE SUNSHINE (PERCENT)   MM
AVERAGE SKY COVER           0.30
NUMBER OF DAYS FAIR           22
NUMBER OF DAYS PC              5
NUMBER OF DAYS CLOUDY          4

AVERAGE RH (PERCENT)     54

WEATHER CONDITIONS. NUMBER OF DAYS WITH
THUNDERSTORM              0     MIXED PRECIP               0
HEAVY RAIN                1     RAIN                       2
LIGHT RAIN               11     FREEZING RAIN              0
LT FREEZING RAIN          0     HAIL                       0
HEAVY SNOW                0     SNOW                       0
LIGHT SNOW                0     SLEET                      0
FOG                       6     FOG W/VIS <= 1/4 MILE      2
HAZE                      6

-  INDICATES NEGATIVE NUMBERS.
R  INDICATES RECORD WAS SET OR TIED.
MM INDICATES DATA IS MISSING.
T  INDICATES TRACE AMOUNT.

$$
