000
CXUS54 KFWD 021730 CCA
CLMACT

CLIMATE REPORT...CORRECTED
NATIONAL WEATHER SERVICE FORT WORTH TX
1130 AM CST MON FEB 2 2015

CORRECTED THUNDERSTORM DAYS

...................................

...THE WACO CLIMATE SUMMARY FOR THE MONTH OF JANUARY 2015...

CLIMATE NORMAL PERIOD 1981 TO 2010
CLIMATE RECORD PERIOD 1901 TO 2015

WEATHER         OBSERVED          NORMAL  DEPART  LAST YEAR`S
                 VALUE   DATE(S)  VALUE   FROM    VALUE  DATE(S)
                                          NORMAL
................................................................
TEMPERATURE (F)
RECORD
 HIGH              90   01/23/1943
                        01/30/1911
 LOW               -5   01/31/1949
HIGHEST            80   01/28        78       2       80  01/20
LOWEST             18   01/08        19      -1       16  01/06
AVG. MAXIMUM     55.5              58.2    -2.7     59.7
AVG. MINIMUM     33.4              36.1    -2.7     30.9
MEAN             44.4              47.2    -2.8     45.3
DAYS MAX >= 90      0               0.0     0.0        0
DAYS MAX <= 32      0               0.4    -0.4        1
DAYS MAX >= 100     0                                  0
DAYS MIN <= 32     13              11.3     1.7       20
DAYS MIN <= 0       0               0.0     0.0        0
DAYS MIN >= 80      0                                  0

PRECIPITATION (INCHES)
RECORD
 MAXIMUM         6.56   1932
 MINIMUM         0.00   1912
TOTALS           3.48              2.12    1.36     0.30
DAILY AVG.       0.11              0.07    0.04     0.01
DAYS >= .01        10               7.1     2.9        4
DAYS >= .10         8               4.1     3.9        1
DAYS >= .50         1               1.4    -0.4        0
DAYS >= 1.00        1               0.4     0.6        0
GREATEST
 24 HR. TOTAL    1.54   01/21 TO 01/22              0.20

SNOWFALL (INCHES)
RECORDS
 TOTAL            8.0   1926
 24 HR TOTAL      8.0   01/24/1926 TO 01/24/1926
TOTALS              T               0.3    -0.3        T
SINCE 7/1           T               0.4    -0.4        T
SNOWDEPTH AVG.      0                MM      MM        0
DAYS >= TRACE       1                                  3
DAYS >= 1.0         0               0.0     0.0        0
GREATEST
 SNOW DEPTH         0   MM                             0  MM
 24 HR TOTAL        T   01/09 TO 01/09                 T

DEGREE_DAYS
HEATING TOTAL     630               556      74      604
 SINCE 7/1       1444              1408      36     1670
COOLING TOTAL       0                 3      -3        0
 SINCE 1/1          0                 0       0        0
.................................................................

WIND (MPH)
AVERAGE WIND SPEED              8.6
HIGHEST WIND SPEED/DIRECTION    33/010    DATE  01/07
HIGHEST GUST SPEED/DIRECTION    40/350    DATE  01/07

SKY COVER
POSSIBLE SUNSHINE (PERCENT)   MM
AVERAGE SKY COVER           0.40
NUMBER OF DAYS FAIR           18
NUMBER OF DAYS PC              2
NUMBER OF DAYS CLOUDY         11

AVERAGE RH (PERCENT)     70

WEATHER CONDITIONS. NUMBER OF DAYS WITH
THUNDERSTORM              3     MIXED PRECIP               0
HEAVY RAIN                6     RAIN                       7
LIGHT RAIN               12     FREEZING RAIN              0
LT FREEZING RAIN          1     HAIL                       0
HEAVY SNOW                0     SNOW                       0
LIGHT SNOW                0     SLEET                      1
FOG                      14     FOG W/VIS <= 1/4 MILE      1
HAZE                      3

-  INDICATES NEGATIVE NUMBERS.
R  INDICATES RECORD WAS SET OR TIED.
MM INDICATES DATA IS MISSING.
T  INDICATES TRACE AMOUNT.

$$
