000
CXUS42 KFFC 020225
CLMAHN


CLIMATE REPORT
NATIONAL WEATHER SERVICE PEACHTREE CITY GA
1024 PM EDT TUE SEP 1 2015

...................................

...THE ATHENS CLIMATE SUMMARY FOR THE MONTH OF AUGUST 2015...

CLIMATE NORMAL PERIOD 1981 TO 2010
CLIMATE RECORD PERIOD 1898 TO 2015

WEATHER         OBSERVED          NORMAL  DEPART  LAST YEAR`S
                 VALUE   DATE(S)  VALUE   FROM    VALUE  DATE(S)
                                          NORMAL
................................................................
TEMPERATURE (F)
RECORD
 HIGH             107   08/21/1983
                        08/20/1925
 LOW               44   08/02/1936
HIGHEST           100   08/05        MM      MM       98  08/23
                        08/04                             08/21
LOWEST             62   08/26        MM      MM       60  08/28
AVG. MAXIMUM     90.1              89.9     0.2     91.3
AVG. MINIMUM     69.5              69.3     0.2     67.4
MEAN             79.8              79.6     0.2     79.3
DAYS MAX >= 90     18              15.8     2.2       21
DAYS MAX <= 32      0               0.0     0.0        0
DAYS MIN <= 32      0               0.0     0.0        0
DAYS MIN <= 0       0               0.0     0.0        0

PRECIPITATION (INCHES)
RECORD
 MAXIMUM        17.87   1901
 MINIMUM         0.09   1951
TOTALS           6.78              3.53    3.25     1.89
DAILY AVG.       0.22              0.11    0.11     0.06
GREATEST
 24 HR. TOTAL    2.03   08/17 TO 08/17           08/18 TO 08/19
                                                          08/31 TO 08/31
                                                          08/31 TO 08/31

DEGREE_DAYS
COOLING TOTAL     466               453      13      448
 SINCE 1/1       1797              1555     242     1585
..................................................

WIND (MPH)
AVERAGE WIND SPEED              3.4
HIGHEST WIND SPEED/DIRECTION    24/290    DATE  08/06
HIGHEST GUST SPEED/DIRECTION    39/300    DATE  08/06

SKY COVER
POSSIBLE SUNSHINE (PERCENT)   MM
AVERAGE SKY COVER           0.30
NUMBER OF DAYS FAIR           18
NUMBER OF DAYS PC             12
NUMBER OF DAYS CLOUDY          1

AVERAGE RH (PERCENT)     71

WEATHER CONDITIONS. NUMBER OF DAYS WITH
THUNDERSTORM              0     MIXED PRECIP               0
HEAVY RAIN                9     RAIN                       9
LIGHT RAIN               11     FREEZING RAIN              0
LT FREEZING RAIN          0     HAIL                       0
HEAVY SNOW                0     SNOW                       0
LIGHT SNOW                0     SLEET                      0
FOG                      15     FOG W/VIS <= 1/4 MILE      1
HAZE                      7

-  INDICATES NEGATIVE NUMBERS.
R  INDICATES RECORD WAS SET OR TIED.
MM INDICATES DATA IS MISSING.
T  INDICATES TRACE AMOUNT.

$$
