000
CXUS52 KJAX 011811 RRA
CLMAMG

MIACLMAMG
TTAA00 KJAX 011809


CLIMATE REPORT
NATIONAL WEATHER SERVICE JACKSONVILLE FL
109 PM EST THU FEB 1 2018

...................................

...THE ALMA CLIMATE SUMMARY FOR THE MONTH OF JANUARY 2018...

CLIMATE NORMAL PERIOD 1981 TO 2010
CLIMATE RECORD PERIOD 1948 TO 2018

WEATHER         OBSERVED          NORMAL  DEPART  LAST YEAR`S
                 VALUE   DATE(S)  VALUE   FROM    VALUE  DATE(S)
                                          NORMAL
................................................................
TEMPERATURE (F)
RECORD
 HIGH              83   01/29/2013
                        01/26/2012
                        01/30/1975
 LOW                    01/21/1985
HIGHEST            78   01/22        62      16       82  01/02
LOWEST             22   01/18        41     -19       24  01/09
                        01/02
AVG. MAXIMUM     59.3              61.6    -2.3     68.8
AVG. MINIMUM     35.1              39.8    -4.7     45.9
MEAN             47.2              50.7    -3.5     57.4
DAYS MAX >= 90      0               0.0     0.0        0
DAYS MAX <= 32      0               0.1    -0.1        0
DAYS MIN <= 32     19               8.3    10.7        3
DAYS MIN <= 0       0               0.0     0.0        0

PRECIPITATION (INCHES)
RECORD
 MAXIMUM        14.86   1991
 MINIMUM         0.30   2003
TOTALS           1.55              4.26   -2.71     7.09
DAILY AVG.       0.05              0.14   -0.09     0.23
DAYS >= .01         6               9.5    -3.5        9
DAYS >= .10         4               6.6    -2.6        5
DAYS >= .50         1               2.9    -1.9        4
DAYS >= 1.00        0               1.3    -1.3        2
GREATEST
 24 HR. TOTAL    0.52

SNOWFALL (INCHES)
RECORDS
 TOTAL              T   2014
                        2000
TOTALS            3.0R              0.0     3.0      0.0
SINCE 7/1         3.0               0.1     2.9      0.0
SNOWDEPTH AVG.      0                MM      MM        0
DAYS >= 1.0         1               0.0     1.0        0
GREATEST
 SNOW DEPTH         1R  01/04                          0  MM
 24 HR TOTAL      3.0R

DEGREE_DAYS
HEATING TOTAL     551               449     102      253
 SINCE 7/1       1133              1089      44      709
COOLING TOTAL       5                 5       0       26
 SINCE 1/1          5                 0       5       26
.................................................................

WIND (MPH)
AVERAGE WIND SPEED              5.2
HIGHEST WIND SPEED/DIRECTION    21/280    DATE  01/23
HIGHEST GUST SPEED/DIRECTION    29/290    DATE  01/23

SKY COVER
POSSIBLE SUNSHINE (PERCENT)   MM
AVERAGE SKY COVER           0.30
NUMBER OF DAYS FAIR           18
NUMBER OF DAYS PC             10
NUMBER OF DAYS CLOUDY          3

AVERAGE RH (PERCENT)     63

WEATHER CONDITIONS. NUMBER OF DAYS WITH
  0
  5
  0
  0
  1
  0
  2
HAZE                      8

-  INDICATES NEGATIVE NUMBERS.
R  INDICATES RECORD WAS SET OR TIED.
MM INDICATES DATA IS MISSING.
T  INDICATES TRACE AMOUNT.

$$
