000
CXUS54 KBMX 011937
CLMANB


CLIMATE REPORT
NATIONAL WEATHER SERVICE BIRMINGHAM, AL
136 PM CST SUN FEB 1 2015

...................................

...THE ANNISTON CLIMATE SUMMARY FOR THE MONTH OF JANUARY 2015...

CLIMATE NORMAL PERIOD 1981 TO 2010
CLIMATE RECORD PERIOD 1903 TO 2015

WEATHER         OBSERVED          NORMAL  DEPART  LAST YEAR`S
                 VALUE   DATE(S)  VALUE   FROM    VALUE  DATE(S)
                                          NORMAL
................................................................
TEMPERATURE (F)
RECORD
 HIGH              80   01/25/1950
                        01/11/1949
                        01/10/1949
 LOW               -5   01/21/1985
HIGHEST            70   01/03        MM      MM       69  01/11
LOWEST             10   01/08        MM      MM        5  01/30
AVG. MAXIMUM     53.5              53.7    -0.2     48.4
AVG. MINIMUM     31.4              33.0    -1.6     23.4
MEAN             42.5                               35.9
DAYS MAX >= 90      0               0.0     0.0        0
DAYS MAX <= 32      0               0.6    -0.6        3
DAYS MIN <= 32     20              15.0     5.0       25
DAYS MIN <= 0       0               0.0     0.0        0

PRECIPITATION (INCHES)
RECORD
 MAXIMUM        12.69   1972
 MINIMUM         0.95   1986
TOTALS           5.50              4.52    0.98     3.21
DAILY AVG.       0.18              0.15    0.03
DAYS >= .01        11              10.6     0.4
DAYS >= .10         6               7.2    -1.2
DAYS >= .50         4               3.0     1.0
DAYS >= 1.00        2               1.3     0.7

DEGREE_DAYS
HEATING TOTAL     692               671      21      895
 SINCE 7/1       1830              1773      57     1968
.................................................................

WIND (MPH)
AVERAGE WIND SPEED              5.4
HIGHEST WIND SPEED/DIRECTION    29/280    DATE  01/25
HIGHEST GUST SPEED/DIRECTION    39/300    DATE  01/25

AVERAGE RH (PERCENT)     67

WEATHER CONDITIONS. NUMBER OF DAYS WITH
THUNDERSTORM              0     MIXED PRECIP               0
HEAVY RAIN                2     RAIN                       4
LIGHT RAIN               10     FREEZING RAIN              0
LT FREEZING RAIN          0     HAIL                       0
HEAVY SNOW                0     SNOW                       0
LIGHT SNOW                0     SLEET                      0
FOG                      14     FOG W/VIS <= 1/4 MILE      0
HAZE                      3

-  INDICATES NEGATIVE NUMBERS.
R  INDICATES RECORD WAS SET OR TIED.
MM INDICATES DATA IS MISSING.
T  INDICATES TRACE AMOUNT.

$$
