000
CXUS51 KCTP 012118
CLMAOO

CLIMATE REPORT
NATIONAL WEATHER SERVICE STATE COLLEGE PA
518 PM EDT SAT AUG 1 2015

...................................

...THE ALTOONA CLIMATE SUMMARY FOR THE MONTH OF JULY 2015...

...CORRECTION FOR THUNDERSTORM DAYS...

CLIMATE NORMAL PERIOD 1981 TO 2010
CLIMATE RECORD PERIOD 1948 TO 2015

WEATHER         OBSERVED          NORMAL  DEPART  LAST YEAR`S
                 VALUE   DATE(S)  VALUE   FROM    VALUE  DATE(S)
                                          NORMAL
................................................................
TEMPERATURE (F)
RECORD
 HIGH             103   07/22/2011
 LOW               41   07/21/1966
HIGHEST            88   07/19                         88  07/01
LOWEST             48   07/16                         49  07/30
AVG. MAXIMUM     81.1              81.4    -0.3     79.4
AVG. MINIMUM     60.2              59.9     0.3     59.9
MEAN             70.6              70.6     0.0     69.7
DAYS MAX >= 90      0                MM      MM        0
DAYS MAX <= 32      0                MM      MM        0
DAYS MIN <= 32      0                MM      MM        0
DAYS MIN <= 0       0                MM      MM        0

PRECIPITATION (INCHES)
RECORD
 MAXIMUM         8.74   1989
 MINIMUM         0.98   2002
TOTALS           5.66              3.26    2.40     3.40
DAILY AVG.       0.18              0.11    0.07     0.11
DAYS >= .01        12                MM      MM       10
DAYS >= .10         8                MM      MM        9
DAYS >= .50         4                MM      MM        3
DAYS >= 1.00        3                MM      MM        0
GREATEST
 24 HR. TOTAL    1.70

DEGREE_DAYS
HEATING TOTAL       3                10      -7       14
 SINCE 7/1          3                10      -7       14
COOLING TOTAL     186               185       1      167
 SINCE 1/1        438               327     111      351
....................................................

WIND (MPH)
AVERAGE WIND SPEED              4.1
HIGHEST WIND SPEED/DIRECTION    21/330    DATE  07/21
HIGHEST GUST SPEED/DIRECTION    30/320    DATE  07/21

SKY COVER
POSSIBLE SUNSHINE (PERCENT)   MM
AVERAGE SKY COVER           0.40
NUMBER OF DAYS FAIR           17
NUMBER OF DAYS PC             12
NUMBER OF DAYS CLOUDY          2

AVERAGE RH (PERCENT)     74

WEATHER CONDITIONS. NUMBER OF DAYS WITH
THUNDERSTORM              4     MIXED PRECIP               0
HEAVY RAIN                7     RAIN                      10
LIGHT RAIN               14     FREEZING RAIN              0
LT FREEZING RAIN          0     HAIL                       0
HEAVY SNOW                0     SNOW                       0
LIGHT SNOW                0     SLEET                      0
FOG                      25     FOG W/VIS <= 1/4 MILE      4
HAZE                     13

-  INDICATES NEGATIVE NUMBERS.
R  INDICATES RECORD WAS SET OR TIED.
MM INDICATES DATA IS MISSING.
T  INDICATES TRACE AMOUNT.

$$

LA CORTE
