000
CXUS43 KLOT 021551
CLMARR


CLIMATE REPORT
NATIONAL WEATHER SERVICE CHICAGO IL
1048 AM CDT FRI SEP 2 2016

...................................

...THE AURORA MUNICIPAL AIRPORT CLIMATE SUMMARY FOR THE MONTH OF AUGUST 2016...

CLIMATE NORMAL PERIOD 1981 TO 2010
CLIMATE RECORD PERIOD 1998 TO 2016

WEATHER         OBSERVED          NORMAL  DEPART  LAST YEAR`S
                 VALUE   DATE(S)  VALUE   FROM    VALUE
                                          NORMAL
.............................................................
TEMPERATURE (F)
RECORD
 HIGH              97   08/02/2006
 LOW               40   08/31/2009
HIGHEST            93   08/11        MM      MM       90
LOWEST             50   08/22        MM      MM       46
AVG. MAXIMUM     84.7              81.2     3.5     80.4
AVG. MINIMUM     63.8              59.0     4.8     58.3
MEAN             74.2              70.1     4.1     69.4

PRECIPITATION (INCHES)
RECORD
 MAXIMUM         8.57   2007
 MINIMUM         0.51   2003
TOTALS           3.88              4.12   -0.24     3.43

DEGREE_DAYS
HEATING TOTAL       1                15     -14       20
 SINCE 7/1          3                24     -21       32
COOLING TOTAL     283               173     110      163
 SINCE 1/1        854               584     270      597
..............................................................

WIND (MPH)
AVERAGE WIND SPEED              5.3
HIGHEST WIND SPEED/DIRECTION    28/300    DATE  08/04
HIGHEST GUST SPEED/DIRECTION    42/300    DATE  08/04

AVERAGE RH (PERCENT)     76


-  INDICATES NEGATIVE NUMBERS.
R  INDICATES RECORD WAS SET OR TIED.
MM INDICATES DATA IS MISSING.
T  INDICATES TRACE AMOUNT.

$$
