000
CXUS42 KFFC 021315
CLMATL


CLIMATE REPORT
NATIONAL WEATHER SERVICE PEACHTREE CITY GA
913 AM EDT FRI SEP 2 2016

...................................

...THE ATLANTA CLIMATE SUMMARY FOR THE MONTH OF AUGUST 2016...

CLIMATE NORMAL PERIOD 1981 TO 2010
CLIMATE RECORD PERIOD 1878 TO 2016

WEATHER         OBSERVED          NORMAL  DEPART  LAST YEAR`S
                 VALUE   DATE(S)  VALUE   FROM    VALUE  DATE(S)
                                          NORMAL
................................................................
TEMPERATURE (F)
RECORD
 HIGH             104   08/22/2007
 LOW               55   08/29/1992
                        08/30/1986
                        08/24/1891
HIGHEST            97   08/18        MM      MM       97  08/04
LOWEST             71   08/22        MM      MM       60  08/26
                        08/19
AVG. MAXIMUM     91.5              88.1     3.4     88.8
AVG. MINIMUM     73.9              70.7     3.2     71.0
MEAN             82.7              79.4     3.3     79.9
DAYS MAX >= 90     24              10.6    13.4       13
DAYS MAX <= 32      0               0.0     0.0        0
DAYS MIN <= 32      0               0.0     0.0        0
DAYS MIN <= 0       0               0.0     0.0        0

PRECIPITATION (INCHES)
RECORD
 MAXIMUM        10.02   1920
 MINIMUM         0.02   1925
TOTALS           3.06              3.90   -0.84     5.77
DAILY AVG.       0.10              0.13   -0.03     0.19
DAYS >= .01        12               9.7     2.3       10
DAYS >= .10         7               6.4     0.6        7
DAYS >= .50         2               2.6    -0.6        5
DAYS >= 1.00        0               1.3    -1.3        3
GREATEST
 24 HR. TOTAL    0.85   08/19 TO 08/19           08/18 TO 08/19
                                                          08/31 TO 08/31
                                                          08/31 TO 08/31

DEGREE_DAYS
HEATING TOTAL       0                 0       0        0
 SINCE 7/1          0                 0       0        0
COOLING TOTAL     555               447     108      470
 SINCE 1/1       1950              1539     411     1792
..................................................

WIND (MPH)
AVERAGE WIND SPEED              6.8
HIGHEST WIND SPEED/DIRECTION    32/340    DATE  08/02
HIGHEST GUST SPEED/DIRECTION    40/320    DATE  08/02

SKY COVER
POSSIBLE SUNSHINE (PERCENT)   MM
AVERAGE SKY COVER           0.50
NUMBER OF DAYS FAIR            7
NUMBER OF DAYS PC             19
NUMBER OF DAYS CLOUDY          5

AVERAGE RH (PERCENT)     71

WEATHER CONDITIONS. NUMBER OF DAYS WITH
THUNDERSTORM              0     MIXED PRECIP               0
HEAVY RAIN                5     RAIN                       6
LIGHT RAIN               13     FREEZING RAIN              0
LT FREEZING RAIN          0     HAIL                       0
HEAVY SNOW                0     SNOW                       0
LIGHT SNOW                0     SLEET                      0
FOG                      13     FOG W/VIS <= 1/4 MILE      0
HAZE                      1

-  INDICATES NEGATIVE NUMBERS.
R  INDICATES RECORD WAS SET OR TIED.
MM INDICATES DATA IS MISSING.
T  INDICATES TRACE AMOUNT.

$$
