000
CXUS42 KFFC 190839
CLMATL


CLIMATE REPORT
NATIONAL WEATHER SERVICE PEACHTREE CITY GA
439 AM EDT WED APR 19 2017

...................................

...THE ATLANTA CLIMATE SUMMARY FOR THE MONTH OF MARCH 2017...

CLIMATE NORMAL PERIOD 1981 TO 2010
CLIMATE RECORD PERIOD 1878 TO 2017

WEATHER         OBSERVED          NORMAL  DEPART  LAST YEAR`S
                 VALUE   DATE(S)  VALUE   FROM    VALUE  DATE(S)
                                          NORMAL
................................................................
TEMPERATURE (F)
RECORD
 HIGH              89   03/23/1995
 LOW               10   03/05/1960
HIGHEST            86   03/21        89      -3       85  03/15
LOWEST             25   03/16        11      14       35  03/05
AVG. MAXIMUM     67.9              64.6     3.3     70.4
AVG. MINIMUM     47.5              44.1     3.4     50.5
MEAN             57.7              54.3     3.4     60.5
DAYS MAX >= 90      0               0.0     0.0        0
DAYS MAX <= 32      0               0.0     0.0        0
DAYS MIN <= 32      3               2.9     0.1        0
DAYS MIN <= 0       0               0.0     0.0        0

PRECIPITATION (INCHES)
RECORD
 MAXIMUM        13.28   1929
 MINIMUM         0.88   1905
TOTALS           2.68              4.81   -2.13     2.21
DAILY AVG.       0.09              0.16   -0.07     0.07
DAYS >= .01        15               9.7     5.3        8
DAYS >= .10        10               6.4     3.6        5
DAYS >= .50         1               3.1    -2.1        1
DAYS >= 1.00        0               1.6    -1.6        1
GREATEST
 24 HR. TOTAL    0.52   03/07 TO 03/07           03/02 TO 03/03
                                                          03/03 TO 03/03
                                                          03/03 TO 03/03

SNOWFALL (INCHES)
RECORDS
 TOTAL              T   2016
                        2013
                        2008
 24 HR TOTAL        T   03/03/2016 TO 03/03/2016
                        03/26/2013 TO 03/26/2013
TOTALS              TR              0.8    -0.8        T
SINCE 7/1           T               2.9    -2.9      0.3
SNOWDEPTH AVG.      0                MM      MM        0
DAYS >= TRACE       1               0.3     0.7        1
DAYS >= 1.0         0               0.2    -0.2        0
GREATEST
 24 HR TOTAL        TR  03/15 TO 03/15           03/03 TO 03/03
                                                          03/03 TO 03/03
                                                          03/03 TO 03/03

DEGREE_DAYS
HEATING TOTAL     263               342     -79      170
 SINCE 7/1       1619              2597    -978     1885
COOLING TOTAL      45                12      33       38
 SINCE 1/1         50                13      37       38
....................................................

WIND (MPH)
AVERAGE WIND SPEED              9.8
HIGHEST WIND SPEED/DIRECTION    45/340    DATE  03/21
HIGHEST GUST SPEED/DIRECTION    56/330    DATE  03/21

SKY COVER
POSSIBLE SUNSHINE (PERCENT)   MM
AVERAGE SKY COVER           0.60
NUMBER OF DAYS FAIR            6
NUMBER OF DAYS PC             18
NUMBER OF DAYS CLOUDY          7

AVERAGE RH (PERCENT)     58

WEATHER CONDITIONS. NUMBER OF DAYS WITH
THUNDERSTORM              0     MIXED PRECIP               0
HEAVY RAIN                6     RAIN                       7
LIGHT RAIN               17     FREEZING RAIN              0
LT FREEZING RAIN          0     HAIL                       0
HEAVY SNOW                0     SNOW                       0
LIGHT SNOW                1     SLEET                      0
FOG                      15     FOG W/VIS <= 1/4 MILE      0
HAZE                      2

-  INDICATES NEGATIVE NUMBERS.
R  INDICATES RECORD WAS SET OR TIED.
MM INDICATES DATA IS MISSING.
T  INDICATES TRACE AMOUNT.

$$
