000
CXUS54 KEWX 011546
CLMATT

SATCLMATT 000
TTAA00 KEWX 011522

CLIMATE REPORT
NATIONAL WEATHER SERVICE AUSTIN/SAN ANTONIO, TX
1045 AM CDT WED OCT 1 2014

...................................

...THE AUSTIN CAMP MABRY CLIMATE SUMMARY FOR THE MONTH OF SEPTEMBER 2014...

CLIMATE NORMAL PERIOD 1981 TO 2010
CLIMATE RECORD PERIOD 1897 TO 2014

WEATHER         OBSERVED          NORMAL  DEPART  LAST YEAR`S
                 VALUE   DATE(S)  VALUE   FROM    VALUE  DATE(S)
                                          NORMAL
................................................................
TEMPERATURE (F)
HIGHEST           101   09/01                        104  09/03
LOWEST             60   09/24                         58  09/23
                        09/13
AVG. MAXIMUM     90.5              90.5     0.0     94.9
AVG. MINIMUM     70.7              69.4     1.3     72.1
MEAN             80.6              80.0     0.6     83.5
DAYS MAX >= 90     18                                 26
DAYS MAX <= 32      0                                  0
DAYS MIN <= 32      0                                  0
DAYS MIN <= 0       0                                  0

PRECIPITATION (INCHES)
TOTALS           6.98              2.99    3.99     5.82
DAILY AVG.       0.23              0.10    0.13     0.19
DAYS >= .01        12                                 14
DAYS >= .10         9                                  6
DAYS >= .50         4                                  3
DAYS >= 1.00        1                                  2
GREATEST
 24 HR. TOTAL    4.01   09/17 TO 09/18

SNOWFALL (INCHES)
TOTALS            0.0               0.0     0.0      0.0
SINCE 7/1         0.0

DEGREE_DAYS
HEATING TOTAL       2                 2       0        0
 SINCE 7/1          2                 2       0        0
COOLING TOTAL     476               450      26      562
 SINCE 1/1       2869              2844      25     3172
.................................................................

WIND (MPH)
AVERAGE WIND SPEED              3.7
HIGHEST WIND SPEED/DIRECTION    28/130    DATE  09/04
HIGHEST GUST SPEED/DIRECTION    37/120    DATE  09/04

SKY COVER
POSSIBLE SUNSHINE (PERCENT)   MM
AVERAGE SKY COVER           0.40
NUMBER OF DAYS FAIR           11
NUMBER OF DAYS PC             16
NUMBER OF DAYS CLOUDY          3

AVERAGE RH (PERCENT)     70

WEATHER CONDITIONS. NUMBER OF DAYS WITH
THUNDERSTORM              0     MIXED PRECIP               0
HEAVY RAIN                7     RAIN                       9
LIGHT RAIN               13     FREEZING RAIN              0
LT FREEZING RAIN          0     HAIL                       0
HEAVY SNOW                0     SNOW                       0
LIGHT SNOW                0     SLEET                      0
FOG                      14     FOG W/VIS <= 1/4 MILE      0
HAZE                      1

-  INDICATES NEGATIVE NUMBERS.
R  INDICATES RECORD WAS SET OR TIED.
MM INDICATES DATA IS MISSING.
T  INDICATES TRACE AMOUNT.

&&
MONTHLY CLIMATOLOGICAL SUMMARY:
SEPTEMBER WAS THE 25TH WARMEST AND THE 4TH WETTEST.

SEA LEVEL PRESSURE DATA:
HIGHEST SEA LEVEL PRESSURE 30.23 ON 13
LOWEST  SEA LEVEL PRESSURE 29.74 ON 30


PRELIMINARY LOCAL CLIMATOLOGICAL DATA (WS FORM: F-6)

                                          STATION:   AUSTIN CAMP MABRY
                                          MONTH:     SEPTEMBER
                                          YEAR:      2014
                                          LATITUDE:   30 17 N
                                          LONGITUDE:  97 42 W

  TEMPERATURE IN F:       :PCPN:    SNOW:  WIND      :SUNSHINE: SKY     :PK WND
================================================================================
1   2   3   4   5  6A  6B    7    8   9   10  11  12  13   14  15   16   17  18
                                     12Z  AVG MX 2MIN
DY MAX MIN AVG DEP HDD CDD  WTR  SNW DPTH SPD SPD DIR MIN PSBL S-S WX    SPD DR
================================================================================

 1 101  78  90   6   0  25 0.00  0.0    0  7.5 15 160   M    M   5        25 130
 2  98  78  88   4   0  23 0.01  0.0    0  7.6 17 120   M    M   4        32 120
 3 100  76  88   4   0  23 0.00  0.0    0  5.6 17 140   M    M   4        26 150
 4  99  73  86   3   0  21 0.98  0.0    0  4.7 28 130   M    M   4 13     37 120
 5  97  77  87   4   0  22 0.02  0.0    0  3.7 13 140   M    M   5        21 200
 6  97  74  86   3   0  21 0.19  0.0    0  2.8 13  20   M    M   2 13     20  20
 7  89  74  82   0   0  17 0.22  0.0    0  2.9  8 180   M    M   5 13     13 180
 8  96  72  84   2   0  19 0.00  0.0    0  3.1 12 140   M    M   1        15 140
 9  97  74  86   4   0  21 0.00  0.0    0  5.6 13 180   M    M   0        20 200
10  99  77  88   6   0  23 0.00  0.0    0  7.3 14 160   M    M   2        25 160
11  99  78  89   8   0  24 0.00  0.0    0  5.1 10 140   M    M   4        19 150
12  96  66  81   0   0  16 0.51  0.0    0  4.8 15  90   M    M   4 13     24 360
13  66  60  63 -18   2   0 0.68  0.0    0  5.3 14 350   M    M  10 1      24 360
14  77  64  71  -9   0   6 0.00  0.0    0  2.0  7  40   M    M   7 18     10  10
15  88  69  79  -1   0  14 0.00  0.0    0  1.6  8 150   M    M   5 1      13 150
16  94  74  84   4   0  19 0.02  0.0    0  2.6 18 140   M    M   2 13     28 140
17  91  75  83   3   0  18 0.35  0.0    0  2.9 14 140   M    M   8 13     20 120
18  90  72  81   2   0  16 3.66  0.0    0  2.0 25 360   M    M   7 13     33 360
19  86  74  80   1   0  15 0.13  0.0    0  2.7 10 120   M    M   7 1      14 120
20  90  74  82   3   0  17 0.21  0.0    0  3.4  9 100   M    M   8 1      15  50
21  90  72  81   3   0  16 0.00  0.0    0  2.6 10 110   M    M   2 1      15  80
22  91  70  81   3   0  16 0.00  0.0    0  3.5  9  50   M    M   1        16  60
23  85  67  76  -2   0  11 0.00  0.0    0  3.4  8  90   M    M   0        12  80
24  84  60  72  -5   0   7 0.00  0.0    0  2.3  9 120   M    M   0        16 140
25  83  62  73  -4   0   8    T  0.0    0  3.2 13 120   M    M   4        20 140
26  85  66  76  -1   0  11 0.00  0.0    0  3.4 10 120   M    M   4        15 140
27  80  68  74  -3   0   9    T  0.0    0  1.7  9 120   M    M   6        14  90
28  88  66  77   1   0  12 0.00  0.0    0  2.5 12  10   M    M   4 1      15  10
29  89  67  78   2   0  13 0.00  0.0    0  2.0  8  90   M    M   1        12  70
30  90  65  78   2   0  13 0.00  0.0    0  2.2  9 120   M    M   1        14 160
================================================================================
SM 2715 2122         2 476  6.98     0.0 110.0          M      117
================================================================================
AV 90.5 70.7                               3.7 FASTST   M    M   4    MAX(MPH)
                                 MISC ---->  # 28 130               # 37  120
================================================================================
NOTES:
# LAST OF SEVERAL OCCURRENCES

COLUMN 17 PEAK WIND IN M.P.H.

PRELIMINARY LOCAL CLIMATOLOGICAL DATA (WS FORM: F-6) , PAGE 2

                                          STATION:  AUSTIN CAMP MABRY
                                          MONTH:    SEPTEMBER
                                          YEAR:     2014
                                          LATITUDE:   30 17 N
                                          LONGITUDE:  97 42 W

SYMBOLS USED IN COLUMN 16

1 = FOG OR MIST
2 = FOG REDUCING VISIBILITY
    TO 1/4 MILE OR LESS
3 = THUNDER
4 = ICE PELLETS
5 = HAIL
6 = FREEZING RAIN OR DRIZZLE
7 = DUSTSTORM OR SANDSTORM:
    VSBY 1/2 MILE OR LESS
8 = SMOKE OR HAZE
9 = BLOWING SNOW
X = TORNADO

$$
