000
CXUS54 KEWX 011827
CLMATT

CLIMATE REPORT
NATIONAL WEATHER SERVICE AUSTIN/SAN ANTONIO, TX
1226 PM CST SUN FEB 1 2015

...................................

...THE AUSTIN CAMP MABRY CLIMATE SUMMARY FOR THE MONTH OF JANUARY 2015...

CLIMATE NORMAL PERIOD 1981 TO 2010
CLIMATE RECORD PERIOD 1897 TO 2015

WEATHER         OBSERVED          NORMAL  DEPART  LAST YEAR`S
                 VALUE   DATE(S)  VALUE   FROM    VALUE  DATE(S)
                                          NORMAL
................................................................
TEMPERATURE (F)
HIGHEST            83   01/27                         82  01/20
LOWEST             23   01/08                         22  01/07
                                                          01/06
AVG. MAXIMUM     58.3              61.5    -3.2     63.6
AVG. MINIMUM     39.0              41.5    -2.5     37.6
MEAN             48.7              51.5    -2.8     50.6
DAYS MAX >= 90      0                                  0
DAYS MAX <= 32      0                                  0
DAYS MIN <= 32      4                                  9
DAYS MIN <= 0       0                                  0

PRECIPITATION (INCHES)
TOTALS           5.02              2.22    2.80     0.45
DAILY AVG.       0.16              0.07    0.09     0.01
DAYS >= .01        10                                  7
DAYS >= .10         9                                  2
DAYS >= .50         3                                  0
DAYS >= 1.00        1                                  0
GREATEST
 24 HR. TOTAL    2.23   01/21 TO 01/22

SNOWFALL (INCHES)
TOTALS              T               0.4    -0.4      0.2
SINCE 7/1           T

DEGREE_DAYS
HEATING TOTAL     501               428      73      441
 SINCE 7/1       1100              1040      60     1183
COOLING TOTAL       3                 9      -6        3
 SINCE 1/1          3                 0       3        3
.................................................................

WIND (MPH)
AVERAGE WIND SPEED              4.7
HIGHEST WIND SPEED/DIRECTION    21/010    DATE  01/07
HIGHEST GUST SPEED/DIRECTION    32/030    DATE  01/22

SKY COVER
POSSIBLE SUNSHINE (PERCENT)   MM
AVERAGE SKY COVER           0.40
NUMBER OF DAYS FAIR           17
NUMBER OF DAYS PC              2
NUMBER OF DAYS CLOUDY         12

AVERAGE RH (PERCENT)     67

WEATHER CONDITIONS. NUMBER OF DAYS WITH
THUNDERSTORM              0     MIXED PRECIP               0
HEAVY RAIN                5     RAIN                       9
LIGHT RAIN               13     FREEZING RAIN              0
LT FREEZING RAIN          0     HAIL                       0
HEAVY SNOW                0     SNOW                       0
LIGHT SNOW                0     SLEET                      2
FOG                      16     FOG W/VIS <= 1/4 MILE      1
HAZE                      4

-  INDICATES NEGATIVE NUMBERS.
R  INDICATES RECORD WAS SET OR TIED.
MM INDICATES DATA IS MISSING.
T  INDICATES TRACE AMOUNT.

&&

MONTHLY CLIMATE SUMMARY
JANUARY 2015 WAS 38TH COOLEST AND THE 10TH WETTEST JANUARY SINCE
RECORD KEEPING BEGAN.

SEA LEVEL PRESSURE DATA
HIGHEST SLP 30.80 ON THE 7TH
LOWEST  SLP 29.85 ON THE 20TH

PRELIMINARY LOCAL CLIMATOLOGICAL DATA (WS FORM: F-6)

                                          STATION:   AUSTIN CAMP MABRY
                                          MONTH:     JANUARY
                                          YEAR:      2015
                                          LATITUDE:   30 17 N
                                          LONGITUDE:  97 42 W

  TEMPERATURE IN F:       :PCPN:    SNOW:  WIND      :SUNSHINE: SKY     :PK WND
================================================================================
1   2   3   4   5  6A  6B    7    8   9   10  11  12  13   14  15   16   17  18
                                     12Z  AVG MX 2MIN
DY MAX MIN AVG DEP HDD CDD  WTR  SNW DPTH SPD SPD DIR MIN PSBL S-S WX    SPD DR
================================================================================

 1  40  34  37 -14  28   0 0.63  0.0    0  5.0  9 340   M    M  10 13     13 360
 2  43  38  41 -10  24   0 0.20  0.0    0  4.5 12 300   M    M  10 13     18 310
 3  62  39  51   0  14   0 0.76  0.0    0  2.9 14 300   M    M   4 13     24 300
 4  51  35  43  -8  22   0 0.00  0.0    0  7.1 16 350   M    M   0        26 360
 5  52  29  41 -10  24   0 0.00  0.0    0  3.6  8 140   M    M   0        12  20
 6  71  36  54   3  11   0 0.00  0.0    0  2.1  9 160   M    M   0        13 160
 7  51  30  41 -10  24   0 0.00  0.0    0  8.6 21  10   M    M   2        32 360
 8  36  23  30 -21  35   0    T    T    0  4.5 15 360   M    M   3 4      23  10
 9  38  34  36 -15  29   0 0.02  0.0    0  5.8 13  10   M    M  10 1      21  20
10  36  32  34 -17  31   0 0.30    T    0  3.2  8  30   M    M  10 134    13  20
11  49  34  42  -9  23   0 0.17  0.0    0  2.6  8 210   M    M  10 1      13 220
12  46  40  43  -8  22   0 0.00  0.0    0  5.4 14 360   M    M  10 12     20 360
13  42  35  39 -12  26   0 0.00  0.0    0  6.6 12 350   M    M  10 18     21 350
14  40  38  39 -12  26   0 0.00  0.0    0  4.6  9  10   M    M  10 18     15  20
15  59  38  49  -2  16   0 0.00  0.0    0  3.8 12 360   M    M   3 1      19  10
16  64  38  51   0  14   0 0.00  0.0    0  2.6  8 150   M    M   0        12 170
17  69  39  54   3  11   0 0.00  0.0    0  3.1 12 350   M    M   1 1      20 350
18  72  46  59   7   6   0 0.00  0.0    0  3.2 10 340   M    M   0        15 160
19  75  37  56   4   9   0 0.00  0.0    0  3.2 10 170   M    M   0        19 180
20  80  41  61   9   4   0 0.00  0.0    0  3.3 12  30   M    M   0        19  30
21  56  50  53   1  12   0 0.16  0.0    0  5.6 10  90   M    M   8 18     17  20
22  52  41  47  -5  18   0 2.07  0.0    0 10.1 20  10   M    M  10 1      32  30
23  51  38  45  -7  20   0 0.40  0.0    0  6.2 15 340   M    M   8 1      23 360
24  63  36  50  -2  15   0 0.00  0.0    0  3.5 13 300   M    M   0        21 300
25  73  40  57   5   8   0 0.00  0.0    0  6.0 13 340   M    M   0        20 340
26  74  46  60   8   5   0 0.00  0.0    0  4.6 10 300   M    M   0        17 300
27  83  51  67  15   0   2 0.00  0.0    0  5.6 14 300   M    M   0        24 320
28  81  42  62  10   3   0 0.00  0.0    0  3.6 14 180   M    M   0        22 170
29  79  52  66  14   0   1    T  0.0    0  4.4 16  20   M    M   2 1      25  20
30  58  48  53   1  12   0    T  0.0    0  5.5 14  20   M    M   6        23  20
31  62  49  56   3   9   0 0.31  0.0    0  4.2 15 140   M    M  10 18     21 160
================================================================================
SM 1808 1209       501   3  5.02    T    145.0          M      137
================================================================================
AV 58.3 39.0                               4.7 FASTST   M    M   4    MAX(MPH)
                                 MISC ---->  # 21  10               # 32  360
================================================================================
NOTES:
# LAST OF SEVERAL OCCURRENCES

COLUMN 17 PEAK WIND IN M.P.H.

SYMBOLS USED IN COLUMN 16

1 = FOG OR MIST
2 = FOG REDUCING VISIBILITY
    TO 1/4 MILE OR LESS
3 = THUNDER
4 = ICE PELLETS
5 = HAIL
6 = FREEZING RAIN OR DRIZZLE
7 = DUSTSTORM OR SANDSTORM:
    VSBY 1/2 MILE OR LESS
8 = SMOKE OR HAZE
9 = BLOWING SNOW
X = TORNADO

$$
