000
CXUS51 KGYX 021503
CLMAUG

PWMCLMAUG 000
TTAA00 KGYX 021318


CLIMATE REPORT
NATIONAL WEATHER SERVICE GRAY ME
1103 AM EDT SAT APR 2 2016

...................................

...THE AUGUSTA CLIMATE SUMMARY FOR THE MONTH OF MARCH 2016...

CLIMATE NORMAL PERIOD 1981 TO 2010
CLIMATE RECORD PERIOD 1948 TO 2016

WEATHER         OBSERVED          NORMAL  DEPART  LAST YEAR`S
                 VALUE   DATE(S)  VALUE   FROM    VALUE  DATE(S)
                                          NORMAL
................................................................
TEMPERATURE (F)
RECORD
 HIGH              85   03/31/1998
 LOW              -11   03/01/1982
HIGHEST            64   03/31        60       4       51  03/11
                        03/10
                        03/09
LOWEST              6   03/03         3       3       -1  03/06
AVG. MAXIMUM     43.3              40.4     2.9     36.2
AVG. MINIMUM     26.1              23.4     2.7     17.5
MEAN             34.7              31.9     2.8     26.9
DAYS MAX >= 90      0               0.0     0.0        0
DAYS MAX <= 32      4               5.1    -1.1        9
DAYS MIN <= 32     24              25.3    -1.3       28
DAYS MIN <= 0       0               0.5    -0.5        2

PRECIPITATION (INCHES)
RECORD
 MAXIMUM         9.71   1953
 MINIMUM         0.59   1965
TOTALS           3.50              3.37    0.13     1.17
DAILY AVG.       0.11              0.11    0.00     0.04
DAYS >= .01        11              11.0     0.0        9
DAYS >= .10         7               6.6     0.4        3
DAYS >= .50         3               2.1     0.9        0
DAYS >= 1.00        0               0.6    -0.6        0
GREATEST
 24 HR. TOTAL    0.98   03/28 TO 03/29

DEGREE_DAYS
HEATING TOTAL     933              1026     -93     1176
 SINCE 7/1       5612              6369    -757     6803
COOLING TOTAL       0                 0       0        0
 SINCE 1/1          0                 0       0        0
.................................................................

WIND (MPH)
AVERAGE WIND SPEED              7.8
HIGHEST WIND SPEED/DIRECTION    29/330    DATE  03/29
HIGHEST GUST SPEED/DIRECTION    39/330    DATE  03/29

SKY COVER
AVERAGE SKY COVER           0.50

AVERAGE RH (PERCENT)     61

WEATHER CONDITIONS. NUMBER OF DAYS WITH
THUNDERSTORM              0     HEAVY RAIN                 1
RAIN                      5     LIGHT RAIN                 9
FREEZING RAIN             1     LT FREEZING RAIN           2
HEAVY SNOW                2     SNOW                       2
LIGHT SNOW                5     FOG                       12
FOG W/VIS <= 1/4 MILE     3     HAZE                       2

-  INDICATES NEGATIVE NUMBERS.
R  INDICATES RECORD WAS SET OR TIED.
MM INDICATES DATA IS MISSING.
T  INDICATES TRACE AMOUNT.

&&

ALTHOUGH THERE WERE A FEW COLD DAYS TO START THE MONTH, MUCH OF THE
MIDDLE OF MARCH FEATURED TEMPERATURES THAT WERE WELL ABOVE NORMAL.
THE WEATHER PATTERN SHIFTED AROUND THE 18TH WHEN COLDER AIR ARRIVED
AND TEMPERATURES REMAINED NEAR OR BELOW NORMAL FOR MOST OF THE REST
OF THE MONTH.

THE AVERAGE TEMPERATURE FOR THE MONTH WAS 34.7 DEGREES WHICH WAS 2.8
DEGREES ABOVE NORMAL. THIS MARKED THE 5TH CONSECUTIVE MONTH OF ABOVE
NORMAL TEMPERATURES DATING BACK TO OCTOBER 2015. A TOTAL OF 3.50
INCHES OF PRECIPITATION FELL WHICH WAS 0.13 INCHES ABOVE NORMAL.

$$

KIMBLE
