000
CXUS53 KLBF 011114
CLMBBW


CLIMATE REPORT
NATIONAL WEATHER SERVICE NORTH PLATTE
511 AM CST MON JAN 1 2018

...................................

...THE BROKEN BOW NE CLIMATE SUMMARY FOR THE MONTH OF DECEMBER 2017...

CLIMATE NORMAL PERIOD 1981 TO 2010
CLIMATE RECORD PERIOD 1894 TO 2017

WEATHER         OBSERVED          NORMAL  DEPART  LAST YEAR`S
                 VALUE   DATE(S)  VALUE   FROM    VALUE  DATE(S)
                                          NORMAL
................................................................
TEMPERATURE (F)
RECORD
 HIGH              80   12/25/1897
                        12/23/1897
                        12/22/1897
 LOW              -30   12/31/1967
HIGHEST            64   12/10        61       3       60  12/30
LOWEST            -19   12/27       -11      -8      -19  12/18
AVG. MAXIMUM     37.9              37.6     0.3     39.1
AVG. MINIMUM     14.8              13.4     1.4     11.7
MEAN             26.4              25.5     0.9     25.4
DAYS MAX >= 90      0               0.0     0.0        0
DAYS MAX <= 32      9               9.6    -0.6       12
DAYS MIN <= 32     27              30.6    -3.6       31
DAYS MIN <= 0       6               3.5     2.5        5

PRECIPITATION (INCHES)
RECORD
 MAXIMUM         5.32   1913
 MINIMUM         0.00   2004
                        1943
                        1905
TOTALS           0.21              0.50   -0.29     0.62
DAILY AVG.       0.01              0.02   -0.01     0.02
DAYS >= .01         4                MM      MM        1
DAYS >= .10         1                MM      MM        1
DAYS >= .50         0                MM      MM        1
DAYS >= 1.00        0                MM      MM        0
GREATEST
 24 HR. TOTAL    0.12   12/23 TO 12/23           12/25 TO 12/25
                                                          12/30 TO 12/30
                                                          12/30 TO 12/30

SNOWFALL (INCHES)
TOTALS             MM
SINCE 7/1          MM
SNOWDEPTH AVG.     MM
DAYS >= TRACE       0
DAYS >= 1.0         0
GREATEST
 SNOW DEPTH        MM

DEGREE_DAYS
HEATING TOTAL    1191              1224     -33     1220
 SINCE 7/1       2489              2755    -266     2321
COOLING TOTAL       0                 0       0        0
 SINCE 1/1        919               768     151      777
.................................................

WIND (MPH)
AVERAGE WIND SPEED              11.2
HIGHEST WIND SPEED/DIRECTION    48/320    DATE  12/04
HIGHEST GUST SPEED/DIRECTION    64/320    DATE  12/04

AVERAGE RH (PERCENT)     64

WEATHER CONDITIONS. NUMBER OF DAYS WITH
THUNDERSTORM              0     MIXED PRECIP               0
HEAVY RAIN                0     RAIN                       0
LIGHT RAIN                1     FREEZING RAIN              0
LT FREEZING RAIN          1     HAIL                       0
HEAVY SNOW                0     SNOW                       0
LIGHT SNOW               11     SLEET                      0
FOG                       8     FOG W/VIS <= 1/4 MILE      1
HAZE                      0

-  INDICATES NEGATIVE NUMBERS.
R  INDICATES RECORD WAS SET OR TIED.
MM INDICATES DATA IS MISSING.
T  INDICATES TRACE AMOUNT.

$$
