000
CXUS53 KLBF 110353
CLMBBW


CLIMATE REPORT
NATIONAL WEATHER SERVICE NORTH PLATTE
1050 PM CDT FRI JUL 10 2015

...................................

...THE BROKEN BOW NE CLIMATE SUMMARY FOR THE MONTH OF JUNE 2015...

CLIMATE NORMAL PERIOD 1981 TO 2010
CLIMATE RECORD PERIOD 1894 TO 2015

WEATHER         OBSERVED          NORMAL  DEPART  LAST YEAR`S
                 VALUE   DATE(S)  VALUE   FROM    VALUE  DATE(S)
                                          NORMAL
................................................................
TEMPERATURE (F)
RECORD
 HIGH             107   06/15/1946
                        06/23/1937
 LOW               30   06/04/1954
                        06/04/1950
HIGHEST            95   06/09        95       0       93  06/03
LOWEST             52   06/01        40      12       46  06/13
AVG. MAXIMUM     81.9              80.7     1.2     80.9
AVG. MINIMUM     59.1              56.4     2.7     58.1
MEAN             70.5              68.5     2.0     69.5
DAYS MAX >= 90      4               4.7    -0.7        3
DAYS MAX <= 32      0               0.0     0.0        0
DAYS MIN <= 32      0               0.0     0.0        0
DAYS MIN <= 0       0               0.0     0.0        0

PRECIPITATION (INCHES)
RECORD
 MAXIMUM        10.33   1975
 MINIMUM         0.13   2012
TOTALS           5.31              4.00    1.31     7.76
DAILY AVG.       0.18              0.13    0.05     0.26
DAYS >= .01        14                MM      MM       15
DAYS >= .10        10                MM      MM       12
DAYS >= .50         4                MM      MM        7
DAYS >= 1.00        1                MM      MM        2
GREATEST
 24 HR. TOTAL    1.38   06/10 TO 06/11           06/08 TO 06/09
                                                          06/09 TO 06/09
                                                          06/09 TO 06/09

SNOWFALL (INCHES)
TOTALS             MM
SINCE 7/1          MM
SNOWDEPTH AVG.     MM
DAYS >= TRACE      MM
DAYS >= 1.0        MM
GREATEST
 SNOW DEPTH        MM

DEGREE_DAYS
HEATING TOTAL       3                46     -43       25
 SINCE 7/1       6072              6651    -579     6989
COOLING TOTAL     179               152      27      165
 SINCE 1/1        194               186       8      243
..........................................................

WIND (MPH)
AVERAGE WIND SPEED              8.2
HIGHEST WIND SPEED/DIRECTION    46/320    DATE  06/02
HIGHEST GUST SPEED/DIRECTION    55/320    DATE  06/02

AVERAGE RH (PERCENT)     71

WEATHER CONDITIONS. NUMBER OF DAYS WITH
THUNDERSTORM              0     MIXED PRECIP               0
HEAVY RAIN                8     RAIN                       8
LIGHT RAIN               15     FREEZING RAIN              0
LT FREEZING RAIN          0     HAIL                       0
HEAVY SNOW                0     SNOW                       0
LIGHT SNOW                0     SLEET                      0
FOG                      18     FOG W/VIS <= 1/4 MILE      0
HAZE                      1

-  INDICATES NEGATIVE NUMBERS.
R  INDICATES RECORD WAS SET OR TIED.
MM INDICATES DATA IS MISSING.
T  INDICATES TRACE AMOUNT.

$$
