000
CXUS51 KBOX 011341
CLMBDL


CLIMATE REPORT
NATIONAL WEATHER SERVICE TAUNTON MA
804 AM EST MON DEC 1 2014

...................................

...THE HARTFORD CT CLIMATE SUMMARY FOR THE MONTH OF NOVEMBER 2014...

CLIMATE NORMAL PERIOD 1981 TO 2010
CLIMATE RECORD PERIOD 1904 TO 2014

WEATHER         OBSERVED          NORMAL  DEPART
                 VALUE   DATE(S)  VALUE   FROM
                                          NORMAL
................................................
TEMPERATURE (F)
RECORD
 HIGH              83   11/02/1950
 LOW                1   11/24/1989
HIGHEST            67   11/25
                        11/12
                        11/04
LOWEST             19   11/29
                        11/22
AVG. MAXIMUM     50.4              51.6    -1.2
AVG. MINIMUM     31.7              33.2    -1.5
MEAN             41.1              42.4    -1.3
DAYS MAX >= 90      0               0.0     0.0
DAYS MAX <= 32      0               0.3    -0.3
DAYS MIN <= 32     14              14.5    -0.5
DAYS MIN <= 0       0               0.0     0.0

PRECIPITATION (INCHES)
RECORD
 MAXIMUM         8.53   1972
 MINIMUM         0.40   2012
TOTALS           3.77              3.89   -0.12
DAYS >= .01         8              10.7    -2.7
DAYS >= .10         5               6.3    -1.3
DAYS >= .50         3               2.8     0.2
DAYS >= 1.00        2               1.1     0.9
GREATEST
 24 HR. TOTAL    1.21   11/17 TO 11/17

SNOWFALL (INCHES)
RECORDS
 TOTAL             MM   MM
 SNOW DEPTH        MM   MM
TOTALS            5.1               2.0     3.1
SINCE 7/1         5.1               2.0     3.1
SNOWDEPTH AVG.      1
GREATEST
 SNOW DEPTH         5   11/28
                        11/27
 24 HR TOTAL      4.6   11/26 TO 11/26

DEGREE_DAYS
HEATING TOTAL     712               678      34
 SINCE 7/1       1097              1207    -110
COOLING TOTAL       0                 0       0
 SINCE 1/1        771               756      15
.................................................

WIND (MPH)
AVERAGE WIND SPEED              7.9
RESULTANT WIND SPEED/DIRECTION   3/278
HIGHEST WIND SPEED/DIRECTION    33/340    DATE  11/02
HIGHEST GUST SPEED/DIRECTION    46/330    DATE  11/02

SKY COVER
POSSIBLE SUNSHINE (PERCENT)   MM
AVERAGE SKY COVER           0.60
NUMBER OF DAYS FAIR            4
NUMBER OF DAYS PC             16
NUMBER OF DAYS CLOUDY         10

AVERAGE RH (PERCENT)     61

WEATHER CONDITIONS. NUMBER OF DAYS WITH
THUNDERSTORM              0     MIXED PRECIP               0
HEAVY RAIN                1     RAIN                       5
LIGHT RAIN               10     FREEZING RAIN              0
LT FREEZING RAIN          0     HAIL                       0
HEAVY SNOW                1     SNOW                       1
LIGHT SNOW                4     SLEET                      1
FOG                      11     FOG W/VIS <= 1/4 MILE      3
HAZE                      0

-  INDICATES NEGATIVE NUMBERS.
R  INDICATES RECORD WAS SET OR TIED.
MM INDICATES DATA IS MISSING.
T  INDICATES TRACE AMOUNT.

$$

SIPPRELL
