000
CXUS51 KBOX 022253
CLMBDL


CLIMATE REPORT
NATIONAL WEATHER SERVICE TAUNTON MA
545 PM EST MON FEB 2 2015

...................................

...THE HARTFORD CT CLIMATE SUMMARY FOR THE MONTH OF JANUARY 2015...

CLIMATE NORMAL PERIOD 1981 TO 2010
CLIMATE RECORD PERIOD 1904 TO 2015

WEATHER         OBSERVED          NORMAL  DEPART
                 VALUE   DATE(S)  VALUE   FROM
                                          NORMAL
................................................
TEMPERATURE (F)
RECORD
 HIGH              72   01/06/2007
 LOW              -26   01/22/1961
HIGHEST            48   01/04
LOWEST              0   01/29
                        01/08
AVG. MAXIMUM     32.3              34.5    -2.2
AVG. MINIMUM     14.3              17.7    -3.4
MEAN             23.3              26.1    -2.8
DAYS MAX >= 90      0               0.0     0.0
DAYS MAX <= 32     15              12.3     2.7
DAYS MIN <= 32     31              27.8     3.2
DAYS MIN <= 0       2               2.4    -0.4

PRECIPITATION (INCHES)
RECORD
 MAXIMUM         9.61   1978
 MINIMUM         0.38   1981
TOTALS           3.23              3.23    0.00
DAYS >= .01        10              10.8    -0.8
DAYS >= .10         6               6.1    -0.1
DAYS >= .50         1               2.6    -1.6
DAYS >= 1.00        1               0.7     0.3
GREATEST
 24 HR. TOTAL    1.32   01/18 TO 01/18

SNOWFALL (INCHES)
RECORDS
 TOTAL           57.0   2011
 SNOW DEPTH        38   01/13/1996
TOTALS           17.1              12.3     4.8
SINCE 7/1        22.9              21.7     1.2
SNOWDEPTH AVG.      2
GREATEST
 SNOW DEPTH        11   01/28
 24 HR TOTAL      6.3   01/27 TO 01/27

DEGREE_DAYS
HEATING TOTAL    1285              1206      79
 SINCE 7/1       3284              3450    -166
COOLING TOTAL       0                 0       0
 SINCE 1/1          0                 0       0
.................................................

WIND (MPH)
AVERAGE WIND SPEED              8.8
RESULTANT WIND SPEED/DIRECTION   5/306
HIGHEST WIND SPEED/DIRECTION    32/300    DATE  01/07
HIGHEST GUST SPEED/DIRECTION    43/290    DATE  01/05

SKY COVER
POSSIBLE SUNSHINE (PERCENT)   MM
AVERAGE SKY COVER           0.60
NUMBER OF DAYS FAIR           10
NUMBER OF DAYS PC             13
NUMBER OF DAYS CLOUDY          8

AVERAGE RH (PERCENT)     60

WEATHER CONDITIONS. NUMBER OF DAYS WITH
THUNDERSTORM              0     MIXED PRECIP               0
HEAVY RAIN                0     RAIN                       1
LIGHT RAIN                5     FREEZING RAIN              1
LT FREEZING RAIN          4     HAIL                       0
HEAVY SNOW                1     SNOW                       4
LIGHT SNOW               14     SLEET                      2
FOG                       9     FOG W/VIS <= 1/4 MILE      2
HAZE                      5

-  INDICATES NEGATIVE NUMBERS.
R  INDICATES RECORD WAS SET OR TIED.
MM INDICATES DATA IS MISSING.
T  INDICATES TRACE AMOUNT.

$$

SIPPRELL
