000
CXUS51 KOKX 011653
CLMBDR

CLIMATE REPORT
NATIONAL WEATHER SERVICE NEW YORK NY
1148 AM EST WED FEB 1 2017



...THE BRIDGEPORT CT CLIMATE SUMMARY FOR THE MONTH OF JANUARY 2017...

CLIMATE NORMAL PERIOD 1981 TO 2010
CLIMATE RECORD PERIOD 1948 TO 2017

WEATHER         OBSERVED          NORMAL  DEPART  LAST YEAR`S
                 VALUE   DATE(S)  VALUE   FROM    VALUE  DATE(S)
                                          NORMAL
................................................................
TEMPERATURE (F)
RECORD
 HIGH              68   01/06/2007
                        01/29/2002
 LOW               -7   01/22/1984
HIGHEST            56   01/13        MM      MM       60  01/10
LOWEST              9   01/09        MM      MM       10  01/05
AVG. MAXIMUM     42.9              37.1     5.8     40.7
AVG. MINIMUM     31.0              23.0     8.0     25.6
MEAN             36.9              30.1     6.8     33.2
DAYS MAX >= 90      0               0.0     0.0        0
DAYS MAX <= 32      4               8.5    -4.5        6
DAYS MIN <= 32     15              25.0   -10.0       25
DAYS MIN <= 0       0               0.3    -0.3        0

PRECIPITATION (INCHES)
RECORD
 MAXIMUM        11.20   1979
 MINIMUM         0.40   1970
TOTALS           3.28              3.10    0.18     2.26
DAILY AVG.       0.11              0.10    0.01     0.07
DAYS >= .01        15              10.9     4.1        6
DAYS >= .10        11               6.3     4.7        3
DAYS >= .50         3               2.0     1.0        2
DAYS >= 1.00        0               0.5    -0.5        1
GREATEST
 24 HR. TOTAL    1.05   01/23 TO 01/24           01/10 TO 01/10
                                                          01/23 TO 01/23
                                                          01/23 TO 01/23
 STORM TOTAL       MM                                 MM
 (MM/DD(HH))            MM                    01/10(00) TO 01/10(00)
                                                 01/23(00) TO 01/23(00)3
                                                 01/23(00) TO 01/23(00)3

SNOWFALL (INCHES)
TOTALS           11.0               7.7     3.3     10.3
 LIQUID EQUIV    1.10              0.80    0.30     1.03
SINCE 7/1        17.0              13.5     3.5     11.0
 LIQUID 7/1      1.70              1.40    0.30     1.10
SNOWDEPTH AVG.      0                 3      -3        1
DAYS >= TRACE       6               4.8     1.2        6
DAYS >= 1.0         4               2.5     1.5        1
GREATEST
 SNOW DEPTH         5   01/08                         10  01/24
 24 HR TOTAL      5.7   MM                       01/23 TO 01/23
                                                          01/23 TO 01/23
                                                          01/23 TO 01/23
 STORM TOTAL       MM                                 MM
 (MM/DD(HH))            MM                    01/23(00) TO 01/23(00)
                                                 01/23(00) TO 01/23(00)3
                                                 01/23(00) TO 01/23(00)3

DEGREE_DAYS
HEATING TOTAL     863              1083    -220      980
 SINCE 7/1       2428              2976    -548     2268
COOLING TOTAL       0                 0       0        0
 SINCE 1/1          0                 0       0        0
....................................................

WIND (MPH)
AVERAGE WIND SPEED              8.8
HIGHEST WIND SPEED/DIRECTION    32/040    DATE  01/24
HIGHEST GUST SPEED/DIRECTION    43/040    DATE  01/24


WEATHER CONDITIONS. NUMBER OF DAYS WITH
THUNDERSTORM              0     MIXED PRECIP               0
HEAVY RAIN                1     RAIN                       7
LIGHT RAIN               14     FREEZING RAIN              0
LT FREEZING RAIN          0     HAIL                       0
HEAVY SNOW                1     SNOW                       3
LIGHT SNOW                4     SLEET                      0
FOG                      18     FOG W/VIS <= 1/4 MILE      3
HAZE                      9

-  INDICATES NEGATIVE NUMBERS.
R  INDICATES RECORD WAS SET OR TIED.
MM INDICATES DATA IS MISSING.
T  INDICATES TRACE AMOUNT.

$$
