000
CXUS51 KOKX 011153
CLMBDR

CLIMATE REPORT
NATIONAL WEATHER SERVICE NEW YORK NY
649 AM EST FRI DEC 1 2017



...THE BRIDGEPORT CT CLIMATE SUMMARY FOR THE MONTH OF NOVEMBER 2017...

CLIMATE NORMAL PERIOD 1981 TO 2010
CLIMATE RECORD PERIOD 1948 TO 2017

WEATHER         OBSERVED          NORMAL  DEPART  LAST YEAR`S
                 VALUE   DATE(S)  VALUE   FROM    VALUE  DATE(S)
                                          NORMAL
................................................................
TEMPERATURE (F)
RECORD
 HIGH              78   11/15/1993
                        11/04/1975
 LOW               16   11/23/1972
                        11/28/1951
HIGHEST            72   11/03        MM      MM       74  11/03
LOWEST             22   11/11        MM      MM       30  11/28
AVG. MAXIMUM     53.8              53.1     0.7     57.1
AVG. MINIMUM     36.0              38.0    -2.0     39.9
MEAN             44.9              45.5    -0.6     48.5
DAYS MAX >= 90      0               0.0     0.0        0
DAYS MAX <= 32      0               0.1    -0.1        0
DAYS MIN <= 32      9               6.7     2.3        3
DAYS MIN <= 0       0               0.0     0.0        0

PRECIPITATION (INCHES)
RECORD
 MAXIMUM        10.22   1972
 MINIMUM         0.36   1976
TOTALS           1.87              3.39   -1.52     4.23
DAILY AVG.       0.06              0.11   -0.05     0.14
DAYS >= .01        10              10.0     0.0        6
DAYS >= .10         6               6.2    -0.2        4
DAYS >= .50         2               2.7    -0.7        4
DAYS >= 1.00        0               0.5    -0.5        1
GREATEST
 24 HR. TOTAL    0.55   11/07 TO 11/07           11/29 TO 11/29
                                                          11/21 TO 11/21
                                                          11/21 TO 11/21
 STORM TOTAL       MM                                 MM
 (MM/DD(HH))            MM                    11/29(00) TO 11/29(00)
                                                 11/21(00) TO 11/21(00)1
                                                 11/21(00) TO 11/21(00)1

SNOWFALL (INCHES)
TOTALS            0.0               0.7    -0.7        T
 LIQUID EQUIV    0.00              0.10   -0.10       MM
SINCE 7/1         0.0               0.7    -0.7        T
 LIQUID 7/1      0.00              0.10   -0.10       MM
SNOWDEPTH AVG.      0                MM      MM        0
DAYS >= TRACE       0               0.5    -0.5        2
DAYS >= 1.0         0               0.2    -0.2        0
GREATEST
 SNOW DEPTH         0   MM                             0  MM
 24 HR TOTAL      0.0   11/30 TO 11/30           11/21 TO 11/21
                                                          11/21 TO 11/21
                                                          11/21 TO 11/21
 STORM TOTAL       MM                                 MM
 (MM/DD(HH))            MM                    11/21(00) TO 11/21(00)
                                                 11/21(00) TO 11/21(00)1
                                                 11/21(00) TO 11/21(00)1

DEGREE_DAYS
HEATING TOTAL     596               584      12      486
 SINCE 7/1        755               974    -219      728
COOLING TOTAL       0                 0       0        0
 SINCE 1/1       1053               825     228     1270
..................................................

WIND (MPH)
AVERAGE WIND SPEED              9.1
HIGHEST WIND SPEED/DIRECTION    35/290    DATE  11/19
HIGHEST GUST SPEED/DIRECTION    46/290    DATE  11/19


WEATHER CONDITIONS. NUMBER OF DAYS WITH
THUNDERSTORM              0     MIXED PRECIP               0
HEAVY RAIN                3     RAIN                       3
LIGHT RAIN               13     FREEZING RAIN              0
LT FREEZING RAIN          0     HAIL                       0
HEAVY SNOW                0     SNOW                       0
LIGHT SNOW                0     SLEET                      0
FOG                      10     FOG W/VIS <= 1/4 MILE      1
HAZE                      3

-  INDICATES NEGATIVE NUMBERS.
R  INDICATES RECORD WAS SET OR TIED.
MM INDICATES DATA IS MISSING.
T  INDICATES TRACE AMOUNT.

$$
