633
CXAK58 PABE 011132
CLMBET


CLIMATE REPORT
NATIONAL WEATHER SERVICE ANCHORAGE, AK
332 AM AKDT SAT JUL 1 2017

...................................

...THE BETHEL CLIMATE SUMMARY FOR THE MONTH OF JUNE 2017...

CLIMATE NORMAL PERIOD 1981 TO 2010
CLIMATE RECORD PERIOD 1948 TO 2017

WEATHER         OBSERVED          NORMAL  DEPART  LAST YEAR`S
                 VALUE   DATE(S)  VALUE   FROM    VALUE  DATE(S)
                                          NORMAL
................................................................
TEMPERATURE (F)
RECORD
 HIGH              90   MM
 LOW               11   06/16/2017
HIGHEST            79                MM      MM       76
LOWEST             41                MM      MM       16
AVG. MAXIMUM     64.5              61.1     3.4     65.8
AVG. MINIMUM     46.6              43.8     2.8     45.0
MEAN             55.5              52.5     3.0     55.4
DAYS MAX >= 90      0               0.0     0.0        0
DAYS MAX <= 32      0               0.0     0.0        0
DAYS MIN <= 32      0               0.4    -0.4        1
DAYS MIN <= 0       0               0.0     0.0        0

PRECIPITATION (INCHES)
RECORD
 MAXIMUM           MM   MM
 MINIMUM           MM   MM
TOTALS           1.39              1.72   -0.33     1.43
DAILY AVG.       0.05              0.06   -0.01     0.05
DAYS >= .01        13              13.2    -0.2       13
DAYS >= .10         7               5.6     1.4        3
DAYS >= .50         0               0.5    -0.5        0
DAYS >= 1.00        0               0.1    -0.1        0
GREATEST
 24 HR. TOTAL    0.22   06/27 TO 06/27           06/19 TO 06/19
                                                          06/29 TO 06/29
                                                          06/29 TO 06/29
 STORM TOTAL       MM                                 MM
 (MM/DD(HH))            MM                    06/19(00) TO 06/19(00)
                                                 06/29(00) TO 06/29(00)9
                                                 06/29(00) TO 06/29(00)9

SNOWFALL (INCHES)
RECORDS
 TOTAL             MM   MM
 24 HR TOTAL       MM
 SNOW DEPTH        MM   MM
TOTALS            0.0                 T     0.0      0.0
SINCE 7/1        31.2              61.8   -30.6      0.0
SNOWDEPTH AVG.      0                MM      MM        0
DAYS >= TRACE       0               0.1    -0.1        0
DAYS >= 1.0         0               0.0     0.0
GREATEST
 SNOW DEPTH         0   MM                             0  MM
 24 HR TOTAL      0.0   06/30 TO 06/30           06/29 TO 06/29
                                                          06/29 TO 06/29
                                                          06/29 TO 06/29
 STORM TOTAL       MM                                 MM
 (MM/DD(HH))            MM

DEGREE_DAYS
HEATING TOTAL     275               378    -103      273
 SINCE 7/1      11845             12519    -674     9928
COOLING TOTAL       0                 1      -1        1
 SINCE 1/1          0                 1      -1        1

FREEZE DATES
RECORD
 EARLIEST     MM
 LATEST       MM
EARLIEST      02/01             MM
LATEST        05/27             MM
..........................................................

WIND (MPH)
AVERAGE WIND SPEED              8.6
RESULTANT WIND SPEED/DIRECTION   2/245
HIGHEST WIND SPEED/DIRECTION    31/360    DATE  06/05
HIGHEST GUST SPEED/DIRECTION    36/360    DATE  06/05

SKY COVER
POSSIBLE SUNSHINE (PERCENT)   MM
AVERAGE SKY COVER           0.70
NUMBER OF DAYS FAIR            5
NUMBER OF DAYS PC              9
NUMBER OF DAYS CLOUDY         16

AVERAGE RH (PERCENT)     76

WEATHER CONDITIONS. NUMBER OF DAYS WITH
THUNDERSTORM              0     MIXED PRECIP               0
HEAVY RAIN                3     RAIN                       8
LIGHT RAIN               17     FREEZING RAIN              0
LT FREEZING RAIN          0     HAIL                       0
HEAVY SNOW                0     SNOW                       0
LIGHT SNOW                0     SLEET                      0
FOG                      16     FOG W/VIS <= 1/4 MILE      6
HAZE                      0

-  INDICATES NEGATIVE NUMBERS.
R  INDICATES RECORD WAS SET OR TIED.
MM INDICATES DATA IS MISSING.
T  INDICATES TRACE AMOUNT.

$$
