392
CXUS51 KCTP 011014
CLMBFD

PHLCLMBFD 000
TTAA00 KCTP 010901


CLIMATE REPORT
NATIONAL WEATHER SERVICE STATE COLLEGE PA
512 AM EST WED MAR 1 2017

...................................

...THE BRADFORD CLIMATE SUMMARY FOR THE MONTH OF FEBRUARY 2017...

CLIMATE NORMAL PERIOD 1981 TO 2010
CLIMATE RECORD PERIOD 1957 TO 2017

WEATHER         OBSERVED          NORMAL  DEPART  LAST YEAR`S
                 VALUE   DATE(S)  VALUE   FROM    VALUE  DATE(S)
                                          NORMAL
................................................................
TEMPERATURE (F)
RECORD
 HIGH              69   02/24/2017
 LOW              -30   02/11/1979
HIGHEST            69R  02/24                         58  02/20
LOWEST              8   02/14                        -11  02/14
AVG. MAXIMUM     41.9              32.4     9.5     35.4
AVG. MINIMUM     23.9              14.8     9.1     17.3
MEAN             32.9              23.6     9.3     26.4
DAYS MAX >= 90      0                MM      MM        0
DAYS MAX <= 32      9                MM      MM       10
DAYS MIN <= 32     22                MM      MM       26
DAYS MIN <= 0       0                MM      MM        2

PRECIPITATION (INCHES)
RECORD
 MAXIMUM         5.29   1990
 MINIMUM         0.35   2010
TOTALS           2.51              2.35    0.16     3.46
DAILY AVG.       0.09              0.08    0.01     0.12
DAYS >= .01        13                MM      MM       14
DAYS >= .10         4                MM      MM        7
DAYS >= .50         2                MM      MM        3
DAYS >= 1.00        1                MM      MM        1
GREATEST
 24 HR. TOTAL    1.04   02/07 TO 02/07           02/15 TO 02/16
                        02/07 TO 02/08

DEGREE_DAYS
HEATING TOTAL     893              1159    -266     1113
 SINCE 7/1       4583              5570    -987     4700
COOLING TOTAL       0                 0       0        0
 SINCE 1/1          0                 0       0        0
.........................................................

WIND (MPH)
AVERAGE WIND SPEED              8.6
HIGHEST WIND SPEED/DIRECTION    36/300    DATE  02/12
HIGHEST GUST SPEED/DIRECTION    49/300    DATE  02/12

SKY COVER
POSSIBLE SUNSHINE (PERCENT)   MM
AVERAGE SKY COVER           0.70
NUMBER OF DAYS FAIR            6
NUMBER OF DAYS PC              7
NUMBER OF DAYS CLOUDY         15

AVERAGE RH (PERCENT)     72

WEATHER CONDITIONS. NUMBER OF DAYS WITH
THUNDERSTORM              0     MIXED PRECIP               0
HEAVY RAIN                2     RAIN                       4
LIGHT RAIN                7     FREEZING RAIN              0
LT FREEZING RAIN          0     HAIL                       0
HEAVY SNOW                3     SNOW                      10
LIGHT SNOW               15     SLEET                      0
FOG                      22     FOG W/VIS <= 1/4 MILE      8
HAZE                      8

-  INDICATES NEGATIVE NUMBERS.
R  INDICATES RECORD WAS SET OR TIED.
MM INDICATES DATA IS MISSING.
T  INDICATES TRACE AMOUNT.

&&

$$

MARTIN
