000
CXUS54 KAMA 021211
CLMBGD


CLIMATE REPORT
NATIONAL WEATHER SERVICE AMARILLO TX
710 AM CDT SAT JUL 2 2016

...................................

...THE BORGER CLIMATE SUMMARY FOR THE MONTH OF JUNE 2016...

CLIMATE NORMAL PERIOD 1981 TO 2010
CLIMATE RECORD PERIOD 1949 TO 2016

WEATHER         OBSERVED          NORMAL  DEPART  LAST YEAR`S
                 VALUE   DATE(S)  VALUE   FROM    VALUE  DATE(S)
                                          NORMAL
................................................................
TEMPERATURE (F)
HIGHEST           103   06/17                         97  06/28
LOWEST             56   06/05                         60  06/14
                        06/03
AVG. MAXIMUM     92.5              89.4     3.1     90.3
AVG. MINIMUM     67.2              64.3     2.9     66.8
MEAN             79.8              76.9     2.9     78.5
DAYS MAX >= 90     24              15.5     8.5       19
DAYS MAX <= 32      0               0.0     0.0        0
DAYS MIN <= 32      0               0.0     0.0        0
DAYS MIN <= 0       0               0.0     0.0        0

PRECIPITATION (INCHES)
TOTALS           1.35              3.17   -1.82     5.15
DAILY AVG.       0.05              0.11   -0.06     0.17
DAYS >= .01         6               8.2    -2.2        6
DAYS >= .10         4               5.2    -1.2        5
DAYS >= .50         1               2.4    -1.4        3
DAYS >= 1.00        0               0.9    -0.9        1
GREATEST
 24 HR. TOTAL    0.86   06/13 TO 06/14

SNOWFALL (INCHES)
TOTALS            0.0                MM      MM      0.0
SINCE 7/1         8.9                MM      MM     17.5
DAYS >= TRACE       0                MM      MM        0
DAYS >= 1.0         0                MM      MM        0
GREATEST
 SNOW DEPTH         0   MM
 24 HR TOTAL      0.0   06/30 TO 06/30

DEGREE_DAYS
HEATING TOTAL       0                 3      -3        0
 SINCE 7/1       3087              3766    -679     3452
COOLING TOTAL     453               358      95      413
 SINCE 1/1        640               555      85      537
.................................................................

WIND (MPH)
AVERAGE WIND SPEED              9.9
HIGHEST WIND SPEED/DIRECTION    35/190    DATE  06/15
HIGHEST GUST SPEED/DIRECTION    48/190    DATE  06/15

SKY COVER
POSSIBLE SUNSHINE (PERCENT)   MM
NUMBER OF DAYS FAIR           26
NUMBER OF DAYS PC              4
NUMBER OF DAYS CLOUDY          0

AVERAGE RH (PERCENT)     55

WEATHER CONDITIONS. NUMBER OF DAYS WITH
THUNDERSTORM             14     MIXED PRECIP               0
HEAVY RAIN                1     RAIN                       2
LIGHT RAIN                9     FREEZING RAIN              0
LT FREEZING RAIN          0     HEAVY SNOW                 0
SNOW                      0     LIGHT SNOW                 0
SLEET                     0     FOG                        5
FOG W/VIS <= 1/4 MILE     1     HAZE                       2

-  INDICATES NEGATIVE NUMBERS.
R  INDICATES RECORD WAS SET OR TIED.
MM INDICATES DATA IS MISSING.
T  INDICATES TRACE AMOUNT.

$$
