000
CXUS53 KIND 011510
CLMBMG


CLIMATE REPORT
NATIONAL WEATHER SERVICE INDIANAPOLIS IN
1110 AM EDT WED NOV 1 2017

...................................

...THE BLOOMINGTON IN CLIMATE SUMMARY FOR THE MONTH OF OCTOBER 2017...

CLIMATE NORMAL PERIOD 1981 TO 2010
CLIMATE RECORD PERIOD 9999 TO 9999

WEATHER         OBSERVED          NORMAL  DEPART  LAST YEAR`S
                 VALUE   DATE(S)  VALUE   FROM    VALUE  DATE(S)
                                          NORMAL
................................................................
TEMPERATURE (F)
HIGHEST            85   10/07                         84  10/17
                                                          10/07
                                                          10/06
LOWEST             27   10/29                         36  10/22
AVG. MAXIMUM     68.0              67.1     0.9     72.6
AVG. MINIMUM     47.9              42.2     5.7     50.2
MEAN             58.0              54.6     3.4     61.4
DAYS MAX >= 90      0               0.1    -0.1        0
DAYS MAX <= 32      0               0.0     0.0        0
DAYS MIN <= 32      4               4.5    -0.5        0
DAYS MIN <= 0       0               0.0     0.0        0

PRECIPITATION (INCHES)
TOTALS           3.11              3.53   -0.42     3.49
DAILY AVG.       0.10              0.11   -0.01     0.11
DAYS >= .01        13                MM      MM        7
DAYS >= .10         8                MM      MM        3
DAYS >= .50         3                MM      MM        2
DAYS >= 1.00        0                MM      MM        2
GREATEST
 24 HR. TOTAL    0.70   10/07 TO 10/07

DEGREE_DAYS
HEATING TOTAL     264               334     -70      159
 SINCE 7/1        316               419    -103      178
COOLING TOTAL      50                13      37       55
 SINCE 1/1       1088               926     162     1318
.................................................................

WIND (MPH)
AVERAGE WIND SPEED              6.1
HIGHEST WIND SPEED/DIRECTION    26/220    DATE  10/15
HIGHEST GUST SPEED/DIRECTION    39/240    DATE  10/15

SKY COVER
POSSIBLE SUNSHINE (PERCENT)   MM
AVERAGE SKY COVER           0.50
NUMBER OF DAYS FAIR           12
NUMBER OF DAYS PC              8
NUMBER OF DAYS CLOUDY         11

AVERAGE RH (PERCENT)     70

WEATHER CONDITIONS. NUMBER OF DAYS WITH
THUNDERSTORM              1     MIXED PRECIP               0
HEAVY RAIN                3     RAIN                       3
LIGHT RAIN               14     FREEZING RAIN              0
LT FREEZING RAIN          0     HAIL                       0
HEAVY SNOW                0     SNOW                       0
LIGHT SNOW                0     SLEET                      0
FOG                      13     FOG W/VIS <= 1/4 MILE      4
HAZE                      1

-  INDICATES NEGATIVE NUMBERS.
R  INDICATES RECORD WAS SET OR TIED.
MM INDICATES DATA IS MISSING.
T  INDICATES TRACE AMOUNT.

$$
