370
CXUS54 KOHX 050542
CLMBNA

CLIMATE REPORT
NATIONAL WEATHER SERVICE NASHVILLE TN
1228 AM CDT TUE APR 5 2016

...................................

...THE NASHVILLE CLIMATE SUMMARY FOR THE MONTH OF MARCH 2016...

CLIMATE NORMAL PERIOD 1981 TO 2010
CLIMATE RECORD PERIOD 1871 TO 2016

WEATHER         OBSERVED          NORMAL  DEPART  LAST YEAR`S
                 VALUE   DATE(S)  VALUE   FROM    VALUE
                                          NORMAL
.............................................................
TEMPERATURE (F)
RECORD
 HIGH              89   03/21/1907
 LOW                2   03/03/1980
HIGHEST            87   03/15
LOWEST             30   03/05
AVG. MAXIMUM     67.1              61.0     6.1
AVG. MINIMUM     44.7              39.0     5.7
MEAN             55.9              50.0     5.9     50.6
DAYS MAX >= 90      0
DAYS MAX <= 32      0
DAYS MIN <= 32      2
DAYS MIN <= 0       0

PRECIPITATION (INCHES)
RECORD
 MAXIMUM        12.35   1975
 MINIMUM         0.85   1910
TOTALS           4.33              4.11    0.22
DAYS >= .01        11
DAYS >= .10         8
DAYS >= .50         5
DAYS >= 1.00        0
GREATEST
 24 HR. TOTAL    0.99   03/10 TO 03/11

SNOWFALL (INCHES)
TOTALS            0.0               0.9    -0.9
SINCE 7/1        11.3                       5.0
DAYS >= TRACE       0
DAYS >= 1.0         0

DEGREE_DAYS
HEATING TOTAL     290               473    -183
 SINCE 7/1       2533              3411    -878
COOLING TOTAL      14                 8       6
 SINCE 1/1         14                 8       6
..............................................................

WIND (MPH)
AVERAGE WIND SPEED              8.3
HIGHEST GUST SPEED/DIRECTION    41/310    DATE  03/27

SKY COVER
POSSIBLE SUNSHINE (PERCENT)   MM
AVERAGE SKY COVER           0.60
NUMBER OF DAYS CLEAR           6
NUMBER OF DAYS PC             16
NUMBER OF DAYS CLOUDY          9

AVERAGE RH (PERCENT)     60

WEATHER CONDITIONS. NUMBER OF DAYS WITH
THUNDERSTORM              3     MIXED PRECIP               0
HEAVY RAIN                6     RAIN                       8
LIGHT RAIN               11     FREEZING RAIN              0
LT FREEZING RAIN          0     HAIL                       0
HEAVY SNOW                0     SNOW                       0
LIGHT SNOW                0     SLEET                      0
FOG                      12     FOG W/VIS <= 1/4 MILE      4
HAZE                      5

-  INDICATES NEGATIVE NUMBERS.
R  INDICATES RECORD WAS SET OR TIED.
MM INDICATES DATA IS MISSING.
T  INDICATES TRACE AMOUNT.

$$
BOYD
