000
CXUS51 KBOX 022104 CCA
CLMBOS

CLIMATE REPORT
NATIONAL WEATHER SERVICE TAUNTON MA
504 PM EDT WED NOV 2 2017

...................................

...THE BOSTON MA CLIMATE SUMMARY FOR THE MONTH OF OCTOBER 2017...

CLIMATE NORMAL PERIOD 1981 TO 2010
CLIMATE RECORD PERIOD 1872 TO 2017

WEATHER         OBSERVED          NORMAL  DEPART
                 VALUE   DATE(S)  VALUE   FROM
                                          NORMAL
................................................
TEMPERATURE (F)
RECORD
 HIGH              90   10/07/1963
                        10/12/1954
                        10/01/1881
 LOW               25   10/27/1936
                        10/26/1879
HIGHEST            80   10/05
LOWEST             40   10/17
AVG. MAXIMUM     68.9              61.4     7.5
AVG. MINIMUM     53.8              46.5     7.3
MEAN             61.4              54.0     7.4
DAYS MAX >= 90      0               0.0     0.0
DAYS MAX <= 32      0               0.0     0.0
DAYS MIN <= 32      0               0.0     0.0
DAYS MIN <= 0       0               0.0     0.0

PRECIPITATION (INCHES)
RECORD
 MAXIMUM        10.66   1996
 MINIMUM         0.06   1924
TOTALS           4.14              3.94    0.20
DAILY AVG.       0.13              0.13    0.00
DAYS >= .01         9               9.4    -0.4
DAYS >= .10         7               5.9     1.1
DAYS >= .50         3               2.8     0.2
DAYS >= 1.00        2               1.1     0.9
GREATEST
 24 HR. TOTAL    1.94   10/29 TO 10/30

SNOWFALL (INCHES)
RECORDS
 TOTAL            1.1   2005
 SNOW DEPTH        MM   MM
TOTALS            0.0                 T     0.0
SINCE 7/1         0.0                 T     0.0
SNOWDEPTH AVG.     MM
DAYS >= 1.0         0               0.0     0.0
GREATEST
 SNOW DEPTH        MM
 24 HR TOTAL      0.0   10/31 TO 10/31

DEGREE_DAYS
HEATING TOTAL     145               350    -205
 SINCE 7/1        194               447    -253
COOLING TOTAL      40                 7      33
 SINCE 1/1        880               747     133
.................................................

WIND (MPH)
AVERAGE WIND SPEED              11.0
RESULTANT WIND SPEED/DIRECTION   4/220
HIGHEST WIND SPEED/DIRECTION    46/120    DATE  10/30
HIGHEST GUST SPEED/DIRECTION    56/110    DATE  10/30

SKY COVER
POSSIBLE SUNSHINE (PERCENT)   MM
AVERAGE SKY COVER           0.50
NUMBER OF DAYS FAIR           13
NUMBER OF DAYS PC              6
NUMBER OF DAYS CLOUDY         12

AVERAGE RH (PERCENT)     71

WEATHER CONDITIONS. NUMBER OF DAYS WITH
THUNDERSTORM              1     MIXED PRECIP               0
HEAVY RAIN                3     RAIN                       5
LIGHT RAIN               11     FREEZING RAIN              0
LT FREEZING RAIN          0     HAIL                       0
HEAVY SNOW                0     SNOW                       0
LIGHT SNOW                0     SLEET                      0
FOG                      11     FOG W/VIS <= 1/4 MILE      4
HAZE                      6

-  INDICATES NEGATIVE NUMBERS.
R  INDICATES RECORD WAS SET OR TIED.
MM INDICATES DATA IS MISSING.
T  INDICATES TRACE AMOUNT.

$$

SIPPRELL
