000
CXUS53 KDVN 020443
CLMBRL


CLIMATE REPORT
NATIONAL WEATHER SERVICE QUAD CITIES IA IL
1034 PM CST SUN FEB 1 2015

...................................

...THE BURLINGTON IA CLIMATE SUMMARY FOR THE MONTH OF JANUARY 2015...

CLIMATE NORMAL PERIOD 1981 TO 2010
CLIMATE RECORD PERIOD 1897 TO 2015

WEATHER         OBSERVED          NORMAL  DEPART
                 VALUE   DATE(S)  VALUE   FROM
                                          NORMAL
................................................
TEMPERATURE (F)
RECORD
 HIGH              70   01/31/1989
 LOW              -24   01/14/1957
HIGHEST            48   01/24        36      12
LOWEST            -10   01/08        17     -27
AVG. MAXIMUM     33.7              34.4    -0.7
AVG. MINIMUM     16.4              17.2    -0.8
MEAN             25.0              25.8    -0.8
DAYS MAX >= 90      0
DAYS MAX <= 32      9
DAYS MIN <= 32     29
DAYS MIN <= 0       7

PRECIPITATION (INCHES)
TOTALS           1.54              1.24    0.30
DAILY AVG.       0.05              0.04    0.01
DAYS >= .01         9
DAYS >= .10         6
DAYS >= .50         0
DAYS >= 1.00        0
GREATEST
 24 HR. TOTAL    0.46   01/31 TO 01/31

DEGREE_DAYS
HEATING TOTAL    1229              1215      14
 SINCE 7/1       3600              3401     199
COOLING TOTAL       0                 0       0
 SINCE 1/1          0                 0       0
.................................................

WIND (MPH)
AVERAGE WIND SPEED              9.0
HIGHEST WIND SPEED/DIRECTION    29/310    DATE  01/08
HIGHEST GUST SPEED/DIRECTION    41/310    DATE  01/08

SKY COVER
POSSIBLE SUNSHINE (PERCENT)   MM
AVERAGE SKY COVER           0.50
NUMBER OF DAYS FAIR           13
NUMBER OF DAYS PC             10
NUMBER OF DAYS CLOUDY          8

AVERAGE RH (PERCENT)     78

WEATHER CONDITIONS. NUMBER OF DAYS WITH
THUNDERSTORM              0     HAIL                       0
SLEET                     1     FOG                       19
FOG W/VIS <= 1/4 MILE     3     HAZE                       8

-  INDICATES NEGATIVE NUMBERS.
R  INDICATES RECORD WAS SET OR TIED.
MM INDICATES DATA IS MISSING.
T  INDICATES TRACE AMOUNT.

$$
