000
CXUS53 KDVN 011413 RRA
CLMBRL

CLIMATE REPORT
NATIONAL WEATHER SERVICE QUAD CITIES IA IL
709 AM CDT MON JUN 1 2015

...................................

...THE BURLINGTON IA CLIMATE SUMMARY FOR THE MONTH OF MAY 2015...

CLIMATE NORMAL PERIOD 1981 TO 2010
CLIMATE RECORD PERIOD 1897 TO 2015

WEATHER         OBSERVED          NORMAL  DEPART
                 VALUE   DATE(S)  VALUE   FROM
                                          NORMAL
................................................
TEMPERATURE (F)
RECORD
 HIGH             103   05/31/1934
 LOW               26   05/04/1907
HIGHEST            84   05/03        79       5
LOWEST             37   05/21        48     -11
AVG. MAXIMUM     74.0              74.3    -0.3
AVG. MINIMUM     54.7              53.0     1.7
MEAN             64.4              63.7     0.7
DAYS MAX >= 90      0
DAYS MAX <= 32      0
DAYS MIN <= 32      0
DAYS MIN <= 0       0

PRECIPITATION (INCHES)
TOTALS           4.64              4.85   -0.21
DAILY AVG.       0.15              0.16   -0.01
DAYS >= .01        16
DAYS >= .10        11
DAYS >= .50         3
DAYS >= 1.00        0
GREATEST
 24 HR. TOTAL    0.93   05/29 TO 05/30

DEGREE_DAYS
HEATING TOTAL     101               125     -24
 SINCE 7/1       6096              5587     509
COOLING TOTAL      90                83       7
 SINCE 1/1         93               103     -10
.................................................

WIND (MPH)
AVERAGE WIND SPEED              8.7
HIGHEST WIND SPEED/DIRECTION    29/180    DATE  05/24
HIGHEST GUST SPEED/DIRECTION    39/180    DATE  05/24

SKY COVER
POSSIBLE SUNSHINE (PERCENT)   MM
AVERAGE SKY COVER           0.50
NUMBER OF DAYS FAIR           12
NUMBER OF DAYS PC             13
NUMBER OF DAYS CLOUDY          6

AVERAGE RH (PERCENT)     71

WEATHER CONDITIONS. NUMBER OF DAYS WITH
THUNDERSTORM              7     HAIL                       0
SLEET                     0     FOG                       18
FOG W/VIS <= 1/4 MILE     2     HAZE                       7

-  INDICATES NEGATIVE NUMBERS.
R  INDICATES RECORD WAS SET OR TIED.
MM INDICATES DATA IS MISSING.
T  INDICATES TRACE AMOUNT.

PRECIPITATION DATA FROM SUPPLIMENTAL CLIMATE SITE - MAY 20

$$
