000
CXUS44 KBRO 011008
CLMBRO


CLIMATE REPORT
NATIONAL WEATHER SERVICE BROWNSVILLE TX
402 AM CST FRI DEC 1 2017

...................................

...THE BROWNSVILLE CLIMATE SUMMARY FOR THE MONTH OF NOVEMBER 2017...

CLIMATE NORMAL PERIOD 1981 TO 2010
CLIMATE RECORD PERIOD 1878 TO 2017

WEATHER         OBSERVED          NORMAL  DEPART  LAST YEAR`S
                 VALUE   DATE(S)  VALUE   FROM    VALUE  DATE(S)
                                          NORMAL
................................................................
TEMPERATURE (F)
HIGHEST            92   11/05        89       3       91  11/02
                                                          11/01
LOWEST             47   11/24        42       5       49  11/20
AVG. MAXIMUM     83.8              79.1     4.7     81.2
AVG. MINIMUM     64.1              59.6     4.5     65.4
MEAN             73.9              69.4     4.5     73.3
DAYS MAX >= 90      6               0.4     5.6        3
DAYS MAX <= 32      0               0.0     0.0        0
DAYS MIN <= 32      0               0.0     0.0        0
DAYS MIN <= 0       0               0.0     0.0        0

PRECIPITATION (INCHES)
TOTALS           0.79              1.82   -1.03     4.42
DAILY AVG.       0.03              0.06   -0.03     0.15
DAYS >= .01         5               6.0    -1.0       11
DAYS >= .10         4               2.9     1.1        5
DAYS >= .50         0               1.0    -1.0        3
DAYS >= 1.00        0               0.5    -0.5        2
GREATEST
 24 HR. TOTAL    0.37   11/12 TO 11/12

SNOWFALL (INCHES)
TOTALS            0.0               0.0     0.0      0.0
SINCE 7/1         0.0               0.0     0.0
SNOWDEPTH AVG.      0

DEGREE_DAYS
HEATING TOTAL       9                50     -41        8
 SINCE 7/1         16                54     -38        8
COOLING TOTAL     284               180     104      265
 SINCE 1/1       4719              3945     774     4467
.................................................................

WIND (MPH)
AVERAGE WIND SPEED              8.4
HIGHEST WIND SPEED/DIRECTION    25/160    DATE  11/06
HIGHEST GUST SPEED/DIRECTION    35/030    DATE  11/18

SKY COVER
POSSIBLE SUNSHINE (PERCENT)   MM
AVERAGE SKY COVER           0.30
NUMBER OF DAYS FAIR           18
NUMBER OF DAYS PC              8
NUMBER OF DAYS CLOUDY          4

AVERAGE RH (PERCENT)     75

WEATHER CONDITIONS. NUMBER OF DAYS WITH
THUNDERSTORM              0     MIXED PRECIP               0
HEAVY RAIN                1     RAIN                       2
LIGHT RAIN                6     FREEZING RAIN              0
LT FREEZING RAIN          0     HAIL                       0
HEAVY SNOW                0     SNOW                       0
LIGHT SNOW                0     SLEET                      0
FOG                      11     FOG W/VIS <= 1/4 MILE      1
HAZE                      0

-  INDICATES NEGATIVE NUMBERS.
R  INDICATES RECORD WAS SET OR TIED.
MM INDICATES DATA IS MISSING.
T  INDICATES TRACE AMOUNT.

$$
