000
CXAK59 PAFG 020310
CLMBRW


CLIMATE REPORT
NATIONAL WEATHER SERVICE FAIRBANKS, AK
702 PM AKDT TUE AUG 1 2017

...................................

...THE BARROW AK CLIMATE SUMMARY FOR THE MONTH OF JULY 2017...

CLIMATE NORMAL PERIOD 1981 TO 2010
CLIMATE RECORD PERIOD 1920 TO 2017

WEATHER         OBSERVED          NORMAL  DEPART  LAST YEAR`S
                 VALUE   DATE(S)  VALUE   FROM    VALUE  DATE(S)
                                          NORMAL
................................................................
TEMPERATURE (F)
RECORD
 HIGH              79   07/13/1993
 LOW               22   07/05/1936
HIGHEST            68   07/29        MM      MM       66  07/13
LOWEST             31   07/01        MM      MM       30  07/20
AVG. MAXIMUM     52.8              46.9     5.9     51.1
AVG. MINIMUM     39.1              34.8     4.3     36.4
MEAN             46.0              40.9     5.1     43.7
DAYS MAX >= 90      0               0.0     0.0        0
DAYS MAX <= 32      0               0.1    -0.1        0
DAYS MIN <= 32      2               8.6    -6.6        6
DAYS MIN <= 0       0               0.0     0.0        0

PRECIPITATION (INCHES)
RECORD
 MAXIMUM         3.20   1989
 MINIMUM            T   1937
TOTALS           1.60              0.98    0.62     0.79
DAILY AVG.       0.05              0.03    0.02     0.03
DAYS >= .01        13               9.1     3.9        8
DAYS >= .10         5               3.2     1.8        4
DAYS >= .50         1               0.1     0.9        0
DAYS >= 1.00        0               0.1    -0.1        0
GREATEST
 24 HR. TOTAL    0.64   07/23 TO 07/23           07/27 TO 07/27

SNOWFALL (INCHES)
RECORDS
 TOTAL            9.0   1922
 24 HR TOTAL       MM
 SNOW DEPTH         1   07/05/1963
                        07/21/1961
                        07/30/1945
TOTALS            0.0               0.2    -0.2        T
SINCE 7/1         0.0               0.2    -0.2        T
SNOWDEPTH AVG.      0                 0       0        0
DAYS >= TRACE       0               0.6    -0.6        6
DAYS >= 1.0         0               0.0     0.0        0
GREATEST
 SNOW DEPTH         0   MM                             0  MM
 24 HR TOTAL      0.0   07/31 TO 07/31           07/30 TO 07/30

DEGREE_DAYS
HEATING TOTAL     582               749    -167      653
 SINCE 7/1        582               749    -167      653
COOLING TOTAL       0                 0       0        0
 SINCE 1/1          0                 0       0        0
...............................................

WIND (MPH)
AVERAGE WIND SPEED              12.3
HIGHEST WIND SPEED/DIRECTION    32/260    DATE  07/22
HIGHEST GUST SPEED/DIRECTION    39/270    DATE  07/22

SKY COVER
AVERAGE SKY COVER           0.70


WEATHER CONDITIONS. NUMBER OF DAYS WITH
THUNDERSTORM              0     MIXED PRECIP               0
HEAVY RAIN                0     RAIN                       5
LIGHT RAIN               18     FREEZING RAIN              0
LT FREEZING RAIN          0     HAIL                       0
HEAVY SNOW                0     SNOW                       0
LIGHT SNOW                0     SLEET                      0
FOG                      26     FOG W/VIS <= 1/4 MILE     15
HAZE                      1

-  INDICATES NEGATIVE NUMBERS.
R  INDICATES RECORD WAS SET OR TIED.
MM INDICATES DATA IS MISSING.
T  INDICATES TRACE AMOUNT.

$$
