000
CXUS51 KLWX 020208
CLMBWI

CLIMATE REPORT
NATIONAL WEATHER SERVICE BALTIMORE MD/WASHINGTON DC
1007 PM EDT TUE AUG 1 2017

...................................

...THE BALTIMORE MD CLIMATE SUMMARY FOR THE MONTH OF JULY 2017...

CLIMATE NORMAL PERIOD 1981 TO 2010
CLIMATE RECORD PERIOD 1871 TO 2017

WEATHER         OBSERVED          NORMAL  DEPART  LAST YEAR`S
                 VALUE   DATE(S)  VALUE   FROM    VALUE
                                          NORMAL
.............................................................
TEMPERATURE (F)
RECORD
 HIGH             107   07/10/1936
 LOW               50   07/03/2001
                        07/01/1988
HIGHEST            98   07/20        97       1
LOWEST             58   07/31        56       2
AVG. MAXIMUM     88.5              87.2     1.3     89.6
AVG. MINIMUM     68.9              66.8     2.1     69.8
MEAN             78.7              77.0     1.7
DAYS MAX >= 90     14               9.7     4.3
DAYS MAX <= 32      0               0.0     0.0
DAYS MIN <= 32      0               0.0     0.0
DAYS MIN <= 0       0               0.0     0.0

PRECIPITATION (INCHES)
RECORD
 MAXIMUM        11.03   1889
 MINIMUM         0.30   1955
TOTALS           7.11              4.07    3.04     6.09
DAILY AVG.       0.23              0.13    0.10
DAYS >= .01        14              10.0     4.0
DAYS >= .10         8               6.9     1.1
DAYS >= .50         3               2.6     0.4
DAYS >= 1.00        3               1.1     1.9
GREATEST
 24 HR. TOTAL    2.58   07/28 TO 07/28

DEGREE_DAYS
HEATING TOTAL       0                 0       0        0
 SINCE 7/1          0                 0       0        0
COOLING TOTAL     433               372      61      467
 SINCE 1/1        820               694     126      819
..............................................................

WIND (MPH)
AVERAGE WIND SPEED              5.8
HIGHEST WIND SPEED/DIRECTION    26/290    DATE  07/08
HIGHEST GUST SPEED/DIRECTION    33/300    DATE  07/08

SKY COVER
POSSIBLE SUNSHINE (PERCENT)   MM
AVERAGE SKY COVER           0.60
NUMBER OF DAYS FAIR            5
NUMBER OF DAYS PC             17
NUMBER OF DAYS CLOUDY          9

AVERAGE RH (PERCENT)     73

WEATHER CONDITIONS. NUMBER OF DAYS WITH
THUNDERSTORM             10     MIXED PRECIP               0
HEAVY RAIN                7     RAIN                       6
LIGHT RAIN               14     FREEZING RAIN              0
LT FREEZING RAIN          0     HAIL                       0
HEAVY SNOW                0     SNOW                       0
LIGHT SNOW                0     SLEET                      0
FOG                      16     FOG W/VIS <= 1/4 MILE      0
HAZE                      5

-  INDICATES NEGATIVE NUMBERS.
R  INDICATES RECORD WAS SET OR TIED.
MM INDICATES DATA IS MISSING.
T  INDICATES TRACE AMOUNT.

&&

BALTIMORE MD...BALTIMORE-WASHINGTON INTERNATIONAL THURGOOD
MARSHALL AIRPORT...

THE MONTHLY AVERAGE TEMPERATURE WAS ABOVE NORMAL. MONTHLY
PRECIPITATION WAS WELL ABOVE NORMAL...AND RANKED AS THE WETTEST JULY
SINCE 2005.

TWO DAILY MAXIMUM RAINFALL RECORDS WERE SET LAST MONTH:
DAILY RAINFALL OF 1.54 INCHES ON THE 6TH BROKE THE RECORD OF 1.34
SET IN 1931.
DAILY RAINFALL OF 2.58 INCHES ON THE 28TH BROKE THE RECORD OF 2.28
SET IN 1871.

CLIMATE RECORDS FOR THE BALTIMORE MD AREA HAVE BEEN KEPT AT
BALTIMORE-WASHINGTON INTERNATIONAL THURGOOD MARSHALL AIRPORT SINCE
1950. ADDITIONAL TEMPERATURE RECORDS OBSERVED DOWNTOWN EXTEND BACK
TO JULY OF 1872. PRECIPITATION RECORDS EXTEND BACK TO JANUARY OF
1871. SNOWFALL RECORDS BEGAN IN MARCH OF 1892.

ALL CLIMATE DATA ARE CONSIDERED PRELIMINARY UNTIL REVIEWED BY THE
NATIONAL CENTERS FOR ENVIRONMENTAL INFORMATION (NCEI).

$$

DFH/RCM/SZ
