000
CXUS52 KCAE 020906
CLMCAE

CLIMATE REPORT
NATIONAL WEATHER SERVICE COLUMBIA SC
406 AM EST SUN NOV 2 2014

...................................

...THE COLUMBIA METRO AIRPORT SC CLIMATE SUMMARY FOR THE MONTH OF
 OCTOBER 2014...

CLIMATE NORMAL PERIOD 1981 TO 2010
CLIMATE RECORD PERIOD 1887 TO 2014

WEATHER         OBSERVED          NORMAL  DEPART
                 VALUE   DATE(S)  VALUE   FROM
                                          NORMAL
................................................
TEMPERATURE (F)
RECORD
 HIGH             101   10/05/1954
 LOW               23   10/30/1952
                        10/22/1952
HIGHEST            91   10/11        MM      MM
LOWEST             40   10/25        MM      MM
AVG. MAXIMUM     79.9              76.1     3.8
AVG. MINIMUM     53.6              52.1     1.5
MEAN             66.8              64.1     2.7
DAYS MAX >= 90      1               0.5     0.5
DAYS MAX <= 32      0               0.0     0.0
DAYS MIN <= 32      0               0.5    -0.5
DAYS MIN <= 0       0               0.0     0.0

PRECIPITATION (INCHES)
RECORD
 MAXIMUM        12.09   1959
 MINIMUM         0.00   1884
                        1963
TOTALS           3.05              3.17   -0.12
DAILY AVG.       0.10              0.10    0.00
DAYS >= .01         6               7.0    -1.0
DAYS >= .10         4               4.2    -0.2
DAYS >= .50         3               2.1     0.9
DAYS >= 1.00        2               1.1     0.9
GREATEST
 24 HR. TOTAL    1.36   10/14 TO 10/15
 STORM TOTAL       MM
 (MM/DD(HH))            MM

SNOWFALL (INCHES)
RECORDS
 TOTAL             MM   MM
TOTALS            0.0               0.0     0.0
SINCE 7/1         0.0               0.0     0.0
DAYS >= TRACE       0               0.0     0.0
DAYS >= 1.0         0               0.0     0.0
GREATEST
 SNOW DEPTH         0   MM

DEGREE_DAYS
HEATING TOTAL      67               112     -45
 SINCE 7/1         71               120     -49
COOLING TOTAL     131                85      46
 SINCE 1/1       2527              2152     375

FREEZE DATES
RECORD
 EARLIEST     10/15/1991
 LATEST       04/03/1964
EARLIEST                        11/05
LATEST                          03/22
.................................................

WIND (MPH)
AVERAGE WIND SPEED              5.2
RESULTANT WIND SPEED/DIRECTION   2/241
HIGHEST WIND SPEED/DIRECTION    23/160    DATE  10/14
HIGHEST GUST SPEED/DIRECTION    30/190    DATE  10/14

SKY COVER
POSSIBLE SUNSHINE (PERCENT)   MM
AVERAGE SKY COVER           0.30
NUMBER OF DAYS FAIR           19
NUMBER OF DAYS PC             10
NUMBER OF DAYS CLOUDY          2

AVERAGE RH (PERCENT)     63

WEATHER CONDITIONS. NUMBER OF DAYS WITH
THUNDERSTORM              1     MIXED PRECIP               0
HEAVY RAIN                3     RAIN                       3
LIGHT RAIN                7     FREEZING RAIN              0
LT FREEZING RAIN          0     HAIL                       0
HEAVY SNOW                0     SNOW                       0
LIGHT SNOW                0     SLEET                      0
FOG                      11     FOG W/VIS <= 1/4 MILE      2
HAZE                      6

-  INDICATES NEGATIVE NUMBERS.
R  INDICATES RECORD WAS SET OR TIED.
MM INDICATES DATA IS MISSING.
T  INDICATES TRACE AMOUNT.

$$
