000
CXUS54 KMRX 041635
CLMCHA

CLIMATE REPORT
NATIONAL WEATHER SERVICE MORRISTOWN TN
1234 PM EDT SAT JUL 4 2015

...................................

...THE CHATTANOOGA CLIMATE SUMMARY FOR THE MONTH OF JUNE 2015...

CLIMATE NORMAL PERIOD 1981 TO 2010
CLIMATE RECORD PERIOD 1879 TO 2015

WEATHER         OBSERVED          NORMAL  DEPART
                 VALUE   DATE(S)  VALUE   FROM
                                          NORMAL
................................................
TEMPERATURE (F)
HIGHEST            97   06/24
LOWEST             61   06/29
AVG. MAXIMUM     89.9              87.1     2.8
AVG. MINIMUM     68.9              65.8     3.1
MEAN             79.4              76.5     2.9
DAYS MAX >= 90     17
DAYS MAX <= 32      0
DAYS MIN <= 32      0
DAYS MIN <= 0       0

PRECIPITATION (INCHES)
RECORD
 MAXIMUM         9.40   1949
 MINIMUM         0.29   1931
TOTALS           4.11              4.05    0.06
DAYS >= .01        11
DAYS >= .10         9
DAYS >= .50         5
DAYS >= 1.00        0
GREATEST
 24 HR. TOTAL    1.23   06/26 TO 06/27

SNOWFALL (INCHES)
TOTALS            0.0               0.0     0.0
SINCE 7/1         9.5
SNOWDEPTH AVG.      0
DAYS >= TRACE       0
GREATEST
 SNOW DEPTH         0   MM

DEGREE_DAYS
HEATING TOTAL       0                 2      -2
 SINCE 7/1       3261              3240      21
COOLING TOTAL     441               345      96
 SINCE 1/1        717               541     176
.................................................



-  INDICATES NEGATIVE NUMBERS.
R  INDICATES RECORD WAS SET OR TIED.
MM INDICATES DATA IS MISSING.
T  INDICATES TRACE AMOUNT.

$$
