000
CXUS52 KCHS 011220
CLMCHS

CLIMATE REPORT
NATIONAL WEATHER SERVICE CHARLESTON SC
811 AM EDT MON AUG 1 2016

...................................

...THE NORTH CHARLESTON SC CLIMATE SUMMARY FOR THE MONTH OF JULY 2016...

CLIMATE NORMAL PERIOD 1981 TO 2010
CLIMATE RECORD PERIOD 1938 TO 2016

WEATHER         OBSERVED          NORMAL  DEPART  LAST YEAR`S
                 VALUE   DATE(S)  VALUE   FROM    VALUE  DATE(S)
                                          NORMAL
................................................................
TEMPERATURE (F)
RECORD
 HIGH             104   07/20/1986
                        07/19/1986
 LOW               58   07/05/1952
HIGHEST           100   07/13                         99  07/23
                        07/08
LOWEST             73   07/22                         70  07/26
                        07/17                             07/04
AVG. MAXIMUM     95.5              91.1     4.4     92.5
AVG. MINIMUM     76.9              73.0     3.9     74.1
MEAN             86.2              82.1     4.1     83.3
DAYS MAX >= 90     29              19.4     9.6       26
DAYS MAX <= 32      0               0.0     0.0        0
DAYS MIN <= 32      0               0.0     0.0        0
DAYS MIN <= 0       0               0.0     0.0        0

PRECIPITATION (INCHES)
RECORD
 MAXIMUM        18.46   1964
 MINIMUM         1.76   1972
TOTALS           4.38              6.53   -2.15     7.72
DAYS >= .01        10              13.0    -3.0       10
DAYS >= .10         8               8.9    -0.9        9
DAYS >= .50         2               4.2    -2.2        6
DAYS >= 1.00        1               1.9    -0.9        3
GREATEST
 24 HR. TOTAL    1.69   07/22 TO 07/22

SNOWFALL (INCHES)
TOTALS            0.0               0.0     0.0
SINCE 7/1         0.0               0.0     0.0

DEGREE_DAYS
HEATING TOTAL       0                 0       0        0
 SINCE 7/1          0                 0       0        0
COOLING TOTAL     666               529     137      574
 SINCE 1/1       1686              1312     374     1535
.................................................................

WIND (MPH)
AVERAGE WIND SPEED              7.7
HIGHEST WIND SPEED/DIRECTION    37/140
HIGHEST GUST SPEED/DIRECTION    51/120


WEATHER CONDITIONS. NUMBER OF DAYS WITH
THUNDERSTORM             16     MIXED PRECIP               0
HEAVY RAIN                6     RAIN                       5
LIGHT RAIN               14     FREEZING RAIN              0
LT FREEZING RAIN          0     HAIL                       0
HEAVY SNOW                0     SNOW                       0
LIGHT SNOW                0     SLEET                      0
FOG                       5     FOG W/VIS <= 1/4 MILE      1
HAZE                      1

-  INDICATES NEGATIVE NUMBERS.
R  INDICATES RECORD WAS SET OR TIED.
MM INDICATES DATA IS MISSING.
T  INDICATES TRACE AMOUNT.
&&

RECORDS ESTABLISHED THIS MONTH AT THE CHARLESTON INTERNATIONAL
AIRPORT:

*ALL-TIME WARMEST MONTH ON RECORD
*WARMEST JULY ON RECORD
*JUL 1  - RECORD HIGH MINIMUM TEMPERATURE 77 DEGREES
*JUL 3  - RECORD HIGH TEMPERATURE OF 97 DEGREES
*JUL 3  - RECORD HIGH MINIMUM TEMPERATURE OF 78 DEGREES
*JUL 4  - RECORD HIGH MINIMUM TEMPERATURE OF 79 DEGREES
*JUL 8  - RECORD HIGH TEMPERATURE OF 100 DEGREES
*JUL 8  - RECORD HIGH MINIMUM TEMPERATURE OF 82 DEGREES
*JUL 11 - RECORD HIGH MINIMUM TEMPERATURE OF 80 DEGREES
*JUL 28 - RECORD HIGH MINIMUM TEMPERATURE OF 80 DEGREES
*JUL 29 - RECORD HIGH MINIMUM TEMPERATURE OF 80 DEGREES
*JUL 30 - RECORD HIGH MINIMUM TEMPERATURE OF 81 DEGREES
*JUL 31 - RECORD HIGH MINIMUM TEMPERATURE OF 80 DEGREES

$$
