000
CXUS51 KILN 010837
CLMCMH


CLIMATE REPORT
NATIONAL WEATHER SERVICE WILMINGTON OH
308 AM EST SUN FEB 1 2015

...................................

...THE COLUMBUS CLIMATE SUMMARY FOR THE MONTH OF JANUARY 2015...

CLIMATE NORMAL PERIOD 1981 TO 2010
CLIMATE RECORD PERIOD 1869 TO 2015

WEATHER         OBSERVED          NORMAL  DEPART  LAST YEAR`S
                 VALUE   DATE(S)  VALUE   FROM    VALUE  DATE(S)
                                          NORMAL
................................................................
TEMPERATURE (F)
RECORD
 HIGH              74   01/25/1950
 LOW              -22   01/19/1994
HIGHEST            59   01/03        36      23       53  01/11
LOWEST             -6   01/08        20     -26      -11  01/28
AVG. MAXIMUM     33.8              36.5    -2.7     32.0
AVG. MINIMUM     18.1              22.6    -4.5     13.6
MEAN             26.0              29.6    -3.6     22.8
DAYS MAX >= 90      0               0.0     0.0        0
DAYS MAX <= 32     12              10.8     1.2       14
DAYS MIN <= 32     29              23.9     5.1       27
DAYS MIN <= 0       2               1.4     0.6        7

PRECIPITATION (INCHES)
TOTALS           2.87              2.73    0.14     2.40
DAILY AVG.       0.09              0.09    0.00     0.08
DAYS >= .01        14              14.0     0.0       19
DAYS >= .10         6               6.0     0.0        7
DAYS >= .50         1               1.4    -0.4        1
DAYS >= 1.00        1               0.4     0.6        0
GREATEST
 24 HR. TOTAL    1.46   01/03 TO 01/03

SNOWFALL (INCHES)
TOTALS            8.4               9.2    -0.8     17.7
SINCE 7/1        12.5              15.3    -2.8     35.1
DAYS >= TRACE      16               9.1     6.9       19
DAYS >= 1.0         3               2.7     0.3        5
GREATEST
 24 HR TOTAL      3.7   01/06 TO 01/06

DEGREE_DAYS
HEATING TOTAL    1203              1101     102     1304
 SINCE 7/1       3281              3092     189     3297
COOLING TOTAL       0                 0       0        0
 SINCE 1/1          0                 0       0        0
..................................................

WIND (MPH)
AVERAGE WIND SPEED              8.5
RESULTANT WIND SPEED/DIRECTION   4/258
HIGHEST WIND SPEED/DIRECTION    35/300    DATE  01/04
HIGHEST GUST SPEED/DIRECTION    43/290    DATE  01/04

SKY COVER
AVERAGE SKY COVER           0.70

AVERAGE RH (PERCENT)     72

WEATHER CONDITIONS. NUMBER OF DAYS WITH
THUNDERSTORM              0     MIXED PRECIP               1
HEAVY RAIN                1     RAIN                       2
LIGHT RAIN               11     FREEZING RAIN              0
LT FREEZING RAIN          3     HAIL                       0
HEAVY SNOW                2     SNOW                       0
LIGHT SNOW               16     SLEET                      0
FOG                      19     FOG W/VIS <= 1/4 MILE      2
HAZE                     15

-  INDICATES NEGATIVE NUMBERS.
R  INDICATES RECORD WAS SET OR TIED.
MM INDICATES DATA IS MISSING.
T  INDICATES TRACE AMOUNT.

$$
