000
CXUS55 KCYS 131919
CLMCNE


CLIMATE REPORT
NATIONAL WEATHER SERVICE CHEYENNE WY
118 PM MDT WED AUG 13 2014

...................................

...THE ALLIANCE NE AIRPORT CLIMATE SUMMARY FOR THE MONTH OF JULY 2014...

CLIMATE NORMAL PERIOD 1981 TO 2010
CLIMATE RECORD PERIOD 1896 TO 2014

WEATHER         OBSERVED          NORMAL  DEPART  LAST YEAR`S
                 VALUE   DATE(S)  VALUE   FROM    VALUE
                                          NORMAL
.............................................................
TEMPERATURE (F)
RECORD
 HIGH             110   07/19/1983
 LOW               33   07/03/1941
HIGHEST           105   07/24        MM      MM       98
LOWEST             39   07/02        MM      MM       50
AVG. MAXIMUM     87.8              88.3    -0.5     87.9
AVG. MINIMUM     54.3              56.1    -1.8     57.1
MEAN             71.0              72.2    -1.2     72.5
DAYS MAX >= 90     13              13.6    -0.6       17
DAYS MAX <= 32      0               0.0     0.0        0
DAYS MIN <= 32      0               0.0     0.0        0
DAYS MIN <= 0       0               0.0     0.0        0

PRECIPITATION (INCHES)
RECORD
 MAXIMUM         4.76   1978
 MINIMUM         0.19   1989
TOTALS           0.17R             2.32   -2.15     0.86
DAYS >= .01         4                MM      MM        6
DAYS >= .10         0                MM      MM        4
DAYS >= .50         0                MM      MM        0
DAYS >= 1.00        0                MM      MM        0
GREATEST
 24 HR. TOTAL    0.10   07/10 TO 07/11

DEGREE_DAYS
HEATING TOTAL      27                12      15        8
 SINCE 7/1         27                12      15        8
COOLING TOTAL     222               234     -12      250
 SINCE 1/1        272               332     -60      396
..............................................................

WIND (MPH)
AVERAGE WIND SPEED              9.6
HIGHEST WIND SPEED/DIRECTION    35/260    DATE  07/04
HIGHEST GUST SPEED/DIRECTION    45/260    DATE  07/04

SKY COVER
POSSIBLE SUNSHINE (PERCENT)   MM
AVERAGE SKY COVER           0.20
NUMBER OF DAYS FAIR           24
NUMBER OF DAYS PC              6
NUMBER OF DAYS CLOUDY          1

AVERAGE RH (PERCENT)     61

WEATHER CONDITIONS. NUMBER OF DAYS WITH
THUNDERSTORM              0     MIXED PRECIP               0
HEAVY RAIN                0     RAIN                       2
LIGHT RAIN                8     FREEZING RAIN              0
LT FREEZING RAIN          0     HAIL                       0
HEAVY SNOW                0     SNOW                       0
LIGHT SNOW                0     SLEET                      0
FOG                      10     FOG W/VIS <= 1/4 MILE      3
HAZE                      1

-  INDICATES NEGATIVE NUMBERS.
R  INDICATES RECORD WAS SET OR TIED.
MM INDICATES DATA IS MISSING.
T  INDICATES TRACE AMOUNT.
...................................

...THE CHADRON NE AIRPORT CLIMATE SUMMARY FOR THE MONTH OF JULY 2014...

CLIMATE NORMAL PERIOD 1981 TO 2010
CLIMATE RECORD PERIOD 1895 TO 2014

WEATHER         OBSERVED          NORMAL  DEPART  LAST YEAR`S
                 VALUE   DATE(S)  VALUE   FROM    VALUE
                                          NORMAL
.............................................................
TEMPERATURE (F)
RECORD
 HIGH             112   07/15/2006
 LOW               38   07/30/1971
HIGHEST           108   07/24        MM      MM      101
LOWEST             42   07/02        MM      MM       52
AVG. MAXIMUM     89.6              89.8    -0.2     89.4
AVG. MINIMUM     55.9              57.4    -1.5     60.6
MEAN             72.8              73.6    -0.8     75.0
DAYS MAX >= 90     15              15.6    -0.6       19
DAYS MAX <= 32      0               0.0     0.0        0
DAYS MIN <= 32      0               0.0     0.0        0
DAYS MIN <= 0       0               0.0     0.0        0

PRECIPITATION (INCHES)
RECORD
 MAXIMUM         5.53   1997
 MINIMUM            T   2011
TOTALS           0.66              2.11   -1.45     2.08
DAYS >= .01         5               7.9    -2.9       12
DAYS >= .10         2               4.6    -2.6        7
DAYS >= .50         0               1.4    -1.4        0
DAYS >= 1.00        0               0.4    -0.4        0
GREATEST
 24 HR. TOTAL    0.44   07/22 TO 07/23

DEGREE_DAYS
HEATING TOTAL      11                10       1        0
 SINCE 7/1         11                10       1        0
COOLING TOTAL     259               276     -17      318
 SINCE 1/1        344               404     -60      458
..............................................................

WIND (MPH)
AVERAGE WIND SPEED              8.4
HIGHEST WIND SPEED/DIRECTION    56/300    DATE  07/22
HIGHEST GUST SPEED/DIRECTION    73/300    DATE  07/22

SKY COVER
POSSIBLE SUNSHINE (PERCENT)   MM
AVERAGE SKY COVER           0.10
NUMBER OF DAYS FAIR           26
NUMBER OF DAYS PC              5
NUMBER OF DAYS CLOUDY          0

AVERAGE RH (PERCENT)     58

WEATHER CONDITIONS. NUMBER OF DAYS WITH
THUNDERSTORM              0     MIXED PRECIP               0
HEAVY RAIN                1     RAIN                       3
LIGHT RAIN                7     FREEZING RAIN              0
LT FREEZING RAIN          0     HAIL                       0
HEAVY SNOW                0     SNOW                       0
LIGHT SNOW                0     SLEET                      0
FOG                       5     FOG W/VIS <= 1/4 MILE      0
HAZE                      5

-  INDICATES NEGATIVE NUMBERS.
R  INDICATES RECORD WAS SET OR TIED.
MM INDICATES DATA IS MISSING.
T  INDICATES TRACE AMOUNT.
...................................

...THE SCOTTSBLUFF NE AIRPORT CLIMATE SUMMARY FOR THE MONTH OF JULY 2014...

CLIMATE NORMAL PERIOD 1981 TO 2010
CLIMATE RECORD PERIOD 1871 TO 2014

WEATHER         OBSERVED          NORMAL  DEPART  LAST YEAR`S
                 VALUE   DATE(S)  VALUE   FROM    VALUE
                                          NORMAL
.............................................................
TEMPERATURE (F)
RECORD
 HIGH             110   07/11/1939
 LOW               35   07/05/1898
HIGHEST           105   07/24        89      16      100
LOWEST             43   07/02        59     -16       53
AVG. MAXIMUM     89.3              89.8    -0.5     89.5
AVG. MINIMUM     58.1              58.3    -0.2     60.2
MEAN             73.7              74.1    -0.4     74.9
DAYS MAX >= 90     17              16.5     0.5       19
DAYS MAX <= 32      0               0.0     0.0        0
DAYS MIN <= 32      0               0.0     0.0        0
DAYS MIN <= 0       0               0.0     0.0        0

PRECIPITATION (INCHES)
RECORD
 MAXIMUM         5.33   1912
 MINIMUM         0.04   2006
TOTALS           1.50              1.83   -0.33     0.88
DAYS >= .01        10               7.8     2.2       11
DAYS >= .10         3               4.2    -1.2        3
DAYS >= .50         1               1.1    -0.1        0
DAYS >= 1.00        0               0.3    -0.3        0
GREATEST
 24 HR. TOTAL    0.90   07/10 TO 07/11

DEGREE_DAYS
HEATING TOTAL       7                 6       1        2
 SINCE 7/1          7                 6       1        2
COOLING TOTAL     282               287      -5      317
 SINCE 1/1        404               436     -32      566
..............................................................

WIND (MPH)
AVERAGE WIND SPEED              8.5
HIGHEST WIND SPEED/DIRECTION    45/260    DATE  07/21
HIGHEST GUST SPEED/DIRECTION    72/260    DATE  07/21

SKY COVER
POSSIBLE SUNSHINE (PERCENT)   MM
AVERAGE SKY COVER           0.20
NUMBER OF DAYS FAIR           26
NUMBER OF DAYS PC              4
NUMBER OF DAYS CLOUDY          1

AVERAGE RH (PERCENT)     60

WEATHER CONDITIONS. NUMBER OF DAYS WITH
THUNDERSTORM              0     MIXED PRECIP               0
HEAVY RAIN                3     RAIN                       3
LIGHT RAIN               12     FREEZING RAIN              0
LT FREEZING RAIN          0     HAIL                       0
HEAVY SNOW                0     SNOW                       0
LIGHT SNOW                0     SLEET                      0
FOG                       7     FOG W/VIS <= 1/4 MILE      1
HAZE                      2

-  INDICATES NEGATIVE NUMBERS.
R  INDICATES RECORD WAS SET OR TIED.
MM INDICATES DATA IS MISSING.
T  INDICATES TRACE AMOUNT.
...................................

...THE SIDNEY NE AIRPORT CLIMATE SUMMARY FOR THE MONTH OF JULY 2014...

CLIMATE NORMAL PERIOD 1981 TO 2010
CLIMATE RECORD PERIOD 1948 TO 2014

WEATHER         OBSERVED          NORMAL  DEPART  LAST YEAR`S
                 VALUE   DATE(S)  VALUE   FROM    VALUE
                                          NORMAL
.............................................................
TEMPERATURE (F)
RECORD
 HIGH             108   07/09/1989
 LOW               37   07/30/1971
                        07/08/1952
HIGHEST           104   07/24        MM      MM       98
LOWEST             47   07/02        MM      MM       50
AVG. MAXIMUM     88.5              90.5    -2.0     88.1
AVG. MINIMUM     57.3              59.9    -2.6     58.4
MEAN             72.9              75.2    -2.3     73.2
DAYS MAX >= 90     17              17.0     0.0       17
DAYS MAX <= 32      0               0.0     0.0        0
DAYS MIN <= 32      0               0.0     0.0        0
DAYS MIN <= 0       0               0.0     0.0        0

PRECIPITATION (INCHES)
RECORD
 MAXIMUM         7.94   1957
 MINIMUM         0.15   1959
TOTALS           0.35              2.96   -2.61     1.45
DAYS >= .01         7              10.7    -3.7       10
DAYS >= .10         2               5.7    -3.7        4
DAYS >= .50         0               2.0    -2.0        1
DAYS >= 1.00        0               0.7    -0.7        0
GREATEST
 24 HR. TOTAL    0.14   07/29 TO 07/30

DEGREE_DAYS
HEATING TOTAL       9                 3       6        8
 SINCE 7/1          9                 3       6        8
COOLING TOTAL     259               319     -60      270
 SINCE 1/1        343               478    -135      471
..............................................................

WIND (MPH)
AVERAGE WIND SPEED              9.6
HIGHEST WIND SPEED/DIRECTION    32/230    DATE  07/24
HIGHEST GUST SPEED/DIRECTION    44/210    DATE  07/24

SKY COVER
POSSIBLE SUNSHINE (PERCENT)   MM
AVERAGE SKY COVER           0.20
NUMBER OF DAYS FAIR           24
NUMBER OF DAYS PC              6
NUMBER OF DAYS CLOUDY          1

AVERAGE RH (PERCENT)     58

WEATHER CONDITIONS. NUMBER OF DAYS WITH
THUNDERSTORM              0     MIXED PRECIP               0
HEAVY RAIN                0     RAIN                       0
LIGHT RAIN               12     FREEZING RAIN              0
LT FREEZING RAIN          0     HAIL                       0
HEAVY SNOW                0     SNOW                       0
LIGHT SNOW                0     SLEET                      0
FOG                      11     FOG W/VIS <= 1/4 MILE      1
HAZE                      2

-  INDICATES NEGATIVE NUMBERS.
R  INDICATES RECORD WAS SET OR TIED.
MM INDICATES DATA IS MISSING.
T  INDICATES TRACE AMOUNT.

$$
