730
CXUS51 KGYX 050032
CLMCON

PWMCLMCON 000
TTAA00 KGYX 040306


CLIMATE REPORT
NATIONAL WEATHER SERVICE GRAY ME
832 PM EDT TUE JUL 4 2017

...................................

...THE CONCORD NH CLIMATE SUMMARY FOR THE MONTH OF JUNE 2017...

CLIMATE NORMAL PERIOD 1981 TO 2010
CLIMATE RECORD PERIOD 1868 TO 2017

WEATHER         OBSERVED          NORMAL  DEPART  LAST YEAR`S
                 VALUE   DATE(S)  VALUE   FROM    VALUE  DATE(S)
                                          NORMAL
................................................................
TEMPERATURE (F)
RECORD
 HIGH             101   06/04/1919
 LOW               30   06/12/1972
HIGHEST            97   06/12        91       6       91  06/20
LOWEST             41   06/04        38       3       46  06/11
                        06/03
AVG. MAXIMUM     78.5              77.4     1.1     79.4
AVG. MINIMUM     53.7              52.5     1.2     52.8
MEAN             66.1              64.9     1.2     66.1
DAYS MAX >= 90      3               2.1     0.9        3
DAYS MAX <= 32      0               0.0     0.0        0
DAYS MIN <= 32      0               0.1    -0.1        0
DAYS MIN <= 0       0               0.0     0.0        0

PRECIPITATION (INCHES)
RECORD
 MAXIMUM        10.10   1944
 MINIMUM         0.10   1913
TOTALS           5.15              3.69    1.46     1.41
DAILY AVG.       0.17              0.12    0.05     0.05
DAYS >= .01        12              12.7    -0.7        8
DAYS >= .10         8               7.6     0.4        2
DAYS >= .50         4               2.4     1.6        1
DAYS >= 1.00        1               0.8     0.2        0
GREATEST
 24 HR. TOTAL    1.98   06/06

SNOWFALL (INCHES)
RECORDS
 TOTAL            0.0
TOTALS            0.0               0.0     0.0      0.0
SINCE 7/1        86.3              61.4    24.9     29.7
SNOWDEPTH AVG.      0
DAYS >= TRACE       0               0.0     0.0        0
DAYS >= 1.0         0               0.0     0.0        0
GREATEST
 SNOW DEPTH         0
 24 HR TOTAL      0.0

DEGREE_DAYS
HEATING TOTAL      79                85      -6       41
 SINCE 7/1       6476              7235    -759     6060
COOLING TOTAL     120                84      36       82
 SINCE 1/1        152               102      50      122
.................................................................

WIND (MPH)
AVERAGE WIND SPEED              5.8
HIGHEST WIND SPEED/DIRECTION    23/340    DATE  06/02
HIGHEST GUST SPEED/DIRECTION    31/330    DATE  06/03

SKY COVER
AVERAGE SKY COVER           0.40

AVERAGE RH (PERCENT)     70

WEATHER CONDITIONS. NUMBER OF DAYS WITH
THUNDERSTORM              2     HEAVY RAIN                 6
RAIN                      7     LIGHT RAIN                15
FREEZING RAIN             0     LT FREEZING RAIN           0
HEAVY SNOW                0     SNOW                       0
LIGHT SNOW                0     FOG                       16
FOG W/VIS <= 1/4 MILE     2     HAZE                       2

-  INDICATES NEGATIVE NUMBERS.
R  INDICATES RECORD WAS SET OR TIED.
MM INDICATES DATA IS MISSING.
T  INDICATES TRACE AMOUNT.

&&

JUNE BEGAN WITH A WEEK OF COOL, WET WEATHER. RAIN FELL ON 6 OF THE
FIRST 7 DAYS OF THE MONTH, INCLUDING NEARLY 2 INCHES OF RAIN ON THE
6TH. BUT SOON A WARM, HUMID AIR MASS WOULD MOVE INTO THE AREA,
BRINGING WITH IT A TASTE OF SUMMER. FROM JUNE 8 THRU 25, CONCORD SAW
THE TEMPERATURE TOP 80 DEGREES 14 OUT OF 18 DAYS, INCLUDING 3
CONSECUTIVE DAYS WELL ABOVE 90 DEGREES FROM THE 11TH THRU 13TH. THE
WARM, HUMID AIR FINALLY MOVED AWAY ON JUNE 26 WITH THE REST OF THE
MONTH SEEING COOL AND LESS HUMID CONDITIONS WITH OCCASIONAL SHOWERS.

THE AVERAGE TEMPERATURE FOR THE MONTH WAS 66.1 DEGREES WHICH WAS 1.2
DEGREES ABOVE NORMAL. THE WARMEST JUNE ON RECORD WAS IN 1876 WHEN
THE AVERAGE TEMPERATURE WAS 70.3 DEGREES. THE COLDEST WAS IN 1903
WHEN IT WAS ONLY 58.8 DEGREES.

A TOTAL OF 5.15 INCHES OF PRECIPITATION FELL WHICH WAS 1.46 INCHES
ABOVE NORMAL. THE HEAVIEST RAIN FELL ON THE 6TH WHEN 1.98 INCHES WAS
RECORDED. THE WETTEST JUNE ON RECORD WAS IN 1944 WHEN 10.10 INCHES
WAS RECORDED. THE DRIEST WAS IN 1913 WHEN ONLY 0.10 INCHES FELL.

THE FOLLOWING DAILY RECORDS WERE SET OR TIED IN JUNE 2017...
DATE  RECORD                                PREVIOUS
12    97 - WARMEST HIGH TEMPERATURE         94 IN 1973

$$

KIMBLE
