000
CXUS54 KCRP 011502
CLMCRP

CLIMATE REPORT
NATIONAL WEATHER SERVICE CORPUS CHRISTI TX
856 AM CST SUN JAN 1 2017

...................................

...THE CORPUS CHRISTI CLIMATE SUMMARY FOR THE MONTH OF DECEMBER
2016...

CLIMATE NORMAL PERIOD 1981 TO 2010
CLIMATE RECORD PERIOD 1887 TO 2016

WEATHER         OBSERVED          NORMAL  DEPART  LAST YEAR`S
                 VALUE   DATE(S)  VALUE   FROM    VALUE  DATE(S)
                                          NORMAL
................................................................
TEMPERATURE (F)
RECORD
 HIGH              91   12/05/1977
 LOW               13   12/23/1989
HIGHEST            88   12/17        69      19       87  12/10
LOWEST             32   12/19        49     -17       41  12/19
                                                          12/18
AVG. MAXIMUM     70.3              68.4     1.9     72.5
AVG. MINIMUM     55.3              48.6     6.7     52.1
MEAN             62.8              58.5     4.3     62.3
DAYS MAX >= 90      0               0.0     0.0        0
DAYS MAX <= 32      0               0.0     0.0        0
DAYS MIN <= 32      1               1.6    -0.6        0
DAYS MIN <= 0       0               0.0     0.0        0

PRECIPITATION (INCHES)
RECORD
 MAXIMUM         9.80   1991
 MINIMUM            T   1917
TOTALS           2.20              1.83    0.37     0.89
DAILY AVG.       0.07              0.06    0.01     0.03
DAYS >= .01        11               6.4     4.6        4
DAYS >= .10         4               2.8     1.2        2
DAYS >= .50         2               0.9     1.1        1
DAYS >= 1.00        1               0.4     0.6        0
GREATEST
 24 HR. TOTAL    1.80   12/03 TO 12/04              0.83

SNOWFALL (INCHES)
RECORDS
 TOTAL            4.4   2004
 24 HR TOTAL      2.3   12/24/2004 TO 12/24/2004
TOTALS            0.0               0.2    -0.2      0.0
SINCE 7/1         0.0               0.2    -0.2      0.0
SNOWDEPTH AVG.      0                MM      MM        0
DAYS >= 1.0         0               0.1    -0.1        0
GREATEST
 SNOW DEPTH         0   MM                             0
 24 HR TOTAL      0.0   MM                           0.0

DEGREE_DAYS
HEATING TOTAL     149               250    -101      159
 SINCE 7/1        167               351    -184      233
COOLING TOTAL      88                49      39       78
 SINCE 1/1       4270              3524     746     3750
.................................................................

WIND (MPH)
AVERAGE WIND SPEED              11.6
HIGHEST WIND SPEED/DIRECTION    37/170    DATE  12/25
HIGHEST GUST SPEED/DIRECTION    45/180    DATE  12/17

SKY COVER
AVERAGE SKY COVER           0.80

AVERAGE RH (PERCENT)     78

WEATHER CONDITIONS. NUMBER OF DAYS WITH
THUNDERSTORM              3     MIXED PRECIP               0
HEAVY RAIN                2     RAIN                       3
LIGHT RAIN               20     FREEZING RAIN              0
LT FREEZING RAIN          0     HAIL                       0
HEAVY SNOW                0     SNOW                       0
LIGHT SNOW                0     SLEET                      0
FOG                      20     FOG W/VIS <= 1/4 MILE      6
HAZE                      6

-  INDICATES NEGATIVE NUMBERS.
R  INDICATES RECORD WAS SET OR TIED.
MM INDICATES DATA IS MISSING.
T  INDICATES TRACE AMOUNT.

$$

95/TJC
