000
CXUS52 KCHS 011857
CLMCXM

CLIMATE REPORT
NATIONAL WEATHER SERVICE CHARLESTON SC
247 PM EDT SAT AUG 1 2015

...................................

...THE DOWNTOWN CHARLESTON SC CLIMATE SUMMARY FOR THE MONTH OF JULY 2015...

CLIMATE NORMAL PERIOD 1981 TO 2010
CLIMATE RECORD PERIOD 1870 TO 2015

WEATHER         OBSERVED          NORMAL  DEPART  LAST YEAR`S
                 VALUE   DATE(S)  VALUE   FROM    VALUE  DATE(S)
                                          NORMAL
................................................................
TEMPERATURE (F)
RECORD
 HIGH             103   07/22/1977
                        07/06/1902
 LOW               61   07/04/1933
HIGHEST            96   07/22                         94  07/28
                                                          07/27
LOWEST             71   07/02                         73  07/13
AVG. MAXIMUM     89.0              87.6     1.4     87.3
AVG. MINIMUM     77.2              76.9     0.3     76.9
MEAN             83.1              82.2     0.9     82.1
DAYS MAX >= 90      9              10.5    -1.5        5
DAYS MAX <= 32      0               0.0     0.0        0
DAYS MIN <= 32      0               0.0     0.0        0
DAYS MIN <= 0       0               0.0     0.0        0

PRECIPITATION (INCHES)
RECORD
 MAXIMUM        23.75   1964
 MINIMUM         0.54   1986
TOTALS           1.68              5.40   -3.72     4.87
DAYS >= .01         8              11.4    -3.4       12
DAYS >= .10         3               7.6    -4.6        7
DAYS >= .50         1               3.6    -2.6        3
DAYS >= 1.00        0               1.8    -1.8        2
GREATEST
 24 HR. TOTAL    0.97   07/02

DEGREE_DAYS
COOLING TOTAL     569               535      34      538
 SINCE 1/1       1506              1321     185     1434
.................................................................

WIND (MPH)
AVERAGE WIND SPEED              6.8
HIGHEST WIND SPEED/DIRECTION    22/200
HIGHEST GUST SPEED/DIRECTION    33/330



-  INDICATES NEGATIVE NUMBERS.
R  INDICATES RECORD WAS SET OR TIED.
MM INDICATES DATA IS MISSING.
T  INDICATES TRACE AMOUNT.

&&

NO RECORDS WERE ESTABLISHED AT DOWNTOWN CHARLESTON DURING THE MONTH.

$$
