000
CXUS53 KUNR 011604
CLMD07


CLIMATE REPORT
NATIONAL WEATHER SERVICE RAPID CITY SD
902 AM MST THU DEC 1 2016

...................................

...THE FAITH SD CLIMATE SUMMARY FOR THE MONTH OF NOVEMBER 2016...

CLIMATE NORMAL PERIOD 1981 TO 2010
CLIMATE RECORD PERIOD 9999 TO 9999

WEATHER         OBSERVED          NORMAL  DEPART  LAST YEAR`S
                 VALUE   DATE(S)  VALUE   FROM    VALUE  DATE(S)
                                          NORMAL
................................................................
TEMPERATURE (F)
HIGHEST            76   11/04                         70  11/14
LOWEST             14   11/20                          2  11/27
AVG. MAXIMUM     52.7              42.7    10.0     47.1
AVG. MINIMUM     30.9              21.7     9.2     23.7
MEAN             41.8              32.2     9.6     35.4
DAYS MAX >= 90      0                                  0
DAYS MAX <= 32      6                                  5
DAYS MIN <= 32     16                                 25
DAYS MIN <= 0       0                                  0

PRECIPITATION (INCHES)
TOTALS           0.44              0.53   -0.09     0.53
DAILY AVG.       0.01              0.02   -0.01     0.02
DAYS >= .01         5                                  8
DAYS >= .10         2                                  1
DAYS >= .50         0                                  0
DAYS >= 1.00        0                                  0
GREATEST
 24 HR. TOTAL    0.15   11/17 TO 11/17              0.26

DEGREE_DAYS
HEATING TOTAL     690               984    -294      879
 SINCE 7/1       1251              1783    -532     1386
COOLING TOTAL       0                 0       0        0
 SINCE 1/1        734               635      99      691
.................................................................

WIND (MPH)
AVERAGE WIND SPEED              13.5
HIGHEST WIND SPEED/DIRECTION    44/320    DATE  11/29
HIGHEST GUST SPEED/DIRECTION    53/310    DATE  11/29

AVERAGE RH (PERCENT)     71


-  INDICATES NEGATIVE NUMBERS.
R  INDICATES RECORD WAS SET OR TIED.
MM INDICATES DATA IS MISSING.
T  INDICATES TRACE AMOUNT.

$$
