000
CXUS53 KUNR 011623
CLMD07


CLIMATE REPORT
NATIONAL WEATHER SERVICE RAPID CITY SD
1022 AM MDT SUN MAY 1 2016

...................................

...THE FAITH SD CLIMATE SUMMARY FOR THE MONTH OF APRIL 2016...

CLIMATE NORMAL PERIOD 1981 TO 2010
CLIMATE RECORD PERIOD 9999 TO 9999

WEATHER         OBSERVED          NORMAL  DEPART  LAST YEAR`S
                 VALUE   DATE(S)  VALUE   FROM    VALUE  DATE(S)
                                          NORMAL
................................................................
TEMPERATURE (F)
HIGHEST            79   04/09                         84  04/14
LOWEST             17   04/11                         17  04/03
AVG. MAXIMUM     58.7              56.7     2.0     60.2
AVG. MINIMUM     33.1              32.8     0.3     33.3
MEAN             45.9              44.8     1.1     46.7
DAYS MAX >= 90      0                                  0
DAYS MAX <= 32      0                                  0
DAYS MIN <= 32     19                                 14
DAYS MIN <= 0       0                                  0

PRECIPITATION (INCHES)
TOTALS           4.02              1.63    2.39     0.50
DAILY AVG.       0.13              0.05    0.08     0.02
DAYS >= .01         9                                  5
DAYS >= .10         6                                  2
DAYS >= .50         3                                  0
DAYS >= 1.00        2                                  0
GREATEST
 24 HR. TOTAL    1.22   04/18 TO 04/18              0.28
                        04/17 TO 04/18
                        04/18 TO 04/18

DEGREE_DAYS
HEATING TOTAL     567               608     -41      541
 SINCE 7/1       6283              7299   -1016     6764
COOLING TOTAL       0                 1      -1        0
 SINCE 1/1          0                 1      -1        2
.................................................................

WIND (MPH)
AVERAGE WIND SPEED              15.1
HIGHEST WIND SPEED/DIRECTION    48/280    DATE  04/05
HIGHEST GUST SPEED/DIRECTION    63/280    DATE  04/05

AVERAGE RH (PERCENT)     62


-  INDICATES NEGATIVE NUMBERS.
R  INDICATES RECORD WAS SET OR TIED.
MM INDICATES DATA IS MISSING.
T  INDICATES TRACE AMOUNT.

$$
