000
CXUS53 KUNR 011608
CLMD07


CLIMATE REPORT
NATIONAL WEATHER SERVICE RAPID CITY SD
907 AM MST WED FEB 1 2017

...................................

...THE FAITH SD CLIMATE SUMMARY FOR THE MONTH OF JANUARY 2017...

CLIMATE NORMAL PERIOD 1981 TO 2010
CLIMATE RECORD PERIOD 9999 TO 9999

WEATHER         OBSERVED          NORMAL  DEPART  LAST YEAR`S
                 VALUE   DATE(S)  VALUE   FROM    VALUE  DATE(S)
                                          NORMAL
................................................................
TEMPERATURE (F)
HIGHEST            40   01/18                         44  01/29
LOWEST            -16R  01/03                        -16  01/17
AVG. MAXIMUM     20.6              30.0    -9.4     28.4
AVG. MINIMUM      7.1              10.6    -3.5     12.7
MEAN             13.9              20.3    -6.4     20.5
DAYS MAX >= 90      0                                  0
DAYS MAX <= 32     26                                 20
DAYS MIN <= 32     31                                 31
DAYS MIN <= 0      10                                  5

PRECIPITATION (INCHES)
TOTALS           0.55              0.20    0.35     0.26
DAILY AVG.       0.02              0.01    0.01     0.01
DAYS >= .01         8                                  8
DAYS >= .10         2                                  0
DAYS >= .50         0                                  0
DAYS >= 1.00        0                                  0
GREATEST
 24 HR. TOTAL    0.22   01/01 TO 01/02              0.09

DEGREE_DAYS
HEATING TOTAL    1575              1386     189     1367
 SINCE 7/1       4308              4529    -221     4022
COOLING TOTAL       0                 0       0        0
 SINCE 1/1          0                 0       0        0
.................................................................

WIND (MPH)
AVERAGE WIND SPEED              13.8
HIGHEST WIND SPEED/DIRECTION    40/320    DATE  01/08
HIGHEST GUST SPEED/DIRECTION    45/320    DATE  01/08

AVERAGE RH (PERCENT)     84


-  INDICATES NEGATIVE NUMBERS.
R  INDICATES RECORD WAS SET OR TIED.
MM INDICATES DATA IS MISSING.
T  INDICATES TRACE AMOUNT.

$$
