493
CXUS52 KMLB 011703
CLMDAB


CLIMATE REPORT
NATIONAL WEATHER SERVICE MELBOURNE FL
1230 PM EDT FRI JUL 1 2016

...................................

...THE DAYTONA BEACH CLIMATE SUMMARY FOR THE MONTH OF JUNE 2016...

CLIMATE NORMAL PERIOD 1981 TO 2010
CLIMATE RECORD PERIOD 1923 TO 2016

WEATHER         OBSERVED          NORMAL  DEPART  LAST YEAR`S
                 VALUE   DATE(S)  VALUE   FROM    VALUE
                                          NORMAL
.............................................................
TEMPERATURE (F)
MONTHLY RECORD
 HOTTEST         84.5   1998
 COLDEST         75.9   1926
DAILY RECORD
 HIGH             102   06/24/1944
 LOW               52   06/02/1984
JUNE 2016
HIGHEST            95   06/14                         96
                        06/13
LOWEST             65   06/21                         68
AVG. MAXIMUM     90.0              88.4     1.6     90.7
AVG. MINIMUM     73.0              71.4     1.6     71.8
MEAN             81.5              79.9     1.6     81.2
DAYS MAX >= 90     17               9.8     7.2       19
DAYS MAX <= 32      0               0.0     0.0        0
DAYS MIN <= 32      0               0.0     0.0        0
DAYS MIN <= 0       0               0.0     0.0        0

PRECIPITATION (INCHES)
MONTHLY RECORD
 MAXIMUM        15.44   1930
 MINIMUM         0.54   1931
DAILY RECORD
 MAXIMUM         6.08   06/30/1966
JUNE 2016
TOTALS           3.57              5.83   -2.26     5.39
DAYS >= .01        10              13.3    -3.3        9
DAYS >= .10         6               8.8    -2.8        6
DAYS >= .50         3               4.2    -1.2        3
DAYS >= 1.00        1               1.4    -0.4        2
GREATEST
 24 HR. TOTAL    1.68   06/06 TO 06/07

SNOWFALL (INCHES)
TOTALS            0.0               0.0     0.0      0.0
SINCE 7/1         0.0               0.0     0.0      0.0
DAYS >= TRACE       0                                  0

DEGREE_DAYS
HEATING TOTAL       0                 0       0        0
 SINCE 7/1        508               809    -301      682
COOLING TOTAL     501               447      54      497
 SINCE 1/1       1275              1048     227     1410
..............................................................

WIND (MPH)
AVERAGE WIND SPEED              6.1
HIGHEST WIND SPEED/DIRECTION    29/050    DATE  06/18
HIGHEST GUST SPEED/DIRECTION    42/260    DATE  06/16

SKY COVER
POSSIBLE SUNSHINE (PERCENT)   MM
AVERAGE SKY COVER           0.50
NUMBER OF DAYS FAIR            6
NUMBER OF DAYS PC             23
NUMBER OF DAYS CLOUDY          1

AVERAGE RH (PERCENT)     77

WEATHER CONDITIONS. NUMBER OF DAYS WITH
THUNDERSTORM             16     MIXED PRECIP               0
HEAVY RAIN                6     RAIN                       8
LIGHT RAIN                9     LT FREEZING RAIN           0
HAIL                      0     LIGHT SNOW                 0
SLEET                     0     FOG                       17
FOG W/VIS <= 1/4 MILE     0     HAZE                       2

-  INDICATES NEGATIVE NUMBERS.
R  INDICATES RECORD WAS SET OR TIED.
MM INDICATES DATA IS MISSING.
T  INDICATES TRACE AMOUNT.

$$
