000
CXUS52 KMLB 011239
CLMDAB


CLIMATE REPORT
NATIONAL WEATHER SERVICE MELBOURNE FL
812 AM EDT FRI AUG 1 2014

...................................

...THE DAYTONA BEACH CLIMATE SUMMARY FOR THE MONTH OF JULY 2014...

CLIMATE NORMAL PERIOD 1981 TO 2010
CLIMATE RECORD PERIOD 1923 TO 2014

WEATHER         OBSERVED          NORMAL  DEPART  LAST YEAR`S
                 VALUE   DATE(S)  VALUE   FROM    VALUE
                                          NORMAL
.............................................................
TEMPERATURE (F)
MONTHLY RECORD
HOTTEST          83.5   1998
COLDEST          77.3   1926

DAILY RECORD
 HIGH             102   07/15/1981
 LOW               60   07/01/1981

JULY 2014
HIGHEST            94   07/03                         92
LOWEST             70   07/14                         71
                        07/07
                        07/06
AVG. MAXIMUM     89.6              90.2    -0.6     88.1
AVG. MINIMUM     73.2              73.0     0.2     74.1
MEAN             81.4              81.6    -0.2     81.1
DAYS MAX >= 90     17              15.1     1.9        9
DAYS MAX <= 32      0               0.0     0.0        0
DAYS MIN <= 32      0               0.0     0.0        0
DAYS MIN <= 0       0               0.0     0.0        0

PRECIPITATION (INCHES)
MONTHLY RECORD
 MAXIMUM        14.58   1944
 MINIMUM         0.16   1992
DAILY RECORD
 MAXIMUM         6.70   7/28/1926

JULY 2014
TOTALS           7.43              5.83    1.60     6.78
DAYS >= .01        24              12.8    11.2       15
DAYS >= .10        17               8.8     8.2       12
DAYS >= .50         5               4.0     1.0        5
DAYS >= 1.00        1               1.6    -0.6        2
GREATEST
 24 HR. TOTAL    2.06   07/12 TO 07/13

SNOWFALL (INCHES)
TOTALS            0.0               0.0     0.0      0.0
SINCE 7/1         0.0               0.0     0.0      0.0
DAYS >= TRACE       0                                  0

DEGREE_DAYS
HEATING TOTAL       0                 0       0        0
 SINCE 7/1          0                 0       0        0
COOLING TOTAL     514               515      -1      507
 SINCE 1/1       1628              1563      65     1647
..............................................................

WIND (MPH)
AVERAGE WIND SPEED              5.4
HIGHEST WIND SPEED/DIRECTION    32/230    DATE  07/29
HIGHEST GUST SPEED/DIRECTION    47/270    DATE  07/25

SKY COVER
POSSIBLE SUNSHINE (PERCENT)   MM
AVERAGE SKY COVER           0.60
NUMBER OF DAYS FAIR            2
NUMBER OF DAYS PC             24
NUMBER OF DAYS CLOUDY          5

AVERAGE RH (PERCENT)     79

WEATHER CONDITIONS. NUMBER OF DAYS WITH
THUNDERSTORM             20     MIXED PRECIP               0
HEAVY RAIN               12     RAIN                      15
LIGHT RAIN               24     LT FREEZING RAIN           0
HAIL                      0     LIGHT SNOW                 0
SLEET                     0     FOG                       24
FOG W/VIS <= 1/4 MILE     0     HAZE                       4

-  INDICATES NEGATIVE NUMBERS.
R  INDICATES RECORD WAS SET OR TIED.
MM INDICATES DATA IS MISSING.
T  INDICATES TRACE AMOUNT.

$$
