000
CXUS54 KFWD 010840
CLMDFW


CLIMATE REPORT
NATIONAL WEATHER SERVICE FORT WORTH TX
336 AM CDT TUE AUG 1 2017

...................................

...THE DALLAS FORT WORTH CLIMATE SUMMARY FOR THE MONTH OF JULY 2017...

CLIMATE NORMAL PERIOD 1981 TO 2010
CLIMATE RECORD PERIOD 1898 TO 2017

WEATHER         OBSERVED          NORMAL  DEPART  LAST YEAR`S
                 VALUE   DATE(S)  VALUE   FROM    VALUE  DATE(S)
                                          NORMAL
................................................................
TEMPERATURE (F)
RECORD
 HIGH             110   07/12/1998
                        07/18/1980
                        07/02/1980
 LOW               56   07/05/1924
                        07/10/1905
HIGHEST           102   07/28       103      -1      100  07/25
                                                          07/24
                                                          07/23
LOWEST             70   07/04        68       2       71  07/15
                        07/01
AVG. MAXIMUM     96.1              95.6     0.5     96.9
AVG. MINIMUM     77.2              75.1     2.1     77.8
MEAN             86.6              85.3     1.3     87.4
DAYS MAX >= 90     30              27.4     2.6       31
DAYS MAX <= 32      0               0.0     0.0        0
DAYS MAX >= 100     6                                  4
DAYS MIN <= 32      0               0.0     0.0        0
DAYS MIN <= 0       0               0.0     0.0        0
DAYS MIN >= 80      7                                  7

PRECIPITATION (INCHES)
RECORD
 MAXIMUM        11.13   1973
 MINIMUM         0.00   1993
TOTALS           4.12              2.16    1.96     3.89
DAILY AVG.       0.13              0.07    0.06     0.13
DAYS >= .01         8               4.5     3.5        6
DAYS >= .10         6               3.1     2.9        3
DAYS >= .50         3               1.5     1.5        1
DAYS >= 1.00        1               0.7     0.3        1
GREATEST
 24 HR. TOTAL    1.20   07/01 TO 07/01              3.31

DEGREE_DAYS
HEATING TOTAL       0                 0       0        0
 SINCE 7/1          0                 0       0        0
COOLING TOTAL     677               631      46      701
 SINCE 1/1       1891              1544     347     1698
.................................................................

WIND (MPH)
AVERAGE WIND SPEED              8.7
HIGHEST WIND SPEED/DIRECTION    38/340    DATE  07/04
HIGHEST GUST SPEED/DIRECTION    47/300    DATE  07/06

SKY COVER
POSSIBLE SUNSHINE (PERCENT)   MM
AVERAGE SKY COVER           0.40
NUMBER OF DAYS FAIR           12
NUMBER OF DAYS PC             17
NUMBER OF DAYS CLOUDY          2

AVERAGE RH (PERCENT)     64

WEATHER CONDITIONS. NUMBER OF DAYS WITH
THUNDERSTORM              9     MIXED PRECIP               0
HEAVY RAIN                6     RAIN                       6
LIGHT RAIN                9     FREEZING RAIN              0
LT FREEZING RAIN          0     HAIL                       0
HEAVY SNOW                0     SNOW                       0
LIGHT SNOW                0     SLEET                      0
FOG                       6     FOG W/VIS <= 1/4 MILE      0
HAZE                      2

-  INDICATES NEGATIVE NUMBERS.
R  INDICATES RECORD WAS SET OR TIED.
MM INDICATES DATA IS MISSING.
T  INDICATES TRACE AMOUNT.

$$
