000
CXUS54 KFWD 051633 CCA
CLMDFW

CLIMATE REPORT...CORRECTED
NATIONAL WEATHER SERVICE FORT WORTH TX
1030 AM CST MON JAN 5 2015

CORRECTED TO INCLUDE MISSING LOW TEMPERATURE RECORD ON 12/23/1989

...................................

...THE DALLAS FORT WORTH CLIMATE SUMMARY FOR THE MONTH OF DECEMBER 2014...

CLIMATE NORMAL PERIOD 1981 TO 2010
CLIMATE RECORD PERIOD 1898 TO 2014

WEATHER         OBSERVED          NORMAL  DEPART  LAST YEAR`S
                 VALUE   DATE(S)  VALUE   FROM    VALUE  DATE(S)
                                          NORMAL
................................................................
TEMPERATURE (F)
RECORD
 HIGH              90   12/30/1951
 LOW               -1   12/23/1989
HIGHEST            77   12/05        78      -1       79  12/04
LOWEST             29   12/29        21       8       19  12/10
AVG. MAXIMUM     57.3              57.1     0.2     53.9
AVG. MINIMUM     43.0              37.1     5.9     32.3
MEAN             50.1              47.1     3.0     43.1
DAYS MAX >= 90      0               0.0     0.0        0
DAYS MAX <= 32      0               0.9    -0.9        2
DAYS MAX >= 100     0                                  0
DAYS MIN <= 32      4               8.8    -4.8       19
DAYS MIN <= 0       0               0.0     0.0        0
DAYS MIN >= 80      0                                  0

PRECIPITATION (INCHES)
RECORD
 MAXIMUM         8.75   1991
 MINIMUM            T   1950
TOTALS           1.13              2.55   -1.42     2.76
DAILY AVG.       0.04              0.08   -0.04     0.09
DAYS >= .01         9               6.7     2.3        5
DAYS >= .10         3               4.2    -1.2        3
DAYS >= .50         0               1.7    -1.7        2
DAYS >= 1.00        0               0.6    -0.6        1
GREATEST
 24 HR. TOTAL    0.47   12/23 TO 12/23              1.49

SNOWFALL (INCHES)
RECORDS
 TOTAL            5.5   1898
 24 HR TOTAL      5.5   12/09/1898 TO 12/09/1898
TOTALS            0.0               0.3    -0.3      2.1
SINCE 7/1           T               0.3    -0.3      2.1
SNOWDEPTH AVG.      0                MM      MM        0
DAYS >= TRACE       0                                  2
DAYS >= 1.0         0               0.1    -0.1        1
GREATEST
 SNOW DEPTH         0   MM                             2  12/09
                                                          12/08
                                                          12/07
 24 HR TOTAL      0.0   12/30 TO 12/30               2.0

DEGREE_DAYS
HEATING TOTAL     456               558    -102      671
 SINCE 7/1        874               912     -38     1072
COOLING TOTAL       1                 4      -3        0
 SINCE 1/1       2952              2756     196     2930
.................................................................

WIND (MPH)
AVERAGE WIND SPEED              10.1
HIGHEST WIND SPEED/DIRECTION    36/190    DATE  12/25
HIGHEST GUST SPEED/DIRECTION    42/190    DATE  12/25

SKY COVER
POSSIBLE SUNSHINE (PERCENT)   MM
AVERAGE SKY COVER           0.80
NUMBER OF DAYS FAIR            1
NUMBER OF DAYS PC              9
NUMBER OF DAYS CLOUDY         21

AVERAGE RH (PERCENT)     75

WEATHER CONDITIONS. NUMBER OF DAYS WITH
THUNDERSTORM              0     MIXED PRECIP               0
HEAVY RAIN                1     RAIN                       4
LIGHT RAIN               15     FREEZING RAIN              0
LT FREEZING RAIN          0     HAIL                       0
HEAVY SNOW                0     SNOW                       0
LIGHT SNOW                0     SLEET                      0
FOG                      17     FOG W/VIS <= 1/4 MILE      2
HAZE                      4

-  INDICATES NEGATIVE NUMBERS.
R  INDICATES RECORD WAS SET OR TIED.
MM INDICATES DATA IS MISSING.
T  INDICATES TRACE AMOUNT.

$$
