000
CXUS54 KFWD 011212 CCA
CLMDFW


CLIMATE REPORT...CORRECTED
NATIONAL WEATHER SERVICE FORT WORTH TX
712 AM CDT FRI JUL 1 2016

...................................

...THE DALLAS FORT WORTH CLIMATE SUMMARY FOR THE MONTH OF JUNE 2016...

CLIMATE NORMAL PERIOD 1981 TO 2010
CLIMATE RECORD PERIOD 1898 TO 2016

WEATHER         OBSERVED          NORMAL  DEPART  LAST YEAR`S
                 VALUE   DATE(S)  VALUE   FROM    VALUE  DATE(S)
                                          NORMAL
................................................................
TEMPERATURE (F)
RECORD
 HIGH             113   06/27/1980
                        06/26/1980
 LOW               48   06/01/1903
HIGHEST            99   06/27        99       0       97  06/10
LOWEST             66   06/06        61       5       59  06/01
AVG. MAXIMUM     93.4              91.3     2.1     91.5
AVG. MINIMUM     74.5              71.4     3.1     72.7
MEAN             84.0              81.3     2.7     82.1
DAYS MAX >= 90     25              19.4     5.6       23
DAYS MAX <= 32      0               0.0     0.0        0
DAYS MAX >= 100     0                                  0
DAYS MIN <= 32      0               0.0     0.0        0
DAYS MIN <= 0       0               0.0     0.0        0
DAYS MIN >= 80      3                                  0

PRECIPITATION (INCHES)
RECORD
 MAXIMUM        11.58   1928
 MINIMUM            T   1952
                        1934
TOTALS           3.60              3.79   -0.19     3.95
DAILY AVG.       0.12              0.13   -0.01     0.13
DAYS >= .01         7               8.0    -1.0        7
DAYS >= .10         7               5.8     1.2        4
DAYS >= .50         2               2.8    -0.8        2
DAYS >= 1.00        1               1.1    -0.1        2
GREATEST
 24 HR. TOTAL    1.82   06/02 TO 06/02              2.21

DEGREE_DAYS
HEATING TOTAL       0                 0       0        0
 SINCE 7/1       1592              2284    -692     2399
COOLING TOTAL     574               491      83      520
 SINCE 1/1        997               913      84      839
.................................................................

WIND (MPH)
AVERAGE WIND SPEED              8.9
HIGHEST WIND SPEED/DIRECTION    41/260    DATE  06/12
HIGHEST GUST SPEED/DIRECTION    50/280    DATE  06/12

SKY COVER
POSSIBLE SUNSHINE (PERCENT)   MM
AVERAGE SKY COVER           0.50
NUMBER OF DAYS FAIR           13
NUMBER OF DAYS PC             12
NUMBER OF DAYS CLOUDY          5

AVERAGE RH (PERCENT)     62

WEATHER CONDITIONS. NUMBER OF DAYS WITH
THUNDERSTORM              6     MIXED PRECIP               0
HEAVY RAIN                4     RAIN                       4
LIGHT RAIN                8     FREEZING RAIN              0
LT FREEZING RAIN          0     HAIL                       0
HEAVY SNOW                0     SNOW                       0
LIGHT SNOW                0     SLEET                      0
FOG                       7     FOG W/VIS <= 1/4 MILE      0
HAZE                      4

-  INDICATES NEGATIVE NUMBERS.
R  INDICATES RECORD WAS SET OR TIED.
MM INDICATES DATA IS MISSING.
T  INDICATES TRACE AMOUNT.

$$
