000
CXUS54 KAMA 011610
CLMDHT


CLIMATE REPORT
NATIONAL WEATHER SERVICE AMARILLO TX
1009 AM CST MON FEB 1 2016

...................................

...THE DALHART CLIMATE SUMMARY FOR THE MONTH OF JANUARY 2016...

CLIMATE NORMAL PERIOD 1981 TO 2010
CLIMATE RECORD PERIOD 1948 TO 2016

WEATHER         OBSERVED          NORMAL  DEPART  LAST YEAR`S
                 VALUE   DATE(S)  VALUE   FROM    VALUE  DATE(S)
                                          NORMAL
................................................................
TEMPERATURE (F)
RECORD
 HIGH              82   01/05/1956
 LOW              -21   01/04/1959
HIGHEST            76   01/30                         72  01/27
                                                          01/19
LOWEST              8   01/11                          4  01/04
AVG. MAXIMUM     52.7              50.0     2.7     49.1
AVG. MINIMUM     21.5              19.4     2.1     24.2
MEAN             37.1              34.7     2.4     36.6
DAYS MAX >= 90      0               0.0     0.0        0
DAYS MAX <= 32      2               2.7    -0.7        2
DAYS MIN <= 32     31              29.7     1.3       24
DAYS MIN <= 0       0               0.4    -0.4        0

PRECIPITATION (INCHES)
TOTALS           0.11              0.52   -0.41     1.72
DAILY AVG.       0.00              0.02   -0.02     0.06
DAYS >= .01         1               3.0    -2.0        4
DAYS >= .10         1               1.2    -0.2        3
DAYS >= .50         0               0.2    -0.2        1
DAYS >= 1.00        0               0.1    -0.1        1
GREATEST
 24 HR. TOTAL    0.11   01/08 TO 01/08
                        01/07 TO 01/08
                        01/08 TO 01/08

SNOWFALL (INCHES)
TOTALS              T               4.3    -4.3     13.2
SINCE 7/1         3.5              10.5    -7.0     19.2
DAYS >= TRACE       2               2.7    -0.7
DAYS >= 1.0         0               1.4    -1.4        2
GREATEST
 SNOW DEPTH         0   MM
 24 HR TOTAL        T   01/16 TO 01/16

DEGREE_DAYS
HEATING TOTAL     857               939     -82      872
 SINCE 7/1       2364              2882    -518     2588
COOLING TOTAL       0                 0       0        0
 SINCE 1/1          0                 0       0        0
.................................................................

WIND (MPH)
AVERAGE WIND SPEED              10.0
HIGHEST WIND SPEED/DIRECTION    40/360    DATE  01/21
HIGHEST GUST SPEED/DIRECTION    49/360    DATE  01/21

SKY COVER
POSSIBLE SUNSHINE (PERCENT)   MM
NUMBER OF DAYS FAIR           22
NUMBER OF DAYS PC              7
NUMBER OF DAYS CLOUDY          2

AVERAGE RH (PERCENT)     57

WEATHER CONDITIONS. NUMBER OF DAYS WITH
THUNDERSTORM              0     MIXED PRECIP               0
HEAVY RAIN                0     RAIN                       0
LIGHT RAIN                0     FREEZING RAIN              0
LT FREEZING RAIN          0     HEAVY SNOW                 0
SNOW                      1     LIGHT SNOW                 4
SLEET                     0     FOG                        9
FOG W/VIS <= 1/4 MILE     4     HAZE                       3

-  INDICATES NEGATIVE NUMBERS.
R  INDICATES RECORD WAS SET OR TIED.
MM INDICATES DATA IS MISSING.
T  INDICATES TRACE AMOUNT.

$$
