000
CXUS54 KAMA 021921
CLMDHT


CLIMATE REPORT...CORRECTED
NATIONAL WEATHER SERVICE AMARILLO TX
116 PM CST MON FEB 2 2015

CORRECTED FOR SNOWFALL

...................................

...THE DALHART CLIMATE SUMMARY FOR THE MONTH OF JANUARY 2015...

CLIMATE NORMAL PERIOD 1981 TO 2010
CLIMATE RECORD PERIOD 1894 TO 2015

WEATHER         OBSERVED          NORMAL  DEPART  LAST YEAR`S
                 VALUE   DATE(S)  VALUE   FROM    VALUE  DATE(S)
                                          NORMAL
................................................................
TEMPERATURE (F)
RECORD
 HIGH              82   01/05/1956
 LOW              -21   01/04/1959
HIGHEST            72   01/27                         69  01/19
                        01/19
LOWEST              4   01/04                          0  01/23
AVG. MAXIMUM     49.1              50.0    -0.9     50.9
AVG. MINIMUM     24.2              19.4     4.8     19.8
MEAN             36.6              34.7     1.9     35.4
DAYS MAX >= 90      0               0.0     0.0        0
DAYS MAX <= 32      2               2.7    -0.7        4
DAYS MIN <= 32     24              29.7    -5.7       30
DAYS MIN <= 0       0               0.4    -0.4        1

PRECIPITATION (INCHES)
TOTALS           1.72              0.52    1.20     0.01
DAILY AVG.       0.06              0.02    0.04     0.00
DAYS >= .01         4               3.0     1.0        1
DAYS >= .10         3               1.2     1.8        0
DAYS >= .50         1               0.2     0.8        0
DAYS >= 1.00        1               0.1     0.9        0
GREATEST
 24 HR. TOTAL    1.03   01/21

SNOWFALL (INCHES)
TOTALS           13.2               4.3     8.9      3.0
SINCE 7/1        19.2              10.5     8.7     12.5
DAYS >= TRACE       7               2.7     4.3
DAYS >= 1.0         2               1.4     0.6        2
GREATEST
 SNOW DEPTH         9   01/22
 24 HR TOTAL      9.2   01/21 TO 01/22

DEGREE_DAYS
HEATING TOTAL     872               939     -67      912
 SINCE 7/1       2588              2882    -294     2847
COOLING TOTAL       0                 0       0        0
 SINCE 1/1          0                 0       0        0
.................................................................

WIND (MPH)
AVERAGE WIND SPEED              10.6
HIGHEST WIND SPEED/DIRECTION    38/030    DATE  01/07
HIGHEST GUST SPEED/DIRECTION    46/030    DATE  01/07

SKY COVER
POSSIBLE SUNSHINE (PERCENT)   MM
NUMBER OF DAYS FAIR           18
NUMBER OF DAYS PC              4
NUMBER OF DAYS CLOUDY          9

AVERAGE RH (PERCENT)     62

WEATHER CONDITIONS. NUMBER OF DAYS WITH
THUNDERSTORM              0     MIXED PRECIP               0
HEAVY RAIN                0     RAIN                       0
LIGHT RAIN                2     FREEZING RAIN              0
LT FREEZING RAIN          0     HEAVY SNOW                 0
SNOW                      2     LIGHT SNOW                 7
SLEET                     0     FOG                       10
FOG W/VIS <= 1/4 MILE     2     HAZE                       5

-  INDICATES NEGATIVE NUMBERS.
R  INDICATES RECORD WAS SET OR TIED.
MM INDICATES DATA IS MISSING.
T  INDICATES TRACE AMOUNT.

&&

REMARKS...
BACKUP COOP OBSERVER PRECIPITATION REPORTS USED ON DAYS WITH
SNOWFALL MEASURED.

$$

NF
