000
CXUS53 KEAX 010819
CLMDMO

CLIMATE REPORT
NATIONAL WEATHER SERVICE KANSAS CITY/PLEASANT HILL MO
212 AM CST THU FEB 1 2018

...................................

...THE SEDALIA CLIMATE SUMMARY FOR THE MONTH OF JANUARY 2018...

CLIMATE NORMAL PERIOD 1981 TO 2010
CLIMATE RECORD PERIOD 9999 TO 9999

WEATHER         OBSERVED          NORMAL  DEPART  LAST YEAR`S
                 VALUE   DATE(S)  VALUE   FROM    VALUE  DATE(S)
                                          NORMAL
................................................................
TEMPERATURE (F)
HIGHEST            71   01/21        62       9       73  01/11
LOWEST             -8   01/01                -7        1  01/06
AVG. MAXIMUM     41.3              40.3     1.0     45.0
AVG. MINIMUM     20.6              21.9    -1.3     27.3
MEAN             31.0              31.7    -0.7     36.1
DAYS MAX >= 90      0               0.0     0.0        0
DAYS MAX <= 32     11               8.9     2.1        9
DAYS MIN <= 32     23              27.5    -4.5       21
DAYS MIN <= 0       4               2.1     1.9        0

PRECIPITATION (INCHES)
TOTALS           0.94              1.67   -0.73     0.99
DAILY AVG.       0.03              0.05   -0.02     0.03
DAYS >= .01         7               6.7     0.3        5
DAYS >= .10         3               3.3    -0.3        3
DAYS >= .50         1               0.8     0.2        0
DAYS >= 1.00        0               0.3    -0.3        0
GREATEST
 24 HR. TOTAL    0.52   01/07 TO 01/07

DEGREE_DAYS
HEATING TOTAL    1047              1034      13      888
 SINCE 7/1       2720              2815     -95     2380
COOLING TOTAL       0                 0       0        0
 SINCE 1/1          0                 0       0        0
.................................................................

WIND (MPH)
AVERAGE WIND SPEED              11.3
HIGHEST WIND SPEED/DIRECTION    38/210    DATE  01/26
HIGHEST GUST SPEED/DIRECTION    50/180    DATE  01/26

SKY COVER
POSSIBLE SUNSHINE (PERCENT)   MM
AVERAGE SKY COVER           0.40
NUMBER OF DAYS FAIR           16
NUMBER OF DAYS PC             11
NUMBER OF DAYS CLOUDY          4

AVERAGE RH (PERCENT)     68

WEATHER CONDITIONS. NUMBER OF DAYS WITH
THUNDERSTORM              0     MIXED PRECIP               0
HEAVY RAIN                0     RAIN                       2
LIGHT RAIN                6     FREEZING RAIN              0
LT FREEZING RAIN          0     HAIL                       0
HEAVY SNOW                0     SNOW                       0
LIGHT SNOW                6     SLEET                      0
FOG                       9     FOG W/VIS <= 1/4 MILE      2
HAZE                      1

-  INDICATES NEGATIVE NUMBERS.
R  INDICATES RECORD WAS SET OR TIED.
MM INDICATES DATA IS MISSING.
T  INDICATES TRACE AMOUNT.

$$
