000
CXUS53 KEAX 020343 RRA
CLMDMO

STLCLMWK3 000
TTAA00 KEAX 010750


CLIMATE REPORT
NATIONAL WEATHER SERVICE KANSAS CITY/PLEASANT HILL MO
249 AM CDT TUE SEP 1 2015

...................................

...THE SEDALIA CLIMATE SUMMARY FOR THE MONTH OF AUGUST 2015...

CLIMATE NORMAL PERIOD 1981 TO 2010
CLIMATE RECORD PERIOD 9999 TO 9999

WEATHER         OBSERVED          NORMAL  DEPART  LAST YEAR`S
                 VALUE   DATE(S)  VALUE   FROM    VALUE  DATE(S)
                                          NORMAL
................................................................
TEMPERATURE (F)
HIGHEST            93   08/31        98      -5       97  08/24
LOWEST             53   08/24        53       0       58  08/14
                                                          08/13
AVG. MAXIMUM     85.5              89.1    -3.6     88.1
AVG. MINIMUM     64.9              67.0    -2.1     68.2
MEAN             75.2              78.1    -2.9     78.1
DAYS MAX >= 90     10              12.0    -2.0       12
DAYS MAX <= 32      0               0.0     0.0        0
DAYS MIN <= 32      0               0.0     0.0        0
DAYS MIN <= 0       0               0.0     0.0        0

PRECIPITATION (INCHES)
TOTALS           2.38              3.49   -1.11     3.51
DAILY AVG.       0.08              0.11   -0.03     0.11
DAYS >= .01         9               7.8     1.2        9
DAYS >= .10         5               4.8     0.2        5
DAYS >= .50         2               2.5    -0.5        3
DAYS >= 1.00        0               0.9    -0.9        2
GREATEST
 24 HR. TOTAL    0.70   08/04 TO 08/05

DEGREE_DAYS
HEATING TOTAL       0                 1      -1        0
 SINCE 7/1          0                 1      -1        0
COOLING TOTAL     326               405     -79      415
 SINCE 1/1       1239              1285     -46     1217
.................................................................

WIND (MPH)
AVERAGE WIND SPEED              6.1
HIGHEST WIND SPEED/DIRECTION    25/030    DATE  08/01
HIGHEST GUST SPEED/DIRECTION    30/240    DATE  08/18

SKY COVER
POSSIBLE SUNSHINE (PERCENT)   MM
AVERAGE SKY COVER           0.20
NUMBER OF DAYS FAIR           25
NUMBER OF DAYS PC              4
NUMBER OF DAYS CLOUDY          2

AVERAGE RH (PERCENT)     71

WEATHER CONDITIONS. NUMBER OF DAYS WITH
THUNDERSTORM              6     MIXED PRECIP               0
HEAVY RAIN                5     RAIN                       4
LIGHT RAIN                9     FREEZING RAIN              0
LT FREEZING RAIN          0     HAIL                       0
HEAVY SNOW                0     SNOW                       0
LIGHT SNOW                0     SLEET                      0
FOG                      16     FOG W/VIS <= 1/4 MILE      2
HAZE                      1

-  INDICATES NEGATIVE NUMBERS.
R  INDICATES RECORD WAS SET OR TIED.
MM INDICATES DATA IS MISSING.
T  INDICATES TRACE AMOUNT.

$$
