000
CXUS55 KGJT 011226
CLMDRO


CLIMATE REPORT
NATIONAL WEATHER SERVICE GRAND JUNCTION CO
522 AM MST WED FEB 1 2017

...................................

...THE DURANGO AIRPORT CO CLIMATE SUMMARY FOR THE MONTH OF JANUARY 2017...

CLIMATE NORMAL PERIOD 1981 TO 2010
CLIMATE RECORD PERIOD 9999 TO 9999

WEATHER         OBSERVED          NORMAL  DEPART  LAST YEAR`S
                 VALUE   DATE(S)  VALUE   FROM    VALUE  DATE(S)
                                          NORMAL
................................................................
TEMPERATURE (F)
HIGHEST            50   01/14        MM      MM       44  01/30
LOWEST            -12   01/28        MM      MM      -17  01/11
AVG. MAXIMUM     35.2              37.8    -2.6     32.9
AVG. MINIMUM     17.3               9.6     7.7      3.6
MEAN             26.2              23.7     2.5     18.3
DAYS MAX >= 90      0               0.0     0.0        0
DAYS MAX <= 32     12               6.9     5.1       14
DAYS MIN <= 32     29              30.7    -1.7       31
DAYS MIN <= 0       5               6.5    -1.5       17

PRECIPITATION (INCHES)
TOTALS           2.36              1.12    1.24     1.14
DAILY AVG.       0.08              0.04    0.04     0.04
DAYS >= .01        15                MM      MM        8
DAYS >= .10         6                MM      MM        5
DAYS >= .50         1                MM      MM        0
DAYS >= 1.00        0                MM      MM        0
GREATEST
 24 HR. TOTAL    0.75   01/20 TO 01/21              0.44

SNOWFALL (INCHES)
TOTALS             MM                MM      MM       MM
SINCE 7/1          MM                MM      MM       MM
SNOWDEPTH AVG.     MM                MM      MM       MM
DAYS >= 1.0        MM                MM      MM       MM
GREATEST
 SNOW DEPTH        MM                                 MM  MM
 24 HR TOTAL       MM                                 MM

DEGREE_DAYS
HEATING TOTAL    1196              1280     -84     1440
 SINCE 7/1       3788              4154    -366     4231
COOLING TOTAL       0                 0       0        0
 SINCE 1/1          0                 0       0        0
.................................................................

WIND (MPH)
AVERAGE WIND SPEED              5.4
HIGHEST WIND SPEED/DIRECTION    30/270    DATE  01/11
HIGHEST GUST SPEED/DIRECTION    40/270    DATE  01/11

SKY COVER
POSSIBLE SUNSHINE (PERCENT)   MM
AVERAGE SKY COVER           0.60
NUMBER OF DAYS FAIR            7
NUMBER OF DAYS PC             12
NUMBER OF DAYS CLOUDY         12

AVERAGE RH (PERCENT)     77

WEATHER CONDITIONS. NUMBER OF DAYS WITH
THUNDERSTORM              1     MIXED PRECIP               0
HEAVY RAIN                1     RAIN                       1
LIGHT RAIN                6     FREEZING RAIN              0
LT FREEZING RAIN          0     HAIL                       0
HEAVY SNOW                2     SNOW                       3
LIGHT SNOW               17     SLEET                      0
FOG                      20     FOG W/VIS <= 1/4 MILE      6
HAZE                      3

-  INDICATES NEGATIVE NUMBERS.
R  INDICATES RECORD WAS SET OR TIED.
MM INDICATES DATA IS MISSING.
T  INDICATES TRACE AMOUNT.

$$
