309
CXUS56 KOTX 011432 CCA
CLMEAT

CLIMATE REPORT
NATIONAL WEATHER SERVICE SPOKANE, WA
126 AM PDT SUN OCT 1 2017

...................................

...THE WENATCHEE WA PANGBORN FIELD CLIMATE SUMMARY FOR THE MONTH OF SEPTEMBER 2017...

CLIMATE NORMAL PERIOD 1981 TO 2010
CLIMATE RECORD PERIOD 1959 TO 2017

WEATHER         OBSERVED          NORMAL  DEPART  LAST YEAR`S
                 VALUE   DATE(S)  VALUE   FROM    VALUE  DATE(S)
                                          NORMAL
................................................................
TEMPERATURE (F)
RECORD
 HIGH             100   09/02/1998
 LOW               31   09/29/1985
HIGHEST            94   09/04        MM      MM       87  09/10
LOWEST             42   09/20         0      42       43  09/20
AVG. MAXIMUM     76.7              76.5     0.2     75.5
AVG. MINIMUM     53.6              52.3     1.3     51.2
MEAN             65.1              64.4     0.7     63.4
DAYS MAX >= 90      4               2.1     1.9        0
DAYS MAX <= 32      0               0.0     0.0        0
DAYS MIN <= 32      0               0.0     0.0        0
DAYS MIN <= 0       0               0.0     0.0        0

PRECIPITATION (INCHES)
RECORD
 MAXIMUM         2.31   1986
 MINIMUM         0.00   1999
TOTALS           0.02              0.34   -0.32     0.05
DAILY AVG.       0.00              0.01   -0.01     0.00
DAYS >= .01         1               2.6    -1.6        2
DAYS >= .10         0               0.9    -0.9        0
DAYS >= .50         0               0.1    -0.1        0
DAYS >= 1.00        0               0.0     0.0        0
GREATEST
 24 HR. TOTAL    0.02   09/21 TO 09/21           09/06 TO 09/06

DEGREE_DAYS
HEATING TOTAL     102                98       4       69
 SINCE 7/1        102               112     -10       73
COOLING TOTAL     113                 2     111       28
 SINCE 1/1       1058               790     268      801
.......................................................

WIND (MPH)
AVERAGE WIND SPEED              6.3
HIGHEST WIND SPEED/DIRECTION    25/310    DATE  09/30
HIGHEST GUST SPEED/DIRECTION    33/310    DATE  09/30

SKY COVER
POSSIBLE SUNSHINE (PERCENT)   MM
AVERAGE SKY COVER           0.20
NUMBER OF DAYS FAIR           24
NUMBER OF DAYS PC              3
NUMBER OF DAYS CLOUDY          3

AVERAGE RH (PERCENT)     48

WEATHER CONDITIONS. NUMBER OF DAYS WITH
THUNDERSTORM              0     MIXED PRECIP               0
HEAVY RAIN                0     RAIN                       0
LIGHT RAIN                5     FREEZING RAIN              0
LT FREEZING RAIN          0     HAIL                       0
HEAVY SNOW                0     SNOW                       0
LIGHT SNOW                0     SLEET                      0
FOG                       0     FOG W/VIS <= 1/4 MILE      0
HAZE                     10

-  INDICATES NEGATIVE NUMBERS.
R  INDICATES RECORD WAS SET OR TIED.
MM INDICATES DATA IS MISSING.
T  INDICATES TRACE AMOUNT.

$$

SEPTEMBER 2017 SURE BROUGHT SOME SIGNIFICANT WEATHER CHANGES TO
NORTH CENTRAL WASHINGTON.  THE MONTH STARTED WHERE AUGUST LEFT OFF
WITH CONTINUED VERY DRY AND WARM CONDITIONS WHICH RESULTED IN A
CONTINUATION OF NUMEROUS ACTIVE WILDFIRES ACROSS
WASHINGTON...OREGON...MONTANA...AND SOUTHERN BRITISH COLUMBIA.  THE
MONTANA FIRES WERE ESPECIALLY ACTIVE...AND THUS WHEN THE WINDS
SHIFTED OUT OF THE NORTHEAST ON THE 4TH...EXTENSIVE SMOKE WAS
BROUGHT INTO THE REGION.  WIDESPREAD VISIBILITY OF ONE TO THREE
MILES WAS OBSERVED FROM THE 4TH THROUGH THE 7TH.  WINDS SHIFTED ON
THE 8TH AND 9TH WITH SMOKE CLEARING THE REGION...BEFORE RETURNING ON
THE 14TH AND 15TH WITH ANOTHER NORTHEAST WIND SHIFT.  THE PATTERN
CHANGED ON THE 17TH...FINALLY BRINGING AN END TO THE SMOKE.  THE
18TH THROUGH THE 21ST WAS MUCH COOLER AND WET. ALTHOUGH MOST OF THE
RAIN SHOWERS MISSED THE WENATCHEE AREA AND THE METHOW VALLEY WITH
LESS THAN .02 INCHES REPORTED. THE HIGH TEMPERATURE IN WENATCHEE
ONLY REACHED 59F ON THE 20TH AFTER REACHING 91F ON THE 12TH. AFTER
THE MID-MONTH COOL DOWN...TEMPERATURES GRADUALLY WARMED ONCE AGAIN
AFTER THAT...REACHING THE MID 70S TO LOWER 80S FROM THE 26TH THROUGH
THE 29TH.

NO RECORDS WERE SET DURING THE MONTH AT THE WENATCHEE AIRPORT.
