000
CXUS54 KEPZ 010943
CLMELP


CLIMATE REPORT
NATIONAL WEATHER SERVICE EL PASO, TX
342 AM MDT FRI AUG 1 2014

...................................

...THE EL PASO     CLIMATE SUMMARY FOR THE MONTH OF JULY 2014...

CLIMATE NORMAL PERIOD 1981 TO 2010
CLIMATE RECORD PERIOD 1879 TO 2014

WEATHER         OBSERVED          NORMAL  DEPART  LAST YEAR`S
                 VALUE   DATE(S)  VALUE   FROM    VALUE  DATE(S)
                                          NORMAL
................................................................
TEMPERATURE (F)
RECORD
 HIGH             112   07/10/1979
 LOW               56   07/23/1880
HIGHEST           104   07/20        97       7      102  07/07
                        07/19
LOWEST             68   07/29        67       1       64  07/25
                        07/16
AVG. MAXIMUM     96.7              94.7     2.0     92.9
AVG. MINIMUM     72.8              70.9     1.9     71.6
MEAN             84.8              82.8     2.0     82.3
DAYS MAX >= 90     30              25.7     4.3       21
DAYS MAX <= 32      0               0.0     0.0        0
DAYS MIN <= 32      0               0.0     0.0        0
DAYS MIN <= 0       0               0.0     0.0        0

PRECIPITATION (INCHES)
RECORD
 MAXIMUM         8.18
 MINIMUM         0.04
TOTALS           0.69              1.55   -0.86     3.13
DAYS >= .01        11                                 11
DAYS >= .10         1                                  6
DAYS >= .50         0                                  1
DAYS >= 1.00        0                                  1
GREATEST
 24 HR. TOTAL    0.19   07/12 TO 07/12
                        07/11 TO 07/12
                        07/12 TO 07/12
 STORM TOTAL       MM
 (MM/DD(HH))            MM

DEGREE_DAYS
HEATING TOTAL       0                 0       0        0
 SINCE 7/1          0                 0       0        0
COOLING TOTAL     622               552      70      545
 SINCE 1/1       1742              1431     311     1716

FREEZE DATES
RECORD
 EARLIEST     10/16/1880
 LATEST       05/02/1967
EARLIEST                        12/06
LATEST                          02/07
.................................................................

WIND (MPH)
AVERAGE WIND SPEED              8.3
HIGHEST WIND SPEED/DIRECTION    44/360    DATE  07/01
HIGHEST GUST SPEED/DIRECTION    53/360    DATE  07/01

SKY COVER
POSSIBLE SUNSHINE (PERCENT)   MM
AVERAGE SKY COVER           0.50
NUMBER OF DAYS FAIR            7
NUMBER OF DAYS PC             23
NUMBER OF DAYS CLOUDY          1

AVERAGE RH (PERCENT)     40

WEATHER CONDITIONS. NUMBER OF DAYS WITH
THUNDERSTORM             12     MIXED PRECIP               0
HEAVY RAIN                1     RAIN                       3
LIGHT RAIN               16     FREEZING RAIN              0
LT FREEZING RAIN          0     HAIL                       0
HEAVY SNOW                0     SNOW                       0
LIGHT SNOW                0     SLEET                      0
FOG                       0     FOG W/VIS <= 1/4 MILE      0
HAZE                      1

-  INDICATES NEGATIVE NUMBERS.
R  INDICATES RECORD WAS SET OR TIED.
MM INDICATES DATA IS MISSING.
T  INDICATES TRACE AMOUNT.

$$
