894
CXUS52 KMHX 020036
CLMEWN


CLIMATE REPORT
NATIONAL WEATHER SERVICE NEWPORT/MOREHEAD CITY NC
832 PM EDT FRI JUL 1 2016

...................................

...THE NEW BERN NC CLIMATE SUMMARY FOR THE MONTH OF JUNE 2016...

CLIMATE NORMAL PERIOD 1981 TO 2010
CLIMATE RECORD PERIOD 1948 TO 2016

WEATHER         OBSERVED          NORMAL  DEPART  LAST YEAR`S
                 VALUE   DATE(S)  VALUE   FROM    VALUE  DATE(S)
                                          NORMAL
................................................................
TEMPERATURE (F)
RECORD
 HIGH             105   MM
 LOW               54   06/02/2014
                        06/07/2012
                        06/04/2011
HIGHEST            95   06/12                        100  06/16
LOWEST             58   06/20                         58  06/08
                        06/09
AVG. MAXIMUM     87.6              86.8     0.8     90.1
AVG. MINIMUM     68.2              67.5     0.7     71.0
MEAN             77.9              77.2     0.7     80.6
DAYS MAX >= 90     11               9.3     1.7       19
DAYS MAX <= 32      0               0.0     0.0        0
DAYS MIN <= 32      0               0.0     0.0        0
DAYS MIN <= 0       0               0.0     0.0        0

PRECIPITATION (INCHES)
RECORD
 MAXIMUM        16.69   1962
 MINIMUM         0.94   2008
TOTALS           3.42              4.59   -1.17     7.78
DAILY AVG.       0.11              0.15   -0.04     0.26
DAYS >= .01        10              10.4    -0.4       14
DAYS >= .10         7               7.6    -0.6       13
DAYS >= .50         3               3.1    -0.1        5
DAYS >= 1.00        1               1.3    -0.3        1
GREATEST
 24 HR. TOTAL    1.55   06/03 TO 06/04

DEGREE_DAYS
COOLING TOTAL     393               365      28      476
 SINCE 1/1        663               608      55      774
.................................................................

WIND (MPH)
AVERAGE WIND SPEED              6.6
RESULTANT WIND SPEED/DIRECTION   1/252
HIGHEST WIND SPEED/DIRECTION    25/170    DATE  06/04
HIGHEST GUST SPEED/DIRECTION    33/170    DATE  06/04

SKY COVER
POSSIBLE SUNSHINE (PERCENT)   MM
AVERAGE SKY COVER           0.30
NUMBER OF DAYS FAIR           19
NUMBER OF DAYS PC             11
NUMBER OF DAYS CLOUDY          0

AVERAGE RH (PERCENT)     70

WEATHER CONDITIONS. NUMBER OF DAYS WITH
THUNDERSTORM             12     MIXED PRECIP               0
HEAVY RAIN                4     RAIN                       6
LIGHT RAIN               12     FREEZING RAIN              0
LT FREEZING RAIN          0     HAIL                       0
HEAVY SNOW                0     SNOW                       0
LIGHT SNOW                0     SLEET                      0
FOG                      14     FOG W/VIS <= 1/4 MILE      1
HAZE                      4

-  INDICATES NEGATIVE NUMBERS.
R  INDICATES RECORD WAS SET OR TIED.
MM INDICATES DATA IS MISSING.
T  INDICATES TRACE AMOUNT.

$$
