000
CXUS51 KOKX 011451
CLMEWR

CLIMATE REPORT
NATIONAL WEATHER SERVICE NEW YORK NY
1049 AM EDT FRI APR 1 2016

...................................

...THE NEWARK NJ CLIMATE SUMMARY FOR THE MONTH OF MARCH 2016...

CLIMATE NORMAL PERIOD 1981 TO 2010
CLIMATE RECORD PERIOD 1929 TO 2016

WEATHER         OBSERVED          NORMAL  DEPART  LAST YEAR`S
                 VALUE   DATE(S)  VALUE   FROM    VALUE  DATE(S)
                                          NORMAL
................................................................
TEMPERATURE (F)
RECORD
 HIGH              89   03/29/1945
 LOW                6   03/04/1943
HIGHEST            82   03/09        MM      MM       64  03/26
LOWEST             26   03/03        MM      MM       11  03/07
AVG. MAXIMUM     58.8              50.7     8.1     46.3
AVG. MINIMUM     39.4              33.6     5.8     29.1
MEAN             49.1              42.1     7.0     37.7
DAYS MAX >= 90      0               0.0     0.0        0
DAYS MAX <= 32      0               0.7    -0.7        2
DAYS MIN <= 32      6              12.4    -6.4       19
DAYS MIN <= 0       0               0.0     0.0        0

PRECIPITATION (INCHES)
RECORD
 MAXIMUM        11.14   1983
 MINIMUM         0.72   1910
TOTALS           1.38              4.18   -2.80     4.63
DAILY AVG.       0.04              0.13   -0.09     0.15
DAYS >= .01         8              11.0    -3.0       13
DAYS >= .10         5               6.9    -1.9       10
DAYS >= .50         1               2.7    -1.7        4
DAYS >= 1.00        0               0.9    -0.9        0
GREATEST
 24 HR. TOTAL    0.52   03/14 TO 03/14           03/05 TO 03/05
                        03/13 TO 03/14                    03/05 TO 03/05
                        03/14 TO 03/14                    03/05 TO 03/05
 STORM TOTAL       MM                                 MM
 (MM/DD(HH))            MM                    03/05(00) TO 03/05(00)
                                                 03/05(00) TO 03/05(00)5
                                                 03/05(00) TO 03/05(00)5

SNOWFALL (INCHES)
TOTALS            1.6               4.6    -3.0     16.3
 LIQUID EQUIV    0.16              0.50   -0.34     1.63
SINCE 7/1        36.4              27.6     8.8     46.4
 LIQUID 7/1      3.64              2.80    0.84     4.64
SNOWDEPTH AVG.      0                MM      MM        2
DAYS >= TRACE       3               2.4     0.6        8
DAYS >= 1.0         1               1.3    -0.3        4
GREATEST
 SNOW DEPTH         1   03/04                          8  03/07
                                                          03/06
 24 HR TOTAL      1.4   MM                       03/05 TO 03/05
                                                          03/05 TO 03/05
                                                          03/05 TO 03/05
 STORM TOTAL       MM                                 MM
 (MM/DD(HH))            MM                    03/05(00) TO 03/05(00)
                                                 03/05(00) TO 03/05(00)5
                                                 03/05(00) TO 03/05(00)5

DEGREE_DAYS
HEATING TOTAL     494               709    -215      839
 SINCE 7/1       3367              4344    -977     4742
COOLING TOTAL       5                 1       4        0
 SINCE 1/1          5                 1       4        0
......................................................

WIND (MPH)
AVERAGE WIND SPEED              10.2
HIGHEST WIND SPEED/DIRECTION    40/270    DATE  03/28
HIGHEST GUST SPEED/DIRECTION    58/270    DATE  03/28


WEATHER CONDITIONS. NUMBER OF DAYS WITH
THUNDERSTORM              0     MIXED PRECIP               0
HEAVY RAIN                2     RAIN                       4
LIGHT RAIN               13     FREEZING RAIN              0
LT FREEZING RAIN          0     HAIL                       0
HEAVY SNOW                0     SNOW                       1
LIGHT SNOW                3     SLEET                      0
FOG                      10     FOG W/VIS <= 1/4 MILE      0
HAZE                      6

-  INDICATES NEGATIVE NUMBERS.
R  INDICATES RECORD WAS SET OR TIED.
MM INDICATES DATA IS MISSING.
T  INDICATES TRACE AMOUNT.

$$
