000
CXUS53 KFGF 011339 AAA
CLMFAR

CLIMATE REPORT
NATIONAL WEATHER SERVICE EASTERN NORTH DAKOTA/GRAND FORKS
635 AM CDT SAT OCT 1 2016

...................................

...THE FARGO HECTOR INTL AP ND CLIMATE SUMMARY FOR THE MONTH OF SEPTEMBER 2016...

CLIMATE NORMAL PERIOD 1981 TO 2010
CLIMATE RECORD PERIOD 1881 TO 2016

WEATHER         OBSERVED          NORMAL  DEPART  LAST YEAR`S
                 VALUE   DATE(S)  VALUE   FROM    VALUE  DATE(S)
                                          NORMAL
................................................................
TEMPERATURE (F)
RECORD
 HIGH             102   09/08/1959
 LOW               17   09/30/1883
HIGHEST            84   09/11        70      14       93  09/21
                        09/03                             09/03
LOWEST             37   09/27        46      -9       34  09/29
                        09/14
AVG. MAXIMUM     73.4              70.8     2.6     78.0
AVG. MINIMUM     52.0              47.4     4.6     53.2
MEAN             62.7              59.1     3.6     65.6
DAYS MAX >= 90      0               0.8    -0.8        4
DAYS MAX <= 32      0               0.0     0.0        0
DAYS MIN <= 32      0               1.0    -1.0        0
DAYS MIN <= 0       0               0.0     0.0        0

PRECIPITATION (INCHES)
RECORD
 MAXIMUM         6.50   1999
 MINIMUM         0.12   2012
TOTALS           2.60              2.57    0.03     1.23
DAILY AVG.       0.09              0.09    0.00     0.04
DAYS >= .01         9               8.7     0.3        6
DAYS >= .10         6               5.0     1.0        3
DAYS >= .50         2               1.8     0.2        1
DAYS >= 1.00        1               0.7     0.3        0
GREATEST
 24 HR. TOTAL    1.34   09/07 TO 09/07           09/23 TO 09/23
                                                          09/22 TO 09/23
                                                          09/23 TO 09/23
 STORM TOTAL       MM                                 MM
 (MM/DD(HH))            MM                    09/23(00) TO 09/23(00)
                                                 09/23(00) TO 09/23(00)3
                                                 09/23(00) TO 09/23(00)3

SNOWFALL (INCHES)
RECORDS
 TOTAL            2.0   1912
TOTALS            0.0               0.0     0.0      0.0
SINCE 7/1         0.0               0.0     0.0      0.0
SNOWDEPTH AVG.      0                MM      MM        0
DAYS >= 1.0         0               0.0     0.0        0
GREATEST
 SNOW DEPTH         0   MM                             0  MM
 24 HR TOTAL      0.0   09/30 TO 09/30
 STORM TOTAL       MM                                 MM
 (MM/DD(HH))            MM                    09/30(00) TO 09/30(00)
                                                 09/23(00) TO 09/23(00)3
                                                 09/23(00) TO 09/23(00)3

DEGREE_DAYS
HEATING TOTAL     112               220    -108       97
 SINCE 7/1        129               270    -141      141
COOLING TOTAL      50                43       7      124
 SINCE 1/1        653               548     105      666
....................................................

WIND (MPH)
AVERAGE WIND SPEED              10.9
HIGHEST WIND SPEED/DIRECTION    35/310    DATE  09/26
HIGHEST GUST SPEED/DIRECTION    45/290    DATE  09/26

SKY COVER
POSSIBLE SUNSHINE (PERCENT)   MM
AVERAGE SKY COVER           0.40
NUMBER OF DAYS FAIR           15
NUMBER OF DAYS PC              8
NUMBER OF DAYS CLOUDY          6

AVERAGE RH (PERCENT)     66

WEATHER CONDITIONS. NUMBER OF DAYS WITH
THUNDERSTORM              0     MIXED PRECIP               0
HEAVY RAIN                3     RAIN                       5
LIGHT RAIN               12     FREEZING RAIN              0
LT FREEZING RAIN          0     HAIL                       0
HEAVY SNOW                0     SNOW                       0
LIGHT SNOW                0     SLEET                      0
FOG                      10     FOG W/VIS <= 1/4 MILE      0
HAZE                      1

-  INDICATES NEGATIVE NUMBERS.
R  INDICATES RECORD WAS SET OR TIED.
MM INDICATES DATA IS MISSING.
T  INDICATES TRACE AMOUNT.

&&

REMARKS...

FARGO HAD ABOVE NORMAL TEMPERATURES AND NORMAL RAINFALL FOR
SEPTEMBER. THE AVERAGE MONTHLY TEMPERATURE FOR FARGO WAS 62.7
DEGREES OR 3.6 DEGREES ABOVE NORMAL. NO DAILY RECORDS OCCURRED AT
FARGO.

MEASURED RAINFALL WAS NORMAL. FARGO RECEIVED 2.60 INCHES OF RAIN AND
WAS 0.03 INCHES ABOVE NORMAL.  NO DAILY RAINFALLS OCCURRED DURING
THE MONTH.

REMEMBER...THIS DATA IS PROVISIONAL AND SUBJECT TO CHANGE. THE FINAL
AND OFFICIAL RECORDS WILL BE AVAILABLE FROM THE FROM THE NATIONAL
CENTERS FOR ENVIRONMENTAL INFORMATION (FORMERLY THE NATIONAL CLIMATE
DATA CENTER).

$$
