000
CXUS52 KRAH 011451
CLMFAY


CLIMATE REPORT
NATIONAL WEATHER SERVICE RALEIGH NC
1047 AM EDT FRI SEP 1 2017

...................................

...THE FAYETTEVILLE REGL AIRPORT NC CLIMATE SUMMARY FOR THE MONTH OF AUGUST 2017...

CLIMATE NORMAL PERIOD 1981 TO 2010
CLIMATE RECORD PERIOD 1910 TO 2017

WEATHER         OBSERVED          NORMAL  DEPART  LAST YEAR`S
                 VALUE   DATE(S)  VALUE   FROM    VALUE
                                          NORMAL
.............................................................
TEMPERATURE (F)
RECORD
 HIGH             107   08/09/2007
 LOW               46   08/30/1965
HIGHEST            97   08/23                         99
LOWEST             60   08/01                         64
AVG. MAXIMUM     89.6              89.6     0.0     94.0
AVG. MINIMUM     70.7              69.6     1.1     73.4
MEAN             80.2              79.6     0.6     83.7
DAYS MAX >= 90     17                                 28
DAYS MAX <= 32      0                                  0
DAYS MIN <= 32      0                                  0
DAYS MIN <= 0       0                                  0

PRECIPITATION (INCHES)
RECORD
 MAXIMUM        16.02   1942
TOTALS           3.71              5.49   -1.78     1.33
DAYS >= .01         8
DAYS >= .10         5
DAYS >= .50         3
DAYS >= 1.00        2
GREATEST
 24 HR. TOTAL    1.36   08/12 TO 08/12

DEGREE_DAYS
COOLING TOTAL     476               453      23      587
 SINCE 1/1       1979              1640     339     1994
..............................................................

WIND (MPH)
AVERAGE WIND SPEED              6.2
HIGHEST WIND SPEED/DIRECTION    33/220    DATE  08/07
HIGHEST GUST SPEED/DIRECTION    46/220    DATE  08/07

SKY COVER
POSSIBLE SUNSHINE (PERCENT)   MM
AVERAGE SKY COVER           0.40
NUMBER OF DAYS FAIR           17
NUMBER OF DAYS PC             11
NUMBER OF DAYS CLOUDY          3

AVERAGE RH (PERCENT)     76

WEATHER CONDITIONS. NUMBER OF DAYS WITH
THUNDERSTORM              6     MIXED PRECIP               0
HEAVY RAIN                3     RAIN                       4
LIGHT RAIN               10     FREEZING RAIN              0
LT FREEZING RAIN          0     HAIL                       0
HEAVY SNOW                0     SNOW                       0
LIGHT SNOW                0     SLEET                      0
FOG                      11     FOG W/VIS <= 1/4 MILE      0
HAZE                      0

-  INDICATES NEGATIVE NUMBERS.
R  INDICATES RECORD WAS SET OR TIED.
MM INDICATES DATA IS MISSING.
T  INDICATES TRACE AMOUNT.

&&

THE LOW TEMPERATURE AT FAYETTEVILLE REGIONAL AIRPORT ON AUGUST 15TH,
2017 WAS 78 DEGREES. THIS TIED THE RECORD HIGH MINIMUM TEMPERATURE
OF 78 DEGREES FOR THIS DATE, LAST SET IN 1943.

$$
