000
CXUS52 KRAH 011358
CLMFAY


CLIMATE REPORT
NATIONAL WEATHER SERVICE RALEIGH NC
950 AM EDT TUE SEP 1 2015

...................................

...THE FAYETTEVILLE REGL AIRPORT NC CLIMATE SUMMARY FOR THE MONTH OF AUGUST 2015...

CLIMATE NORMAL PERIOD 1981 TO 2010
CLIMATE RECORD PERIOD 1910 TO 2015

WEATHER         OBSERVED          NORMAL  DEPART  LAST YEAR`S
                 VALUE   DATE(S)  VALUE   FROM    VALUE
                                          NORMAL
.............................................................
TEMPERATURE (F)
RECORD
 HIGH             107   08/09/2007
 LOW               46   08/30/1965
HIGHEST           101   08/05                         98
LOWEST             61   08/29                         62
AVG. MAXIMUM     89.7              89.6     0.1     88.3
AVG. MINIMUM     69.5              69.6    -0.1     69.2
MEAN             79.6              79.6     0.0     78.7
DAYS MAX >= 90     15                                 16
DAYS MAX <= 32      0                                  0
DAYS MIN <= 32      0                                  0
DAYS MIN <= 0       0                                  0

PRECIPITATION (INCHES)
RECORD
 MAXIMUM        16.02   1942
TOTALS           3.00              5.49   -2.49     3.92
DAYS >= .01        10
DAYS >= .10         6
DAYS >= .50         2
DAYS >= 1.00        1
GREATEST
 24 HR. TOTAL    1.25   08/30 TO 08/31

DEGREE_DAYS
COOLING TOTAL     461               453       8      434
 SINCE 1/1       1835              1640     195     1741
..............................................................

WIND (MPH)
AVERAGE WIND SPEED              5.5
HIGHEST WIND SPEED/DIRECTION    30/240    DATE  08/06
HIGHEST GUST SPEED/DIRECTION    40/250    DATE  08/06

SKY COVER
POSSIBLE SUNSHINE (PERCENT)   MM
AVERAGE SKY COVER           0.30
NUMBER OF DAYS FAIR           20
NUMBER OF DAYS PC              9
NUMBER OF DAYS CLOUDY          2

AVERAGE RH (PERCENT)     71

WEATHER CONDITIONS. NUMBER OF DAYS WITH
THUNDERSTORM              7     MIXED PRECIP               0
HEAVY RAIN                5     RAIN                       5
LIGHT RAIN               10     FREEZING RAIN              0
LT FREEZING RAIN          0     HAIL                       0
HEAVY SNOW                0     SNOW                       0
LIGHT SNOW                0     SLEET                      0
FOG                      16     FOG W/VIS <= 1/4 MILE      2
HAZE                      3

-  INDICATES NEGATIVE NUMBERS.
R  INDICATES RECORD WAS SET OR TIED.
MM INDICATES DATA IS MISSING.
T  INDICATES TRACE AMOUNT.

$$
